000
CXUS54 KLZK 020202
CF6LZK
PRELIMINARY LOCAL CLIMATOLOGICAL DATA (WS FORM: F-6)
STATION: NORTH LITTLE ROCK
MONTH: NOVEMBER
YEAR: 2022
LATITUDE: 34 50 N
LONGITUDE: 92 16 W
TEMPERATURE IN F: :PCPN: SNOW: WIND :SUNSHINE: SKY :PK WND
================================================================================
1 2 3 4 5 6A 6B 7 8 9 10 11 12 13 14 15 16 17 18
12Z AVG MX 2MIN
DY MAX MIN AVG DEP HDD CDD WTR SNW DPTH SPD SPD DIR MIN PSBL S-S WX SPD DR
================================================================================
1 74 50 62 5 3 0 0.00 0.0 0 M M M M M M M M
2 75 52 64 8 1 0 0.00 0.0 0 M M M M M M M M
3 79 54 67 11 0 2 0.00 0.0 0 M M M M M M M M
4 75 57 66 11 0 1 1.02 0.0 0 M M M M M M 3 M M
5 66 48 57 2 8 0 0.09 0.0 0 M M M M M M M M
6 73 47 60 5 5 0 0.00 0.0 0 M M M M M M 12 M M
7 66 58 62 8 3 0 0.42 0.0 0 M M M M M M 12 M M
8 76 58 67 13 0 2 0.00 0.0 0 M M M M M M M M
9 81 58 70 16 0 5 0.00 0.0 0 M M M M M M M M
10 72 53 63 10 2 0 0.00 0.0 0 M M M M M M M M
11 57 37 47 -6 18 0 0.22 0.0 0 M M M M M M 1 M M
12 46 29 38 -14 27 0 0.10 T 0 M M M M M M 14 M M
13 44 25 35 -17 30 0 0.00 0.0 0 M M M M M M M M
14 47 28 38 -14 27 0 0.25 T 0 M M M M M M 14 M M
15 45 28 37 -14 28 0 T 0.0 0 M M M M M M 1 M M
16 52 30 41 -10 24 0 0.00 0.0 0 M M M M M M M M
17 49 28 39 -12 26 0 0.00 0.0 0 M M M M M M M M
18 41 33 37 -13 28 0 0.00 0.0 0 M M M M M M M M
19 46 30 38 -12 27 0 0.00 0.0 0 M M M M M M M M
20 43 26 35 -15 30 0 0.00 0.0 0 M M M M M M M M
21 54 29 42 -7 23 0 0.00 0.0 0 M M M M M M M M
22 62 39 51 2 14 0 0.00 0.0 0 M M M M M M M M
23 62 39 51 2 14 0 0.07 0.0 0 M M M M M M M M
24 51 48 50 2 15 0 1.87 0.0 0 M M M M M M 12 M M
25 57 47 52 4 13 0 T 0.0 0 M M M M M M M M
26 54 45 50 2 15 0 0.51 0.0 0 M M M M M M 1 M M
27 56 45 51 3 14 0 0.00 0.0 0 M M M M M M M M
28 61 41 51 4 14 0 0.00 0.0 0 M M M M M M M M
29 64 46 55 8 10 0 0.25 0.0 0 M M M M M M 123 M M
30 50 32 41 -6 24 0 0.00 0.0 0 M M M M M M M M
================================================================================
SM 1778 1240 443 10 4.80 T M M M
================================================================================
AV 59.3 41.3 M FASTST M M M MAX(MPH)
MISC ----> M M M M
================================================================================
NOTES:
# LAST OF SEVERAL OCCURRENCES
COLUMN 17 PEAK WIND IN M.P.H.
PRELIMINARY LOCAL CLIMATOLOGICAL DATA (WS FORM: F-6) , PAGE 2
STATION: NORTH LITTLE ROCK
MONTH: NOVEMBER
YEAR: 2022
LATITUDE: 34 50 N
LONGITUDE: 92 16 W
[TEMPERATURE DATA] [PRECIPITATION DATA] SYMBOLS USED IN COLUMN 16
AVERAGE MONTHLY: 50.3 TOTAL FOR MONTH: 4.80 1 = FOG OR MIST
DPTR FM NORMAL: -1.0 DPTR FM NORMAL: 0.11 2 = FOG REDUCING VISIBILITY
HIGHEST: 81 ON 9 GRTST 24HR 1.87 ON 24-24 TO 1/4 MILE OR LESS
LOWEST: 25 ON 13 3 = THUNDER
SNOW, ICE PELLETS, HAIL 4 = ICE PELLETS
TOTAL MONTH: T 5 = HAIL
GRTST 24HR T ON 12-12 6 = FREEZING RAIN OR DRIZZLE
GRTST DEPTH: 0 7 = DUSTSTORM OR SANDSTORM:
VSBY 1/2 MILE OR LESS
8 = SMOKE OR HAZE
[NO. OF DAYS WITH] [WEATHER - DAYS WITH] 9 = BLOWING SNOW
X = TORNADO
MAX 32 OR BELOW: 0 0.01 INCH OR MORE: 10
MAX 90 OR ABOVE: 0 0.10 INCH OR MORE: 8
MIN 32 OR BELOW: 10 0.50 INCH OR MORE: 3
MIN 0 OR BELOW: 0 1.00 INCH OR MORE: 2
[HDD (BASE 65) ]
TOTAL THIS MO. 443 CLEAR (SCALE 0-3) 0
DPTR FM NORMAL 26 PTCLDY (SCALE 4-7) 0
TOTAL FM JUL 1 556 CLOUDY (SCALE 8-10) 30
DPTR FM NORMAL -16
[CDD (BASE 65) ]
TOTAL THIS MO. 10
DPTR FM NORMAL 2 [PRESSURE DATA]
TOTAL FM JAN 1 2305 HIGHEST SLP M ON M
DPTR FM NORMAL 297 LOWEST SLP M ON M
[REMARKS]
#FINAL-11-22#