000
CXUS56 KHNX 012350
CF6MAE
PRELIMINARY LOCAL CLIMATOLOGICAL DATA (WS FORM: F-6)
STATION: MADERA CA AIRPORT
MONTH: OCTOBER
YEAR: 2021
LATITUDE: 36 58 N
LONGITUDE: 120 7 W
TEMPERATURE IN F: :PCPN: SNOW: WIND :SUNSHINE: SKY :PK WND
================================================================================
1 2 3 4 5 6A 6B 7 8 9 10 11 12 13 14 15 16 17 18
12Z AVG MX 2MIN
DY MAX MIN AVG DEP HDD CDD WTR SNW DPTH SPD SPD DIR MIN PSBL S-S WX SPD DR
================================================================================
1 92 52 72 2 0 7 0.00 0.0 0 2.4 8 320 M M 0 8 11 270
2 92 50 71 1 0 6 0.00 0.0 0 2.7 8 360 M M 0 8 11 350
3 87 52 70 0 0 5 0.00 0.0 0 2.5 8 340 M M 0 8 10 330
4 87 52 70 1 0 5 0.00 0.0 0 3.3 9 110 M M 0 8 9 110
5 90 54 72 3 0 7 0.00 0.0 0 4.9 10 340 M M 0 8 14 320
6 83 52 68 0 0 3 0.00 0.0 0 6.1 14 340 M M 0 17 320
7 81 52 67 -1 0 2 0.00 0.0 0 6.8 14 300 M M 1 18 300
8 71 51 61 -7 4 0 0.05 0.0 0 6.3 15 310 M M 3 1 19 280
9 73 42 58 -9 7 0 0.00 0.0 0 4.8 13 320 M M 0 15 330
10 78 45 62 -5 3 0 0.00 0.0 0 3.2 9 310 M M 0 12 320
11 69 48 59 -8 6 0 0.00 0.0 0 11.9 32 310 M M 1 8 41 320
12 70 45 58 -8 7 0 0.00 0.0 0 8.9 22 330 M M 0 28 310
13 75 42 59 -7 6 0 0.00 0.0 0 5.1 13 140 M M 0 16 140
14 74 39 57 -9 8 0 0.00 0.0 0 3.6 10 300 M M 0 13 290
15 83 43 63 -2 2 0 0.00 0.0 0 3.0 10 230 M M 0 8 12 240
16 85 43 64 -1 1 0 0.00 0.0 0 2.7 8 160 M M 0 8 10 160
17 83 44 64 -1 1 0 0.00 0.0 0 7.4 20 310 M M 0 8 31 180
18 66 42 54 -10 11 0 T 0.0 0 6.5 17 340 M M 0 22 330
19 71 39 55 -9 10 0 0.00 0.0 0 4.8 15 110 M M 0 18 110
20 77 57 67 3 0 2 T 0.0 0 6.0 15 140 M M 4 19 140
21 83 54 69 6 0 4 T 0.0 0 3.7 12 290 M M 1 14 290
22 67 53 60 -3 5 0 0.01 0.0 0 7.3 17 330 M M 2 21 330
23 71 54 63 1 2 0 0.00 0.0 0 5.6 14 330 M M 3 18 310
24 71 57 64 2 1 0 0.00 0.0 0 16.9 41 180 M M 4 8 62 190
25 67 50 59 -3 6 0 0.51 0.0 0 10.4 47 180 M M 6 138 62 190
26 67 44 56 -5 9 0 0.00 0.0 0 3.1 13 310 M M 0 1 31 30
27 71 47 59 -2 6 0 0.00 0.0 0 3.2 10 290 M M 0 1 14 290
28 76 54 65 4 0 0 0.00 0.0 0 2.7 7 280 M M 3 18 10 280
29 78 52 65 5 0 0 0.00 0.0 0 3.3 9 280 M M 0 128 11 280
30 76 50 63 3 2 0 0.00 0.0 0 4.1 12 320 M M 0 128 16 330
31 70 52 61 1 4 0 0.00 0.0 0 4.0 9 340 M M 2 1 27 30
================================================================================
SM 2384 1511 101 41 0.57 0.0 167.2 M 30
================================================================================
AV 76.9 48.7 5.4 FASTST M M 1 MAX(MPH)
MISC ----> 47 180 # 62 190
================================================================================
NOTES:
# LAST OF SEVERAL OCCURRENCES
COLUMN 17 PEAK WIND IN M.P.H.
PRELIMINARY LOCAL CLIMATOLOGICAL DATA (WS FORM: F-6) , PAGE 2
STATION: MADERA CA AIRPORT
MONTH: OCTOBER
YEAR: 2021
LATITUDE: 36 58 N
LONGITUDE: 120 7 W
[TEMPERATURE DATA] [PRECIPITATION DATA] SYMBOLS USED IN COLUMN 16
AVERAGE MONTHLY: 62.8 TOTAL FOR MONTH: 0.57 1 = FOG OR MIST
DPTR FM NORMAL: -2.2 DPTR FM NORMAL: 0.13 2 = FOG REDUCING VISIBILITY
HIGHEST: 92 ON 2, 1 GRTST 24HR 0.51 ON 25-25 TO 1/4 MILE OR LESS
LOWEST: 39 ON 19,14 3 = THUNDER
SNOW, ICE PELLETS, HAIL 4 = ICE PELLETS
TOTAL MONTH: 0.0 INCH 5 = HAIL
GRTST 24HR 0.0 6 = FREEZING RAIN OR DRIZZLE
GRTST DEPTH: 0 7 = DUSTSTORM OR SANDSTORM:
VSBY 1/2 MILE OR LESS
8 = SMOKE OR HAZE
[NO. OF DAYS WITH] [WEATHER - DAYS WITH] 9 = BLOWING SNOW
X = TORNADO
MAX 32 OR BELOW: 0 0.01 INCH OR MORE: 3
MAX 90 OR ABOVE: 3 0.10 INCH OR MORE: 1
MIN 32 OR BELOW: 0 0.50 INCH OR MORE: 1
MIN 0 OR BELOW: 0 1.00 INCH OR MORE: 0
[HDD (BASE 65) ]
TOTAL THIS MO. 101 CLEAR (SCALE 0-3) 27
DPTR FM NORMAL 25 PTCLDY (SCALE 4-7) 4
TOTAL FM JUL 1 103 CLOUDY (SCALE 8-10) 0
DPTR FM NORMAL 23
[CDD (BASE 65) ]
TOTAL THIS MO. 41
DPTR FM NORMAL -33 [PRESSURE DATA]
TOTAL FM JAN 1 1953 HIGHEST SLP 30.36 ON 27
DPTR FM NORMAL 206 LOWEST SLP 29.64 ON 25
[REMARKS]
#FINAL-10-21#