000
CXUS56 KHNX 011456
CF6MAE
PRELIMINARY LOCAL CLIMATOLOGICAL DATA (WS FORM: F-6)
STATION: MADERA CA AIRPORT
MONTH: OCTOBER
YEAR: 2023
LATITUDE: 36 58 N
LONGITUDE: 120 7 W
TEMPERATURE IN F: :PCPN: SNOW: WIND :SUNSHINE: SKY :PK WND
================================================================================
1 2 3 4 5 6A 6B 7 8 9 10 11 12 13 14 15 16 17 18
12Z AVG MX 2MIN
DY MAX MIN AVG DEP HDD CDD WTR SNW DPTH SPD SPD DIR MIN PSBL S-S WX SPD DR
================================================================================
1 76 51 64 -6 1 0 0.00 0.0 0 3.4 10 280 M M 4 14 240
2 80 52 66 -4 0 1 0.00 0.0 0 4.3 13 270 M M 2 17 290
3 85 51 68 -2 0 3 0.00 0.0 0 2.3 9 140 M M 0 13 330
4 90 53 72 3 0 7 0.00 0.0 0 2.8 8 330 M M 0 12 270
5 94 55 75 6 0 10 0.00 0.0 0 2.5 8 310 M M 0 14 290
6 95 56 76 8 0 11 0.00 0.0 0 2.0 9 320 M M 0 14 290
7 98 57 78 10 0 13 0.00 0.0 0 2.1 7 190 M M 0 12 180
8 99 59 79 11 0 14 0.00 0.0 0 3.3 10 280 M M 0 8 13 290
9 78 57 68 1 0 3 0.00 0.0 0 6.8 16 310 M M 1 23 320
10 80 57 69 2 0 4 0.00 0.0 0 6.5 14 300 M M 4 22 350
11 76 52 64 -3 1 0 0.00 0.0 0 12.5 23 300 M M 1 33 330
12 78 43 61 -5 4 0 0.00 0.0 0 1.4 8 230 M M 0 8 12 180
13 86 49 68 2 0 3 0.00 0.0 0 4.0 13 130 M M 0 8 17 110
14 85 47 66 0 0 1 0.00 0.0 0 2.0 7 190 M M 0 10 250
15 88 49 69 4 0 4 0.00 0.0 0 2.1 8 310 M M 0 18 11 220
16 87 51 69 4 0 4 0.00 0.0 0 4.6 10 300 M M 0 18 19 280
17 85 50 68 3 0 3 0.00 0.0 0 2.8 10 300 M M 0 1 13 350
18 90 53 72 8 0 7 0.00 0.0 0 2.3 7 130 M M 0 11 300
19 92 55 74 10 0 9 0.00 0.0 0 2.8 7 320 M M 0 8 9 340
20 94 56 75 11 0 10 0.00 0.0 0 4.3 7 290 M M 0 8 10 280
21 81 58 70 7 0 5 0.00 0.0 0 8.0 14 300 M M 0 21 320
22 79 48 64 1 1 0 0.02 0.0 0 4.7 17 300 M M 4 18 23 300
23 75 57 66 4 0 1 0.00 0.0 0 7.2 14 300 M M 3 1 21 290
24 80 54 67 5 0 2 0.00 0.0 0 2.8 9 90 M M 1 12 90
25 78 49 64 2 1 0 0.00 0.0 0 7.9 18 320 M M 0 18 28 320
26 69 44 57 -4 8 0 0.00 0.0 0 6.9 17 330 M M 0 24 320
27 71 39 55 -6 10 0 0.00 0.0 0 3.0 9 300 M M 0 13 300
28 70 35 53 -8 12 0 0.00 0.0 0 4.5 15 300 M M 0 22 290
29 72 34 53 -7 12 0 0.00 0.0 0 2.1 8 170 M M 0 18 13 160
30 75 37 56 -4 9 0 0.00 0.0 0 1.2 6 250 M M 0 8 10 20
31 77 37 57 -3 8 0 0.00 0.0 0 1.8 8 320 M M 0 8 9 300
================================================================================
SM 2563 1545 67 115 0.02 0.0 124.9 M 20
================================================================================
AV 82.7 49.8 4.0 FASTST M M 1 MAX(MPH)
MISC ----> 23 300 33 330
================================================================================
NOTES:
# LAST OF SEVERAL OCCURRENCES
COLUMN 17 PEAK WIND IN M.P.H.
PRELIMINARY LOCAL CLIMATOLOGICAL DATA (WS FORM: F-6) , PAGE 2
STATION: MADERA CA AIRPORT
MONTH: OCTOBER
YEAR: 2023
LATITUDE: 36 58 N
LONGITUDE: 120 7 W
[TEMPERATURE DATA] [PRECIPITATION DATA] SYMBOLS USED IN COLUMN 16
AVERAGE MONTHLY: 66.3 TOTAL FOR MONTH: 0.02 1 = FOG OR MIST
DPTR FM NORMAL: 1.3 DPTR FM NORMAL: -0.42 2 = FOG REDUCING VISIBILITY
HIGHEST: 99 ON 8 GRTST 24HR 0.02 ON 22-22 TO 1/4 MILE OR LESS
LOWEST: 34 ON 29 3 = THUNDER
SNOW, ICE PELLETS, HAIL 4 = ICE PELLETS
TOTAL MONTH: 0.0 INCH 5 = HAIL
GRTST 24HR 0.0 6 = FREEZING RAIN OR DRIZZLE
GRTST DEPTH: 0 7 = DUSTSTORM OR SANDSTORM:
VSBY 1/2 MILE OR LESS
8 = SMOKE OR HAZE
[NO. OF DAYS WITH] [WEATHER - DAYS WITH] 9 = BLOWING SNOW
X = TORNADO
MAX 32 OR BELOW: 0 0.01 INCH OR MORE: 1
MAX 90 OR ABOVE: 8 0.10 INCH OR MORE: 0
MIN 32 OR BELOW: 0 0.50 INCH OR MORE: 0
MIN 0 OR BELOW: 0 1.00 INCH OR MORE: 0
[HDD (BASE 65) ]
TOTAL THIS MO. 67 CLEAR (SCALE 0-3) 28
DPTR FM NORMAL -9 PTCLDY (SCALE 4-7) 3
TOTAL FM JUL 1 68 CLOUDY (SCALE 8-10) 0
DPTR FM NORMAL -12
[CDD (BASE 65) ]
TOTAL THIS MO. 115
DPTR FM NORMAL 41 [PRESSURE DATA]
TOTAL FM JAN 1 1785 HIGHEST SLP 30.23 ON 30
DPTR FM NORMAL 38 LOWEST SLP 29.74 ON 10
[REMARKS]
#FINAL-10-23#