180
CXUS54 KMAF 011510
CF6MAF
PRELIMINARY LOCAL CLIMATOLOGICAL DATA (WS FORM: F-6)
STATION: MIDLAND INTERNATIONAL AIRPORT
MONTH: AUGUST
YEAR: 2020
LATITUDE: 31 57 N
LONGITUDE: 102 11 W
TEMPERATURE IN F: :PCPN: SNOW: WIND :SUNSHINE: SKY :PK WND
================================================================================
1 2 3 4 5 6A 6B 7 8 9 10 11 12 13 14 15 16 17 18
12Z AVG MX 2MIN
DY MAX MIN AVG DEP HDD CDD WTR SNW DPTH SPD SPD DIR MIN PSBL S-S WX SPD DR
================================================================================
1 99 68 84 2 0 19 0.00 0.0 0 4.6 16 120 M M 2 21 70
2 98 70 84 2 0 19 0.00 0.0 0 8.9 29 100 M M 1 8 36 120
3 92 68 80 -2 0 15 0.00 0.0 0 10.2 28 20 M M 3 3 34 20
4 101 69 85 3 0 20 0.00 0.0 0 10.8 21 160 M M 0 30 150
5 103 77 90 8 0 25 0.00 0.0 0 15.2 24 180 M M 0 31 180
6 101 76 89 7 0 24 0.00 0.0 0 16.4 25 160 M M 0 35 190
7 99 76 88 6 0 23 0.00 0.0 0 16.3 26 200 M M 0 32 190
8 97 73 85 3 0 20 0.00 0.0 0 13.9 23 170 M M 0 32 150
9 99 71 85 3 0 20 0.00 0.0 0 14.2 25 160 M M 0 30 160
10 100 73 87 5 0 22 0.00 0.0 0 14.3 23 160 M M 0 27 170
11 101 75 88 6 0 23 0.00 0.0 0 14.4 22 160 M M 0 29 180
12 103 75 89 7 0 24 0.00 0.0 0 12.6 20 180 M M 0 25 160
13 104 77 91 9 0 26 0.00 0.0 0 13.0 21 180 M M 0 26 190
14 107 75 91 9 0 26 0.00 0.0 0 9.3 20 150 M M 1 24 180
15 105 80 93 11 0 28 T 0.0 0 9.9 29 70 M M 1 8 34 70
16 98 76 87 5 0 22 T 0.0 0 9.7 24 30 M M 2 3 29 30
17 92 68 80 -1 0 15 0.20 0.0 0 9.0 25 120 M M 1 138 30 120
18 95 66 81 0 0 16 0.00 0.0 0 6.9 18 40 M M 1 22 40
19 98 68 83 2 0 18 0.00 0.0 0 6.9 14 110 M M 0 22 90
20 100 75 88 7 0 23 0.00 0.0 0 13.3 26 120 M M 0 32 130
21 98 70 84 3 0 19 0.00 0.0 0 11.6 21 150 M M 0 27 160
22 98 73 86 5 0 21 0.00 0.0 0 9.2 18 150 M M 1 24 130
23 97 71 84 3 0 19 0.00 0.0 0 10.1 18 70 M M 0 25 80
24 93 69 81 1 0 16 0.00 0.0 0 9.5 21 120 M M 0 27 70
25 94 69 82 2 0 17 0.00 0.0 0 7.2 16 120 M M 1 20 160
26 95 68 82 2 0 17 0.00 0.0 0 7.3 16 100 M M 1 22 120
27 98 71 85 5 0 20 0.00 0.0 0 8.5 18 210 M M 0 24 120
28 102 73 88 8 0 23 0.00 0.0 0 10.2 21 160 M M 0 27 150
29 102 78 90 10 0 25 0.00 0.0 0 11.2 23 160 M M 1 29 150
30 102 76 89 10 0 24 0.00 0.0 0 10.8 21 170 M M 0 35 180
31 101 78 90 11 0 25 0.00 0.0 0 13.8 28 320 M M 2 35 290
================================================================================
SM 3072 2252 0 654 0.20 0.0 339.2 M 18
================================================================================
AV 99.1 72.6 10.9 FASTST M M 1 MAX(MPH)
MISC ----> # 29 100 36 120
================================================================================
NOTES:
# LAST OF SEVERAL OCCURRENCES
COLUMN 17 PEAK WIND IN M.P.H.
PRELIMINARY LOCAL CLIMATOLOGICAL DATA (WS FORM: F-6) , PAGE 2
STATION: MIDLAND INTERNATIONAL AIRPORT
MONTH: AUGUST
YEAR: 2020
LATITUDE: 31 57 N
LONGITUDE: 102 11 W
[TEMPERATURE DATA] [PRECIPITATION DATA] SYMBOLS USED IN COLUMN 16
AVERAGE MONTHLY: 85.9 TOTAL FOR MONTH: 0.20 1 = FOG OR MIST
DPTR FM NORMAL: 4.7 DPTR FM NORMAL: -1.64 2 = FOG REDUCING VISIBILITY
HIGHEST: 107 ON 14 GRTST 24HR 0.20 ON 16-17 TO 1/4 MILE OR LESS
LOWEST: 66 ON 18 3 = THUNDER
SNOW, ICE PELLETS, HAIL 4 = ICE PELLETS
TOTAL MONTH: 0.0 INCH 5 = HAIL
GRTST 24HR 0.0 6 = FREEZING RAIN OR DRIZZLE
GRTST DEPTH: 0 7 = DUSTSTORM OR SANDSTORM:
VSBY 1/2 MILE OR LESS
8 = SMOKE OR HAZE
[NO. OF DAYS WITH] [WEATHER - DAYS WITH] 9 = BLOWING SNOW
X = TORNADO
MAX 32 OR BELOW: 0 0.01 INCH OR MORE: 1
MAX 90 OR ABOVE: 31 0.10 INCH OR MORE: 1
MIN 32 OR BELOW: 0 0.50 INCH OR MORE: 0
MIN 0 OR BELOW: 0 1.00 INCH OR MORE: 0
[HDD (BASE 65) ]
TOTAL THIS MO. 0 CLEAR (SCALE 0-3) 31
DPTR FM NORMAL 0 PTCLDY (SCALE 4-7) 0
TOTAL FM JUL 1 0 CLOUDY (SCALE 8-10) 0
DPTR FM NORMAL 0
[CDD (BASE 65) ]
TOTAL THIS MO. 654
DPTR FM NORMAL 152 [PRESSURE DATA]
TOTAL FM JAN 1 2474 HIGHEST SLP 30.14 ON 17
DPTR FM NORMAL 590 LOWEST SLP 29.55 ON 30
[REMARKS]
#FINAL-08-20#