000
CXUS52 KTAE 010800
CF6MAI
PRELIMINARY LOCAL CLIMATOLOGICAL DATA (WS FORM: F-6)
STATION: MARIANNA
MONTH: SEPTEMBER
YEAR: 2022
LATITUDE: 30 50 N
LONGITUDE: 85 11 W
TEMPERATURE IN F: :PCPN: SNOW: WIND :SUNSHINE: SKY :PK WND
================================================================================
1 2 3 4 5 6A 6B 7 8 9 10 11 12 13 14 15 16 17 18
12Z AVG MX 2MIN
DY MAX MIN AVG DEP HDD CDD WTR SNW DPTH SPD SPD DIR MIN PSBL S-S WX SPD DR
================================================================================
1 92 73 83 2 0 18 T 0.0 0 5.4 18 200 M M 4 3 23 190
2 90 72 81 0 0 16 0.00 0.0 0 5.7 21 180 M M 2 13 28 190
3 90 73 82 1 0 17 0.59 0.0 0 3.6 20 250 M M 3 13 23 250
4 91 71 81 0 0 16 0.07 0.0 M 3.8 17 150 M M 2 13 25 150
5 90 73 82 2 0 17 0.02 0.0 0 3.6 12 110 M M 4 13 14 240
6 92 73 83 3 0 18 0.00 0.0 0 3.3 14 280 M M 1 19 260
7 89 74 82 2 0 17 0.00 0.0 M 3.0 13 320 M M 0 15 320
8 87 71 79 -1 0 14 0.01 M M 4.4 15 10 M M 3 13 20 360
9 82 70 76 -4 0 11 0.05 0.0 0 6.4 14 70 M M 5 1 17 60
10 82 72 77 -3 0 12 0.01 0.0 0 5.4 15 230 M M 6 1 24 150
11 80 72 76 -4 0 11 0.20 0.0 0 3.1 16 290 M M 4 13 21 280
12 90 71 81 1 0 16 0.01 0.0 0 3.3 15 310 M M 5 12 19 310
13 86 63 75 -4 0 10 0.00 0.0 0 4.9 15 50 M M 2 18 60
14 88 60 74 -5 0 9 0.00 0.0 0 3.8 14 40 M M 0 18 40
15 88 61 75 -4 0 10 0.00 0.0 0 5.7 16 40 M M 0 24 50
16 89 63 76 -3 0 11 0.00 M M 6.4 15 70 M M 1 20 60
17 90 68 79 0 0 14 0.00 M M 6.9 16 60 M M 2 20 40
18 91 65 78 0 0 13 0.00 0.0 0 6.7 20 10 M M 0 31 30
19 92 65 79 1 0 14 0.00 0.0 0 5.1 17 20 M M 1 18 23 30
20 94 65 80 2 0 15 0.00 0.0 M 3.2 14 20 M M 1 19 30
21 95 67 81 3 0 16 0.00 0.0 0 3.8 14 30 M M 2 1 19 30
22 98 65 82 4 0 17 T 0.0 0 4.3 13 320 M M 1 17 320
23 88 67 78 1 0 13 0.00 0.0 0 7.9 16 40 M M 0 19 50
24 88 62 75 -2 0 10 0.00 0.0 0 4.7 13 30 M M 2 21 270
25 92 59 76 -1 0 11 0.00 0.0 0 2.2 12 330 M M 0 17 10
26 93 67 80 4 0 15 0.00 0.0 0 4.2 15 310 M M 1 12 20 310
27 85 61 73 -3 0 8 0.00 0.0 0 9.9 18 20 M M 0 23 40
28 78 60 69 -7 0 4 0.00 0.0 0 15.2 26 50 M M 0 35 40
29 80 55 68 -8 0 3 0.00 0.0 0 14.1 25 40 M M 5 36 30
30 81 58 70 -5 0 5 0.00 0.0 0 5.8 17 20 M M 5 22 30
================================================================================
SM 2651 1996 0 381 0.96 0.0 165.8 M 62
================================================================================
AV 88.4 66.5 5.5 FASTST M M 2 MAX(MPH)
MISC ----> 26 50 36 30
================================================================================
NOTES:
# LAST OF SEVERAL OCCURRENCES
COLUMN 17 PEAK WIND IN M.P.H.
PRELIMINARY LOCAL CLIMATOLOGICAL DATA (WS FORM: F-6) , PAGE 2
STATION: MARIANNA
MONTH: SEPTEMBER
YEAR: 2022
LATITUDE: 30 50 N
LONGITUDE: 85 11 W
[TEMPERATURE DATA] [PRECIPITATION DATA] SYMBOLS USED IN COLUMN 16
AVERAGE MONTHLY: 77.5 TOTAL FOR MONTH: 0.96 1 = FOG OR MIST
DPTR FM NORMAL: -1.2 DPTR FM NORMAL: -3.10 2 = FOG REDUCING VISIBILITY
HIGHEST: 98 ON 22 GRTST 24HR 0.59 ON 3- 3 TO 1/4 MILE OR LESS
LOWEST: 55 ON 29 3 = THUNDER
SNOW, ICE PELLETS, HAIL 4 = ICE PELLETS
TOTAL MONTH: 0.0 INCH 5 = HAIL
GRTST 24HR 0.0 6 = FREEZING RAIN OR DRIZZLE
GRTST DEPTH: 0 7 = DUSTSTORM OR SANDSTORM:
VSBY 1/2 MILE OR LESS
8 = SMOKE OR HAZE
[NO. OF DAYS WITH] [WEATHER - DAYS WITH] 9 = BLOWING SNOW
X = TORNADO
MAX 32 OR BELOW: 0 0.01 INCH OR MORE: 8
MAX 90 OR ABOVE: 15 0.10 INCH OR MORE: 2
MIN 32 OR BELOW: 0 0.50 INCH OR MORE: 1
MIN 0 OR BELOW: 0 1.00 INCH OR MORE: 0
[HDD (BASE 65) ]
TOTAL THIS MO. 0 CLEAR (SCALE 0-3) 21
DPTR FM NORMAL 0 PTCLDY (SCALE 4-7) 9
TOTAL FM JUL 1 0 CLOUDY (SCALE 8-10) 0
DPTR FM NORMAL 0
[CDD (BASE 65) ]
TOTAL THIS MO. 381
DPTR FM NORMAL -29 [PRESSURE DATA]
TOTAL FM JAN 1 2525 HIGHEST SLP M ON M
DPTR FM NORMAL 8 LOWEST SLP 29.70 ON 8
[REMARKS]
#FINAL-09-22#