000
CXUS53 KDTX 010635
CF6MBS
PRELIMINARY LOCAL CLIMATOLOGICAL DATA (WS FORM: F-6)
STATION: TRI CITIES MI
MONTH: MAY
YEAR: 2020
LATITUDE: 43 31 N
LONGITUDE: 84 5 W
TEMPERATURE IN F: :PCPN: SNOW: WIND :SUNSHINE: SKY :PK WND
================================================================================
1 2 3 4 5 6A 6B 7 8 9 10 11 12 13 14 15 16 17 18
12Z AVG MX 2MIN
DY MAX MIN AVG DEP HDD CDD WTR SNW DPTH SPD SPD DIR MIN PSBL S-S WX SPD DR
================================================================================
1 64 40 52 0 13 0 0.00 0.0 0 7.7 16 330 M M 2 21 340
2 76 51 64 12 1 0 T 0.0 0 12.6 26 220 M M 5 37 230
3 72 44 58 5 7 0 0.00 0.0 0 12.9 25 290 M M 1 34 260
4 56 40 48 -5 17 0 0.00 0.0 0 10.8 21 350 M M 4 27 350
5 49 33 41 -13 24 0 0.00 0.0 0 10.8 21 30 M M 0 29 40
6 61 34 48 -6 17 0 0.00 0.0 0 6.5 15 120 M M 0 19 120
7 60 41 51 -3 14 0 0.00 0.0 0 10.1 25 330 M M 5 36 340
8 45 30 38 -16 27 0 T T 0 15.8 28 320 M M 9 8 37 300
9 54 28 41 -14 24 0 T 0.0 0 14.1 28 300 M M 7 39 280
10 49 37 43 -12 22 0 0.11 0.0 0 11.9 23 20 M M 10 1 29 40
11 52 33 43 -13 22 0 0.00 0.0 0 9.7 22 320 M M 7 28 330
12 58 29 44 -12 21 0 0.00 0.0 0 9.7 24 310 M M 1 33 320
13 61 30 46 -10 19 0 0.00 0.0 0 4.8 16 40 M M 1 19 160
14 64 45 55 -2 10 0 0.43 0.0 0 8.5 15 220 M M 10 1 20 190
15 72 50 61 4 4 0 0.66 M 0 6.0 23 30 M M 7 123 28 20
16 60 47 54 -3 11 0 0.00 0.0 0 11.4 21 40 M M 6 12 25 50
17 61 50 56 -2 9 0 0.85 0.0 0 13.8 26 60 M M 6 1 36 70
18 56 52 54 -4 11 0 3.12 0.0 0 15.9 23 80 M M 10 123 32 80
19 60 51 56 -2 9 0 0.02 0.0 0 13.8 20 40 M M 8 1 24 30
20 70 48 59 0 6 0 0.00 0.0 M 9.7 18 60 M M 0 27 70
21 73 47 60 1 5 0 0.00 0.0 0 6.3 14 30 M M 0 19 40
22 74 54 64 5 1 0 T 0.0 0 3.9 12 120 M M 4 1 17 130
23 76 58 67 7 0 2 0.00 0.0 0 5.5 13 110 M M 6 1 18 110
24 85 62 74 14 0 9 0.04 0.0 0 10.1 22 220 M M 4 1 32 220
25 88 62 75 15 0 10 0.09 0.0 0 6.7 28 200 M M 1 13 36 200
26 90 67 79 18 0 14 0.00 0.0 0 5.4 14 190 M M 0 3 22 200
27 88 69 79 18 0 14 0.00 0.0 0 8.3 17 160 M M 0 24 200
28 81 69 75 14 0 10 0.06 0.0 0 8.5 22 190 M M 9 18 29 200
29 71 59 65 3 0 0 0.53 0.0 0 7.7 25 260 M M 7 13 37 270
30 67 47 57 -5 8 0 0.00 0.0 M 13.4 23 330 M M 4 32 320
31 65 40 53 -9 12 0 0.00 0.0 M 9.5 17 220 M M 0 23 230
================================================================================
SM 2058 1447 314 59 5.91 T 301.8 M 134
================================================================================
AV 66.4 46.7 9.7 FASTST M M 4 MAX(MPH)
MISC ----> # 28 320 39 280
================================================================================
NOTES:
# LAST OF SEVERAL OCCURRENCES
COLUMN 17 PEAK WIND IN M.P.H.
PRELIMINARY LOCAL CLIMATOLOGICAL DATA (WS FORM: F-6) , PAGE 2
STATION: TRI CITIES MI
MONTH: MAY
YEAR: 2020
LATITUDE: 43 31 N
LONGITUDE: 84 5 W
[TEMPERATURE DATA] [PRECIPITATION DATA] SYMBOLS USED IN COLUMN 16
AVERAGE MONTHLY: 56.5 TOTAL FOR MONTH: 5.91 1 = FOG OR MIST
DPTR FM NORMAL: -0.8 DPTR FM NORMAL: 2.53 2 = FOG REDUCING VISIBILITY
HIGHEST: 90 ON 26 GRTST 24HR 3.44 ON 17-18 TO 1/4 MILE OR LESS
LOWEST: 28 ON 9 3 = THUNDER
SNOW, ICE PELLETS, HAIL 4 = ICE PELLETS
TOTAL MONTH: T 5 = HAIL
GRTST 24HR T ON 8- 8 6 = FREEZING RAIN OR DRIZZLE
GRTST DEPTH: 0 7 = DUSTSTORM OR SANDSTORM:
VSBY 1/2 MILE OR LESS
8 = SMOKE OR HAZE
[NO. OF DAYS WITH] [WEATHER - DAYS WITH] 9 = BLOWING SNOW
X = TORNADO
MAX 32 OR BELOW: 0 0.01 INCH OR MORE: 10
MAX 90 OR ABOVE: 1 0.10 INCH OR MORE: 6
MIN 32 OR BELOW: 4 0.50 INCH OR MORE: 4
MIN 0 OR BELOW: 0 1.00 INCH OR MORE: 1
[HDD (BASE 65) ]
TOTAL THIS MO. 314 CLEAR (SCALE 0-3) 12
DPTR FM NORMAL 43 PTCLDY (SCALE 4-7) 14
TOTAL FM JUL 1 6370 CLOUDY (SCALE 8-10) 5
DPTR FM NORMAL -543
[CDD (BASE 65) ]
TOTAL THIS MO. 59
DPTR FM NORMAL 27 [PRESSURE DATA]
TOTAL FM JAN 1 59 HIGHEST SLP M ON M
DPTR FM NORMAL 23 LOWEST SLP 29.70 ON 2
[REMARKS]
#FINAL-05-20#