000
CXUS52 KFFC 011010
CF6MCN
PRELIMINARY LOCAL CLIMATOLOGICAL DATA (WS FORM: F-6)
STATION: MACON
MONTH: MAY
YEAR: 2023
LATITUDE: 32 42 N
LONGITUDE: 83 39 W
TEMPERATURE IN F: :PCPN: SNOW: WIND :SUNSHINE: SKY :PK WND
================================================================================
1 2 3 4 5 6A 6B 7 8 9 10 11 12 13 14 15 16 17 18
12Z AVG MX 2MIN
DY MAX MIN AVG DEP HDD CDD WTR SNW DPTH SPD SPD DIR MIN PSBL S-S WX SPD DR
================================================================================
1 75 47 61 -8 4 0 0.00 0.0 M 9.5 29 270 M M 2 42 270
2 78 45 62 -7 3 0 0.00 0.0 M 11.5 33 260 M M 0 48 290
3 77 44 61 -8 4 0 0.00 0.0 M 10.1 23 320 M M 0 33 330
4 79 41 60 -10 5 0 0.00 0.0 M 2.8 13 300 M M 0 17 340
5 71 49 60 -10 5 0 T M M 4.1 13 80 M M 7 16 60
6 80 61 71 1 0 6 0.00 0.0 M 5.8 15 100 M M 9 23 130
7 85 54 70 0 0 5 0.00 0.0 M 3.9 12 250 M M 2 12 18 200
8 89 65 77 6 0 12 0.00 0.0 M 7.7 18 260 M M 2 25 270
9 92 64 78 7 0 13 0.06 0.0 M 6.5 24 310 M M 2 138 35 310
10 89 62 76 5 0 11 0.00 0.0 M 5.7 15 100 M M 0 1 20 90
11 87 67 77 5 0 12 0.00 0.0 M 7.3 16 110 M M 3 22 100
12 82 66 74 2 0 9 0.69 0.0 M 4.8 21 340 M M 5 138 29 310
13 84 66 75 3 0 10 0.00 0.0 M 2.0 7 360 M M 7 12 10 230
14 92 63 78 6 0 13 0.00 0.0 M 2.7 9 40 M M 1 1 13 50
15 85 70 78 5 0 13 0.00 0.0 M 7.1 13 110 M M 4 1 18 80
16 86 67 77 4 0 12 0.79 0.0 M 5.2 24 320 M M 7 13 35 320
17 86 65 76 3 0 11 0.32 0.0 M 5.4 24 290 M M 5 13 36 290
18 81 65 73 -1 0 8 1.43 0.0 M 7.7 21 70 M M 9 128 28 80
19 76 62 69 -5 0 4 0.00 0.0 M 7.4 14 40 M M 10 1 20 60
20 81 62 72 -2 0 7 0.00 0.0 M 2.1 9 110 M M 7 12 280
21 84 69 77 3 0 12 0.00 0.0 M 4.7 13 30 M M 7 17 40
22 72 65 69 -6 0 4 0.47 0.0 M 8.7 16 20 M M 10 1 21 50
23 74 66 70 -5 0 5 T 0.0 M 8.6 18 50 M M 10 26 50
24 80 57 69 -6 0 4 0.02 0.0 M 7.6 16 50 M M 6 1 22 30
25 82 51 67 -8 0 2 0.00 0.0 M 7.9 17 50 M M 1 1 27 40
26 80 58 69 -7 0 4 0.00 0.0 M 11.5 21 90 M M 6 29 40
27 77 55 66 -10 0 1 0.00 0.0 M 13.6 29 40 M M 4 8 39 40
28 81 58 70 -6 0 5 0.00 0.0 M 7.0 16 30 M M 7 22 350
29 82 57 70 -6 0 5 0.00 0.0 M 5.4 16 280 M M 2 23 290
30 86 55 71 -6 0 6 0.00 0.0 M 4.3 15 50 M M 3 20 50
31 86 65 76 -1 0 11 0.01 0.0 M 8.1 16 80 M M 6 24 80
================================================================================
SM 2539 1841 21 205 3.79 0.0 206.7 M 144
================================================================================
AV 81.9 59.4 6.7 FASTST M M 5 MAX(MPH)
MISC ----> 33 260 48 290
================================================================================
NOTES:
# LAST OF SEVERAL OCCURRENCES
COLUMN 17 PEAK WIND IN M.P.H.
PRELIMINARY LOCAL CLIMATOLOGICAL DATA (WS FORM: F-6) , PAGE 2
STATION: MACON
MONTH: MAY
YEAR: 2023
LATITUDE: 32 42 N
LONGITUDE: 83 39 W
[TEMPERATURE DATA] [PRECIPITATION DATA] SYMBOLS USED IN COLUMN 16
AVERAGE MONTHLY: 70.6 TOTAL FOR MONTH: 3.79 1 = FOG OR MIST
DPTR FM NORMAL: -2.3 DPTR FM NORMAL: 1.14 2 = FOG REDUCING VISIBILITY
HIGHEST: 92 ON 14, 9 GRTST 24HR 1.69 ON 17-18 TO 1/4 MILE OR LESS
LOWEST: 41 ON 4 3 = THUNDER
SNOW, ICE PELLETS, HAIL 4 = ICE PELLETS
TOTAL MONTH: 0.0 INCH 5 = HAIL
GRTST 24HR 0.0 6 = FREEZING RAIN OR DRIZZLE
GRTST DEPTH: M ON M 7 = DUSTSTORM OR SANDSTORM:
VSBY 1/2 MILE OR LESS
8 = SMOKE OR HAZE
[NO. OF DAYS WITH] [WEATHER - DAYS WITH] 9 = BLOWING SNOW
X = TORNADO
MAX 32 OR BELOW: 0 0.01 INCH OR MORE: 8
MAX 90 OR ABOVE: 2 0.10 INCH OR MORE: 5
MIN 32 OR BELOW: 0 0.50 INCH OR MORE: 3
MIN 0 OR BELOW: 0 1.00 INCH OR MORE: 1
[HDD (BASE 65) ]
TOTAL THIS MO. 21 CLEAR (SCALE 0-3) 13
DPTR FM NORMAL 9 PTCLDY (SCALE 4-7) 13
TOTAL FM JUL 1 1674 CLOUDY (SCALE 8-10) 5
DPTR FM NORMAL -469
[CDD (BASE 65) ]
TOTAL THIS MO. 205
DPTR FM NORMAL -52 [PRESSURE DATA]
TOTAL FM JAN 1 372 HIGHEST SLP 30.25 ON 6
DPTR FM NORMAL 7 LOWEST SLP 29.68 ON 1
[REMARKS]
#FINAL-05-23#