000
CXUS52 KMLB 010732
CF6MCO
PRELIMINARY LOCAL CLIMATOLOGICAL DATA (WS FORM: F-6)
STATION: ORLANDO INTL
MONTH: FEBRUARY
YEAR: 2023
LATITUDE: 28 25 N
LONGITUDE: 81 19 W
TEMPERATURE IN F: :PCPN: SNOW: WIND :SUNSHINE: SKY :PK WND
================================================================================
1 2 3 4 5 6A 6B 7 8 9 10 11 12 13 14 15 16 17 18
12Z AVG MX 2MIN
DY MAX MIN AVG DEP HDD CDD WTR SNW DPTH SPD SPD DIR MIN PSBL S-S WX SPD DR
================================================================================
1 83 63 73 11 0 8 0.00 0.0 0 4.5 12 260 M M 5 1 15 250
2 85 61 73 11 0 8 0.00 0.0 0 4.7 16 240 M M 3 1 24 220
3 79 52 66 4 0 1 0.22 0.0 0 11.9 30 350 M M 7 13 34 350
4 75 50 63 1 2 0 0.00 0.0 0 12.6 24 50 M M 2 31 60
5 76 54 65 3 0 0 0.00 0.0 0 7.0 15 350 M M 6 18 20
6 77 54 66 4 0 1 0.00 0.0 0 7.3 16 70 M M 1 1 20 330
7 81 53 67 4 0 2 0.00 0.0 0 7.5 15 90 M M 3 20 110
8 81 55 68 5 0 3 0.00 0.0 0 6.4 17 110 M M 2 22 110
9 84 58 71 8 0 6 0.18 0.0 0 8.1 18 140 M M 5 13 28 150
10 85 63 74 11 0 9 0.08 0.0 0 7.7 22 210 M M 7 13 29 210
11 84 65 75 12 0 10 0.06 0.0 0 10.3 21 210 M M 9 1 28 250
12 71 54 63 0 2 0 0.01 0.0 0 17.8 33 260 M M 8 1 42 220
13 70 49 60 -4 5 0 0.00 0.0 0 9.4 21 300 M M 0 27 300
14 78 47 63 -1 2 0 0.00 0.0 0 5.8 15 130 M M 1 1 19 130
15 82 56 69 5 0 4 0.00 0.0 0 7.6 16 160 M M 3 23 200
16 84 61 73 9 0 8 0.00 0.0 0 7.9 17 190 M M 4 24 160
17 88 63 76 12 0 11 0.00 0.0 0 10.9 21 250 M M 4 1 28 230
18 73 53 63 -1 2 0 T 0.0 0 13.4 22 320 M M 4 27 20
19 85 55 70 6 0 5 0.00 0.0 0 5.7 14 310 M M 4 18 310
20 84 60 72 8 0 7 0.00 0.0 0 6.6 20 260 M M 4 1 24 240
21 85 62 74 9 0 9 0.00 0.0 0 8.0 17 260 M M 5 18 28 250
22 87 58 73 8 0 8 0.00 0.0 0 6.3 21 160 M M 3 12 27 180
23 88 65 77 12 0 12 0.00 0.0 0 5.8 15 200 M M 3 12 18 200
24 88 62 75 10 0 10 0.00 0.0 0 2.8 13 100 M M 5 128 21 320
25 87 65 76 11 0 11 0.00 0.0 0 4.0 14 300 M M 6 1 18 290
26 86 61 74 9 0 9 0.00 0.0 0 4.6 13 110 M M 1 16 110
27 84 61 73 8 0 8 0.00 0.0 0 7.6 21 270 M M 5 1 24 270
28 87 63 75 10 0 10 0.00 0.0 0 10.6 22 230 M M 4 1 27 220
================================================================================
SM 2297 1623 13 160 0.55 0.0 222.8 M 114
================================================================================
AV 82.0 58.0 8.0 FASTST M M 4 MAX(MPH)
MISC ----> 33 260 42 220
================================================================================
NOTES:
# LAST OF SEVERAL OCCURRENCES
COLUMN 17 PEAK WIND IN M.P.H.
PRELIMINARY LOCAL CLIMATOLOGICAL DATA (WS FORM: F-6) , PAGE 2
STATION: ORLANDO INTL
MONTH: FEBRUARY
YEAR: 2023
LATITUDE: 28 25 N
LONGITUDE: 81 19 W
[TEMPERATURE DATA] [PRECIPITATION DATA] SYMBOLS USED IN COLUMN 16
AVERAGE MONTHLY: 70.0 TOTAL FOR MONTH: 0.55 1 = FOG OR MIST
DPTR FM NORMAL: 6.4 DPTR FM NORMAL: -1.49 2 = FOG REDUCING VISIBILITY
HIGHEST: 88 ON 24,23 GRTST 24HR 0.26 ON 9-10 TO 1/4 MILE OR LESS
LOWEST: 47 ON 14 3 = THUNDER
SNOW, ICE PELLETS, HAIL 4 = ICE PELLETS
TOTAL MONTH: 0.0 INCH 5 = HAIL
GRTST 24HR 0.0 6 = FREEZING RAIN OR DRIZZLE
GRTST DEPTH: 0 7 = DUSTSTORM OR SANDSTORM:
VSBY 1/2 MILE OR LESS
8 = SMOKE OR HAZE
[NO. OF DAYS WITH] [WEATHER - DAYS WITH] 9 = BLOWING SNOW
X = TORNADO
MAX 32 OR BELOW: 0 0.01 INCH OR MORE: 5
MAX 90 OR ABOVE: 0 0.10 INCH OR MORE: 2
MIN 32 OR BELOW: 0 0.50 INCH OR MORE: 0
MIN 0 OR BELOW: 0 1.00 INCH OR MORE: 0
[HDD (BASE 65) ]
TOTAL THIS MO. 13 CLEAR (SCALE 0-3) 10
DPTR FM NORMAL -92 PTCLDY (SCALE 4-7) 17
TOTAL FM JUL 1 261 CLOUDY (SCALE 8-10) 1
DPTR FM NORMAL -200
[CDD (BASE 65) ]
TOTAL THIS MO. 160
DPTR FM NORMAL 93 [PRESSURE DATA]
TOTAL FM JAN 1 254 HIGHEST SLP 30.38 ON 4
DPTR FM NORMAL 141 LOWEST SLP 29.85 ON 12
[REMARKS]
#FINAL-02-23#