000
CXUS53 KDMX 221516
CF6MCW
PRELIMINARY LOCAL CLIMATOLOGICAL DATA (WS FORM: F-6)
STATION: MASON CITY IA
MONTH: FEBRUARY
YEAR: 2023
LATITUDE: 43 9 N
LONGITUDE: 93 20 W
TEMPERATURE IN F: :PCPN: SNOW: WIND :SUNSHINE: SKY :PK WND
================================================================================
1 2 3 4 5 6A 6B 7 8 9 10 11 12 13 14 15 16 17 18
12Z AVG MX 2MIN
DY MAX MIN AVG DEP HDD CDD WTR SNW DPTH SPD SPD DIR MIN PSBL S-S WX SPD DR
================================================================================
1 18 -4 7 -9 58 0 0.00 0.0 10 7.0 14 210 M M 0 20 250
2 16 -10 3 -13 62 0 0.00 0.0 9 18.1 31 330 M M M 38 330
3 4 -13 -4 -20 69 0 0.00 0.0 9 11.8 20 150 M M 6 24 140
4 32 2 17 0 48 0 0.00 0.0 9 9.0 18 270 M M 0 25 160
5 29 6 18 1 47 0 0.00 0.0 8 9.2 18 320 M M M 24 320
6 36 5 21 4 44 0 T 0.0 7 13.1 24 140 M M 8 2 35 130
7 34 28 31 14 34 0 0.00 0.0 6 14.6 29 310 M M 3 35 300
8 40 19 30 12 35 0 0.00 0.0 5 8.3 18 210 M M 0 24 210
9 33 13 23 5 42 0 0.00 0.0 4 14.2 30 330 M M 4 1 38 320
10 27 6 17 -1 48 0 0.00 0.0 4 11.2 21 330 M M 0 27 320
11 38 23 31 13 34 0 0.00 0.0 4 13.8 24 220 M M 0 33 220
12 37 21 29 10 36 0 0.00 0.0 3 7.0 13 260 M M 0 16 260
13 40 22 31 12 34 0 0.00 0.0 2 9.4 14 180 M M 0 20 200
14 40 32 36 17 29 0 0.59 0.0 2 12.9 21 200 M M 8 1 30 200
15 38 14 26 6 39 0 T T T 21.3 37 290 M M 8 1 48 280
16 22 9 16 -4 49 0 T T T 17.2 24 330 M M 7 30 330
17 27 4 16 -4 49 0 0.00 0.0 T 11.3 22 180 M M 0 30 230
18 38 20 29 8 36 0 0.00 0.0 T 10.4 21 200 M M 0 27 200
19 36 19 28 7 37 0 0.00 0.0 0 12.6 22 310 M M 1 28 320
20 41 17 29 7 36 0 0.00 0.0 0 13.6 30 310 M M 1 38 300
21 24 8 16 -6 49 0 0.01 0.2 0 14.1 33 300 M M 6 1 43 300
22 23 20 22 0 43 0 0.34 4.2 T 21.6 30 50 M M 9 126 38 50
23 22 -6 8 -15 57 0 0.04 0.5 4 16.5 25 300 M M 9 168 31 300
24 15 -9 3 -20 62 0 0.00 0.0 4 6.5 15 310 M M 7 18 310
25 33 5 19 -5 46 0 0.00 0.0 4 11.1 23 220 M M 4 1 32 220
26 40 4 22 -2 43 0 0.00 0.0 3 9.7 22 120 M M M 12 30 120
27 39 30 35 10 30 0 0.82 0.0 1 17.0 23 320 M M 9 1 32 140
28 36 23 30 5 35 0 T T T 8.7 16 80 M M 4 20 80
================================================================================
SM 858 308 1231 0 1.80 4.9 351.2 M 94
================================================================================
AV 30.6 11.0 12.5 FASTST M M 4 MAX(MPH)
MISC ----> 37 290 48 280
================================================================================
NOTES:
# LAST OF SEVERAL OCCURRENCES
COLUMN 17 PEAK WIND IN M.P.H.
PRELIMINARY LOCAL CLIMATOLOGICAL DATA (WS FORM: F-6) , PAGE 2
STATION: MASON CITY IA
MONTH: FEBRUARY
YEAR: 2023
LATITUDE: 43 9 N
LONGITUDE: 93 20 W
[TEMPERATURE DATA] [PRECIPITATION DATA] SYMBOLS USED IN COLUMN 16
AVERAGE MONTHLY: 20.8 TOTAL FOR MONTH: 1.80 1 = FOG OR MIST
DPTR FM NORMAL: 0.8 DPTR FM NORMAL: 0.58 2 = FOG REDUCING VISIBILITY
HIGHEST: 41 ON 20 GRTST 24HR 0.82 ON 27-27 TO 1/4 MILE OR LESS
LOWEST: -13 ON 3 3 = THUNDER
SNOW, ICE PELLETS, HAIL 4 = ICE PELLETS
TOTAL MONTH: 4.9 INCHES 5 = HAIL
GRTST 24HR 4.2 ON 22-22 6 = FREEZING RAIN OR DRIZZLE
GRTST DEPTH: 10 ON 1 7 = DUSTSTORM OR SANDSTORM:
VSBY 1/2 MILE OR LESS
8 = SMOKE OR HAZE
[NO. OF DAYS WITH] [WEATHER - DAYS WITH] 9 = BLOWING SNOW
X = TORNADO
MAX 32 OR BELOW: 12 0.01 INCH OR MORE: 5
MAX 90 OR ABOVE: 0 0.10 INCH OR MORE: 3
MIN 32 OR BELOW: 28 0.50 INCH OR MORE: 2
MIN 0 OR BELOW: 5 1.00 INCH OR MORE: 0
[HDD (BASE 65) ]
TOTAL THIS MO. 1231 CLEAR (SCALE 0-3) 11
DPTR FM NORMAL -30 PTCLDY (SCALE 4-7) 11
TOTAL FM JUL 1 5737 CLOUDY (SCALE 8-10) 6
DPTR FM NORMAL -54
[CDD (BASE 65) ]
TOTAL THIS MO. 0
DPTR FM NORMAL 0 [PRESSURE DATA]
TOTAL FM JAN 1 0 HIGHEST SLP 30.75 ON 24
DPTR FM NORMAL 0 LOWEST SLP 29.12 ON 14
[REMARKS]
#FINAL-02-23#