000
CXUS53 KDMX 050307
CF6MCW
PRELIMINARY LOCAL CLIMATOLOGICAL DATA (WS FORM: F-6)
STATION: MASON CITY IA
MONTH: NOVEMBER
YEAR: 2021
LATITUDE: 43 9 N
LONGITUDE: 93 20 W
TEMPERATURE IN F: :PCPN: SNOW: WIND :SUNSHINE: SKY :PK WND
================================================================================
1 2 3 4 5 6A 6B 7 8 9 10 11 12 13 14 15 16 17 18
12Z AVG MX 2MIN
DY MAX MIN AVG DEP HDD CDD WTR SNW DPTH SPD SPD DIR MIN PSBL S-S WX SPD DR
================================================================================
1 46 26 36 -5 29 0 0.00 0.0 0 12.0 25 310 M M 4 35 310
2 44 20 32 -8 33 0 0.00 0.0 0 7.4 15 330 M M 2 20 300
3 45 19 32 -8 33 0 T 0.0 0 5.7 16 130 M M 7 23 150
4 53 31 42 3 23 0 T 0.0 0 8.8 20 210 M M 7 25 200
5 57 32 45 6 20 0 0.00 0.0 0 17.0 31 180 M M 0 43 170
6 68 41 55 17 10 0 0.00 0.0 0 9.6 17 200 M M 0 23 200
7 66 39 53 15 12 0 0.00 0.0 0 10.1 21 170 M M 0 28 160
8 64 36 50 13 15 0 0.00 0.0 0 12.0 25 20 M M 1 128 31 20
9 58 30 44 7 21 0 0.00 0.0 0 5.9 13 30 M M 1 8 15 30
10 51 30 41 5 24 0 0.76 0.0 0 11.6 24 120 M M 6 13 37 130
11 49 33 41 5 24 0 0.23 0.2 0 22.8 35 300 M M 9 1 45 290
12 34 30 32 -4 33 0 0.06 0.7 T 21.7 30 310 M M 10 1 42 310
13 36 30 33 -2 32 0 0.01 0.1 0 13.9 28 290 M M 9 1 40 280
14 36 26 31 -4 34 0 0.00 0.0 0 17.2 37 310 M M 9 51 290
15 42 27 35 1 30 0 0.00 0.0 0 10.3 16 120 M M 4 20 130
16 51 28 40 6 25 0 0.00 0.0 0 16.2 32 150 M M 1 1 45 150
17 44 27 36 3 29 0 0.00 0.0 0 18.5 30 290 M M 2 42 290
18 34 14 24 -9 41 0 0.00 0.0 0 16.7 31 310 M M 5 42 290
19 39 13 26 -6 39 0 0.00 0.0 0 14.0 25 160 M M 1 36 170
20 49 30 40 8 25 0 0.00 0.0 0 7.8 17 310 M M 5 23 310
21 41 18 30 -1 35 0 T 0.0 0 16.1 38 320 M M 3 48 330
22 34 13 24 -7 41 0 0.00 0.0 0 7.5 14 250 M M 0 18 240
23 55 19 37 7 28 0 0.00 0.0 0 15.4 28 180 M M 0 40 180
24 51 22 37 7 28 0 0.00 0.0 0 16.4 31 330 M M 1 42 340
25 24 9 17 -13 48 0 0.00 0.0 0 16.0 30 330 M M 3 37 330
26 36 15 26 -3 39 0 0.00 0.0 0 11.8 22 170 M M 4 29 160
27 51 25 38 9 27 0 0.00 0.0 0 13.7 28 330 M M 1 35 330
28 41 22 32 4 33 0 0.00 0.0 0 9.4 17 320 M M 2 27 300
29 62 29 46 18 19 0 0.00 0.0 0 13.0 24 290 M M 3 33 290
30 50 28 39 12 26 0 0.01 0.0 0 7.6 17 340 M M 2 8 23 350
================================================================================
SM 1411 762 856 0 1.07 1.0 386.1 M 102
================================================================================
AV 47.0 25.4 12.9 FASTST M M 3 MAX(MPH)
MISC ----> 38 320 51 290
================================================================================
NOTES:
# LAST OF SEVERAL OCCURRENCES
COLUMN 17 PEAK WIND IN M.P.H.
PRELIMINARY LOCAL CLIMATOLOGICAL DATA (WS FORM: F-6) , PAGE 2
STATION: MASON CITY IA
MONTH: NOVEMBER
YEAR: 2021
LATITUDE: 43 9 N
LONGITUDE: 93 20 W
[TEMPERATURE DATA] [PRECIPITATION DATA] SYMBOLS USED IN COLUMN 16
AVERAGE MONTHLY: 36.2 TOTAL FOR MONTH: 1.07 1 = FOG OR MIST
DPTR FM NORMAL: 2.3 DPTR FM NORMAL: -0.60 2 = FOG REDUCING VISIBILITY
HIGHEST: 68 ON 6 GRTST 24HR 0.77 ON 10-11 TO 1/4 MILE OR LESS
LOWEST: 9 ON 25 3 = THUNDER
SNOW, ICE PELLETS, HAIL 4 = ICE PELLETS
TOTAL MONTH: 1.0 INCH 5 = HAIL
GRTST 24HR 0.7 ON 12-12 6 = FREEZING RAIN OR DRIZZLE
GRTST DEPTH: T 7 = DUSTSTORM OR SANDSTORM:
VSBY 1/2 MILE OR LESS
8 = SMOKE OR HAZE
[NO. OF DAYS WITH] [WEATHER - DAYS WITH] 9 = BLOWING SNOW
X = TORNADO
MAX 32 OR BELOW: 1 0.01 INCH OR MORE: 5
MAX 90 OR ABOVE: 0 0.10 INCH OR MORE: 2
MIN 32 OR BELOW: 26 0.50 INCH OR MORE: 1
MIN 0 OR BELOW: 0 1.00 INCH OR MORE: 0
[HDD (BASE 65) ]
TOTAL THIS MO. 856 CLEAR (SCALE 0-3) 15
DPTR FM NORMAL -76 PTCLDY (SCALE 4-7) 11
TOTAL FM JUL 1 1306 CLOUDY (SCALE 8-10) 4
DPTR FM NORMAL -351
[CDD (BASE 65) ]
TOTAL THIS MO. 0
DPTR FM NORMAL 0 [PRESSURE DATA]
TOTAL FM JAN 1 802 HIGHEST SLP 30.46 ON 19
DPTR FM NORMAL 200 LOWEST SLP 29.52 ON 12
[REMARKS]
#FINAL-11-21#