000
CXUS53 KPAH 010730
CF6MDH
PRELIMINARY LOCAL CLIMATOLOGICAL DATA (WS FORM: F-6)
STATION: CARBONDALE IL
MONTH: MAY
YEAR: 2023
LATITUDE: 37 46 N
LONGITUDE: 89 15 W
TEMPERATURE IN F: :PCPN: SNOW: WIND :SUNSHINE: SKY :PK WND
================================================================================
1 2 3 4 5 6A 6B 7 8 9 10 11 12 13 14 15 16 17 18
12Z AVG MX 2MIN
DY MAX MIN AVG DEP HDD CDD WTR SNW DPTH SPD SPD DIR MIN PSBL S-S WX SPD DR
================================================================================
1 65 44 55 -7 10 0 0.00 M M 12.4 24 280 M M 2 38 300
2 66 41 54 -8 11 0 0.00 M M 10.6 22 300 M M 1 33 290
3 68 43 56 -6 9 0 0.00 M M 5.0 15 320 M M 0 20 320
4 72 40 56 -6 9 0 0.00 M M 3.2 12 210 M M 0 8 16 210
5 69 54 62 -1 3 0 T M M 6.5 15 160 M M 6 22 170
6 82 58 70 7 0 5 0.00 M M 11.0 18 180 M M 7 26 150
7 84 65 75 12 0 10 0.72 M M 12.1 24 210 M M 5 138 32 210
8 84 62 73 9 0 8 0.62 M M 9.1 24 170 M M 5 13 32 330
9 77 59 68 4 0 3 0.00 M M 4.6 14 20 M M 3 18 19 20
10 80 58 69 5 0 4 0.01 M M 6.3 17 70 M M 1 13 22 60
11 81 64 73 8 0 8 T M M 7.6 20 120 M M 4 27 140
12 79 68 74 9 0 9 0.01 M M 6.5 15 110 M M 6 1 19 190
13 80 66 73 8 0 8 0.00 M M 6.6 17 210 M M 4 1 23 210
14 89 65 77 11 0 12 0.02 M M 3.4 17 340 M M 3 123 25 350
15 77 67 72 6 0 7 T M M 4.7 10 40 M M 5 13 13 50
16 69 60 65 -1 0 0 0.82 M M 6.1 18 230 M M 8 13 24 230
17 80 56 68 2 0 3 0.00 M M 1.9 9 50 M M 1 12 14 350
18 81 57 69 2 0 4 0.00 M M 3.5 10 80 M M 1 1 15 90
19 83 57 70 3 0 5 0.38 M M 6.1 21 350 M M 3 13 30 360
20 71 54 63 -4 2 0 T M M 8.5 16 340 M M 2 18 23 340
21 76 50 63 -5 2 0 0.00 M M 4.0 14 110 M M 0 1 18 70
22 80 51 66 -2 0 1 0.00 M M 4.6 16 40 M M 0 1 23 80
23 84 56 70 2 0 5 0.00 M M 2.7 13 160 M M 1 18 170
24 87 60 74 5 0 9 0.00 M M 3.6 14 60 M M 1 1 20 60
25 79 57 68 -1 0 3 0.00 M M 6.6 16 30 M M 0 18 20 10
26 77 49 63 -6 2 0 0.00 M M 5.8 15 30 M M 0 21 10
27 81 52 67 -3 0 2 0.00 M M 5.1 15 80 M M 2 19 80
28 80 56 68 -2 0 3 0.00 M M 4.0 14 90 M M 1 24 80
29 86 56 71 1 0 6 0.00 M M 3.3 14 350 M M 1 18 17 330
30 89 59 74 3 0 9 0.00 M M 1.3 9 210 M M 5 18 12 340
31 88 65 77 6 0 12 0.00 M M 4.6 12 190 M M 4 16 160
================================================================================
SM 2444 1749 48 136 2.58 M 181.3 M 82
================================================================================
AV 78.8 56.4 5.8 FASTST M M 3 MAX(MPH)
MISC ----> # 24 280 38 300
================================================================================
NOTES:
# LAST OF SEVERAL OCCURRENCES
COLUMN 17 PEAK WIND IN M.P.H.
PRELIMINARY LOCAL CLIMATOLOGICAL DATA (WS FORM: F-6) , PAGE 2
STATION: CARBONDALE IL
MONTH: MAY
YEAR: 2023
LATITUDE: 37 46 N
LONGITUDE: 89 15 W
[TEMPERATURE DATA] [PRECIPITATION DATA] SYMBOLS USED IN COLUMN 16
AVERAGE MONTHLY: 67.6 TOTAL FOR MONTH: 2.58 1 = FOG OR MIST
DPTR FM NORMAL: 1.4 DPTR FM NORMAL: -2.40 2 = FOG REDUCING VISIBILITY
HIGHEST: 89 ON 30,14 GRTST 24HR 1.25 ON 7- 8 TO 1/4 MILE OR LESS
LOWEST: 40 ON 4 3 = THUNDER
SNOW, ICE PELLETS, HAIL 4 = ICE PELLETS
TOTAL MONTH: M 5 = HAIL
GRTST 24HR M ON M 6 = FREEZING RAIN OR DRIZZLE
GRTST DEPTH: M ON M 7 = DUSTSTORM OR SANDSTORM:
VSBY 1/2 MILE OR LESS
8 = SMOKE OR HAZE
[NO. OF DAYS WITH] [WEATHER - DAYS WITH] 9 = BLOWING SNOW
X = TORNADO
MAX 32 OR BELOW: 0 0.01 INCH OR MORE: 7
MAX 90 OR ABOVE: 0 0.10 INCH OR MORE: 4
MIN 32 OR BELOW: 0 0.50 INCH OR MORE: 3
MIN 0 OR BELOW: 0 1.00 INCH OR MORE: 0
[HDD (BASE 65) ]
TOTAL THIS MO. 48 CLEAR (SCALE 0-3) 19
DPTR FM NORMAL -33 PTCLDY (SCALE 4-7) 11
TOTAL FM JUL 1 4053 CLOUDY (SCALE 8-10) 1
DPTR FM NORMAL -406
[CDD (BASE 65) ]
TOTAL THIS MO. 136
DPTR FM NORMAL 18 [PRESSURE DATA]
TOTAL FM JAN 1 154 HIGHEST SLP M ON M
DPTR FM NORMAL 8 LOWEST SLP 29.63 ON 1
[REMARKS]
#FINAL-05-23#