000
CXUS53 KPAH 010700
CF6MDH
PRELIMINARY LOCAL CLIMATOLOGICAL DATA (WS FORM: F-6)
STATION: CARBONDALE IL
MONTH: FEBRUARY
YEAR: 2023
LATITUDE: 37 46 N
LONGITUDE: 89 15 W
TEMPERATURE IN F: :PCPN: SNOW: WIND :SUNSHINE: SKY :PK WND
================================================================================
1 2 3 4 5 6A 6B 7 8 9 10 11 12 13 14 15 16 17 18
12Z AVG MX 2MIN
DY MAX MIN AVG DEP HDD CDD WTR SNW DPTH SPD SPD DIR MIN PSBL S-S WX SPD DR
================================================================================
1 32 19 26 -8 39 0 0.00 M M 2.3 10 360 M M 0 14 60
2 40 21 31 -3 34 0 0.00 M M 4.8 24 330 M M 0 32 340
3 30 17 24 -11 41 0 0.00 M M 9.2 22 340 M M 0 30 360
4 44 20 32 -3 33 0 0.00 M M 13.1 22 200 M M 0 32 200
5 60 33 47 12 18 0 0.00 M M 10.6 24 200 M M 0 31 210
6 61 26 44 9 21 0 0.00 M M 9.3 24 200 M M 1 12 32 190
7 59 45 52 17 13 0 0.09 M M 7.7 22 200 M M 10 1 30 200
8 52 42 47 11 18 0 1.94 M M 6.3 16 100 M M 10 1 20 100
9 63 35 49 13 16 0 0.13 M M 15.4 45 210 M M 9 1 63 210
10 40 28 34 -2 31 0 0.00 M M 6.8 14 340 M M 7 8 19 340
11 48 24 36 0 29 0 0.00 M M 5.8 15 20 M M 0 1 19 20
12 56 28 42 5 23 0 T M M 4.4 9 200 M M 0 12 220
13 63 36 50 13 15 0 0.00 M M 5.2 12 250 M M 0 15 240
14 60 36 48 11 17 0 0.04 M M 14.9 38 170 M M 5 1 50 180
15 70 51 61 23 4 0 0.10 M M 11.7 31 210 M M 2 13 52 220
16 51 33 42 4 23 0 0.76 M M 9.8 23 320 M M 10 123 34 320
17 37 25 31 -7 34 0 T M M 10.1 21 320 M M 5 1 29 340
18 50 24 37 -1 28 0 0.00 M M 10.0 20 190 M M 0 27 190
19 56 40 48 9 17 0 0.00 M M 13.9 26 190 M M 1 33 190
20 67 40 54 15 11 0 T M M 5.1 14 260 M M 3 22 240
21 60 36 48 9 17 0 0.00 M M 6.5 14 90 M M 2 19 120
22 73 54 64 24 1 0 0.18 M M 20.1 44 190 M M 5 13 61 190
23 64 34 49 9 16 0 0.00 M M 12.4 21 350 M M 3 1 31 330
24 46 27 37 -3 28 0 0.00 M M 9.2 16 50 M M 1 23 360
25 54 38 46 6 19 0 0.00 M M 4.9 13 350 M M 4 18 330
26 54 39 47 6 18 0 T M M 6.6 18 160 M M 7 1 24 160
27 73 53 63 22 2 0 0.02 M M 18.2 40 220 M M 5 3 55 210
28 66 38 52 11 13 0 0.00 M M 6.0 17 150 M M 0 1 22 150
================================================================================
SM 1529 942 579 0 3.26 M 260.3 M 90
================================================================================
AV 54.6 33.6 9.3 FASTST M M 3 MAX(MPH)
MISC ----> 45 210 63 210
================================================================================
NOTES:
# LAST OF SEVERAL OCCURRENCES
COLUMN 17 PEAK WIND IN M.P.H.
PRELIMINARY LOCAL CLIMATOLOGICAL DATA (WS FORM: F-6) , PAGE 2
STATION: CARBONDALE IL
MONTH: FEBRUARY
YEAR: 2023
LATITUDE: 37 46 N
LONGITUDE: 89 15 W
[TEMPERATURE DATA] [PRECIPITATION DATA] SYMBOLS USED IN COLUMN 16
AVERAGE MONTHLY: 44.1 TOTAL FOR MONTH: 3.26 1 = FOG OR MIST
DPTR FM NORMAL: 6.6 DPTR FM NORMAL: 0.65 2 = FOG REDUCING VISIBILITY
HIGHEST: 73 ON 27,22 GRTST 24HR 2.06 ON 8- 9 TO 1/4 MILE OR LESS
LOWEST: 17 ON 3 3 = THUNDER
SNOW, ICE PELLETS, HAIL 4 = ICE PELLETS
TOTAL MONTH: M 5 = HAIL
GRTST 24HR M ON M 6 = FREEZING RAIN OR DRIZZLE
GRTST DEPTH: M ON M 7 = DUSTSTORM OR SANDSTORM:
VSBY 1/2 MILE OR LESS
8 = SMOKE OR HAZE
[NO. OF DAYS WITH] [WEATHER - DAYS WITH] 9 = BLOWING SNOW
X = TORNADO
MAX 32 OR BELOW: 2 0.01 INCH OR MORE: 8
MAX 90 OR ABOVE: 0 0.10 INCH OR MORE: 5
MIN 32 OR BELOW: 11 0.50 INCH OR MORE: 2
MIN 0 OR BELOW: 0 1.00 INCH OR MORE: 1
[HDD (BASE 65) ]
TOTAL THIS MO. 579 CLEAR (SCALE 0-3) 17
DPTR FM NORMAL -191 PTCLDY (SCALE 4-7) 7
TOTAL FM JUL 1 3191 CLOUDY (SCALE 8-10) 4
DPTR FM NORMAL -336
[CDD (BASE 65) ]
TOTAL THIS MO. 0
DPTR FM NORMAL 0 [PRESSURE DATA]
TOTAL FM JAN 1 0 HIGHEST SLP M ON M
DPTR FM NORMAL 0 LOWEST SLP 29.31 ON 27
[REMARKS]
#FINAL-02-23#