000
CXUS51 KCTP 010800
CF6MDT
PRELIMINARY LOCAL CLIMATOLOGICAL DATA (WS FORM: F-6)
STATION: HARRISBURG PA
MONTH: APRIL
YEAR: 2021
LATITUDE: 40 11 N
LONGITUDE: 76 46 W
TEMPERATURE IN F: :PCPN: SNOW: WIND :SUNSHINE: SKY :PK WND
================================================================================
1 2 3 4 5 6A 6B 7 8 9 10 11 12 13 14 15 16 17 18
12Z AVG MX 2MIN
DY MAX MIN AVG DEP HDD CDD WTR SNW DPTH SPD SPD DIR MIN PSBL S-S WX SPD DR
================================================================================
1 50 34 42 -5 23 0 0.15 0.0 0 16.1 30 300 M M 8 38 320
2 47 29 38 -9 27 0 T T 0 16.1 29 310 M M 3 35 310
3 55 31 43 -5 22 0 0.00 0.0 0 8.7 17 290 M M 4 21 330
4 71 41 56 8 9 0 0.00 0.0 0 7.1 21 320 M M 4 30 330
5 72 43 58 10 7 0 T 0.0 0 8.5 18 300 M M 4 8 26 310
6 74 45 60 11 5 0 T 0.0 0 2.4 13 320 M M 4 8 18 320
7 74 51 63 14 2 0 T 0.0 0 4.4 9 150 M M 6 8 12 30
8 72 49 61 11 4 0 0.00 0.0 0 9.8 21 120 M M 4 8 24 120
9 58 52 55 5 10 0 0.03 0.0 0 8.1 13 140 M M 10 8 16 130
10 67 53 60 10 5 0 0.00 0.0 0 3.5 9 80 M M 10 18 12 190
11 72 54 63 12 2 0 1.76 0.0 0 5.3 29 260 M M 8 138 41 280
12 55 50 53 2 12 0 T 0.0 0 7.4 14 110 M M 10 18 16 110
13 66 49 58 7 7 0 T 0.0 0 3.5 15 290 M M 8 8 21 310
14 62 48 55 3 10 0 0.01 0.0 0 5.4 16 220 M M 7 8 19 220
15 62 45 54 2 11 0 T 0.0 0 12.4 28 310 M M 7 18 33 300
16 58 42 50 -2 15 0 T 0.0 0 14.6 29 290 M M 8 35 290
17 59 43 51 -2 14 0 0.00 0.0 0 10.6 17 270 M M 7 22 270
18 65 45 55 2 10 0 T 0.0 0 6.4 14 300 M M 6 16 300
19 67 44 56 3 9 0 T 0.0 0 5.2 17 220 M M 5 22 220
20 75 48 62 8 3 0 0.00 0.0 0 7.5 20 220 M M 4 8 26 230
21 65 38 52 -2 13 0 T 0.0 0 16.1 32 310 M M 6 39 310
22 49 35 42 -12 23 0 T T 0 17.6 31 280 M M 5 8 38 310
23 66 32 49 -6 16 0 0.00 0.0 0 10.1 22 270 M M 2 31 270
24 67 41 54 -1 11 0 0.10 0.0 0 5.3 15 240 M M 5 20 190
25 67 49 58 2 7 0 0.23 0.0 0 11.5 23 310 M M 8 18 30 320
26 66 42 54 -2 11 0 0.00 0.0 0 8.8 22 310 M M 1 8 26 310
27 80 45 63 7 2 0 0.00 0.0 0 3.7 10 130 M M 5 8 13 100
28 87 54 71 15 0 6 0.00 0.0 0 6.9 28 270 M M 9 8 37 280
29 77 65 71 14 0 6 0.15 0.0 0 6.6 25 300 M M 10 18 36 270
30 69 47 58 1 7 0 T 0.0 0 26.4 48 310 M M 7 8 62 310
================================================================================
SM 1974 1344 297 12 2.43 T 276.0 M 185
================================================================================
AV 65.8 44.8 9.2 FASTST M M 6 MAX(MPH)
MISC ----> 48 310 62 310
================================================================================
NOTES:
# LAST OF SEVERAL OCCURRENCES
COLUMN 17 PEAK WIND IN M.P.H.
PRELIMINARY LOCAL CLIMATOLOGICAL DATA (WS FORM: F-6) , PAGE 2
STATION: HARRISBURG PA
MONTH: APRIL
YEAR: 2021
LATITUDE: 40 11 N
LONGITUDE: 76 46 W
[TEMPERATURE DATA] [PRECIPITATION DATA] SYMBOLS USED IN COLUMN 16
AVERAGE MONTHLY: 55.3 TOTAL FOR MONTH: 2.43 1 = FOG OR MIST
DPTR FM NORMAL: 3.1 DPTR FM NORMAL: -0.67 2 = FOG REDUCING VISIBILITY
HIGHEST: 87 ON 28 GRTST 24HR 1.76 ON 11-11 TO 1/4 MILE OR LESS
LOWEST: 29 ON 2 3 = THUNDER
SNOW, ICE PELLETS, HAIL 4 = ICE PELLETS
TOTAL MONTH: T 5 = HAIL
GRTST 24HR T ON 2- 2 6 = FREEZING RAIN OR DRIZZLE
GRTST DEPTH: 0 7 = DUSTSTORM OR SANDSTORM:
VSBY 1/2 MILE OR LESS
8 = SMOKE OR HAZE
[NO. OF DAYS WITH] [WEATHER - DAYS WITH] 9 = BLOWING SNOW
X = TORNADO
MAX 32 OR BELOW: 0 0.01 INCH OR MORE: 7
MAX 90 OR ABOVE: 0 0.10 INCH OR MORE: 5
MIN 32 OR BELOW: 3 0.50 INCH OR MORE: 1
MIN 0 OR BELOW: 0 1.00 INCH OR MORE: 1
[HDD (BASE 65) ]
TOTAL THIS MO. 297 CLEAR (SCALE 0-3) 3
DPTR FM NORMAL -95 PTCLDY (SCALE 4-7) 21
TOTAL FM JUL 1 4288 CLOUDY (SCALE 8-10) 6
DPTR FM NORMAL -815
[CDD (BASE 65) ]
TOTAL THIS MO. 12
DPTR FM NORMAL 6 [PRESSURE DATA]
TOTAL FM JAN 1 12 HIGHEST SLP 30.44 ON 3
DPTR FM NORMAL 5 LOWEST SLP 29.44 ON 11
[REMARKS]
#FINAL-04-21#