000
CXUS54 KMEG 011633
CF6MEM
PRELIMINARY LOCAL CLIMATOLOGICAL DATA (WS FORM: F-6)
STATION: MEMPHIS
MONTH: NOVEMBER
YEAR: 2022
LATITUDE: 35 3 N
LONGITUDE: 89 59 W
TEMPERATURE IN F: :PCPN: SNOW: WIND :SUNSHINE: SKY :PK WND
================================================================================
1 2 3 4 5 6A 6B 7 8 9 10 11 12 13 14 15 16 17 18
12Z AVG MX 2MIN
DY MAX MIN AVG DEP HDD CDD WTR SNW DPTH SPD SPD DIR MIN PSBL S-S WX SPD DR
================================================================================
1 70 51 61 3 4 0 T 0.0 0 1.5 7 200 M M 6 18 160
2 78 57 68 10 0 3 0.02 0.0 0 2.8 9 40 M M 4 1 14 50
3 79 52 66 9 0 1 0.00 0.0 0 7.0 14 160 M M 1 19 150
4 78 62 70 13 0 5 T 0.0 0 14.9 31 160 M M 4 45 160
5 72 50 61 5 4 0 1.61 0.0 0 11.0 28 160 M M 6 13 36 150
6 73 48 61 5 4 0 0.00 0.0 0 5.5 15 170 M M 5 1 17 170
7 70 62 66 10 0 1 0.17 0.0 0 7.1 13 50 M M 9 1 15 40
8 82 58 70 15 0 5 0.00 0.0 0 5.2 9 90 M M 4 16 70
9 79 61 70 15 0 5 0.00 0.0 0 6.9 15 160 M M 1 19 170
10 75 51 63 9 2 0 0.00 0.0 0 4.0 12 160 M M 4 17 100
11 69 47 58 4 7 0 0.00 0.0 0 9.0 20 350 M M 5 23 10
12 47 31 39 -15 26 0 0.19 0.0 0 10.8 21 350 M M 9 1 27 350
13 44 32 38 -15 27 0 0.00 0.0 0 8.9 17 60 M M 4 20 40
14 51 30 41 -12 24 0 0.10 0.0 0 7.4 17 80 M M 7 1 21 70
15 47 40 44 -9 21 0 T 0.0 0 9.7 17 330 M M 10 1 22 300
16 50 32 41 -11 24 0 0.00 0.0 0 7.6 20 350 M M 4 24 360
17 44 27 36 -16 29 0 0.00 0.0 0 3.9 13 290 M M 0 17 290
18 46 30 38 -14 27 0 0.00 0.0 0 6.0 14 340 M M 5 18 10
19 43 27 35 -16 30 0 0.00 0.0 0 4.3 15 200 M M 3 20 210
20 44 27 36 -15 29 0 0.00 0.0 0 4.9 15 70 M M 0 19 20
21 53 24 39 -12 26 0 0.00 0.0 0 1.6 8 210 M M 2 12 230
22 61 30 46 -4 19 0 0.00 0.0 0 1.9 7 180 M M 2 10 140
23 67 34 51 1 14 0 T 0.0 0 2.6 9 140 M M 4 12 140
24 59 48 54 4 11 0 0.25 0.0 0 4.4 10 320 M M 9 1 18 290
25 65 49 57 7 8 0 0.01 0.0 0 8.3 16 50 M M 8 1 21 20
26 63 46 55 6 10 0 0.20 0.0 0 9.9 24 170 M M 10 1 31 170
27 59 42 51 2 14 0 T 0.0 0 10.6 24 230 M M 8 35 230
28 62 42 52 3 13 0 0.00 0.0 0 4.6 12 190 M M 5 12 17 250
29 68 49 59 11 6 0 1.07 0.0 0 9.7 25 230 M M 6 13 34 180
30 60 31 46 -2 19 0 0.00 0.0 0 8.3 29 310 M M 2 36 320
================================================================================
SM 1858 1270 398 20 3.62 0.0 200.3 M 147
================================================================================
AV 61.9 42.3 6.7 FASTST M M 5 MAX(MPH)
MISC ----> 31 160 45 160
================================================================================
NOTES:
# LAST OF SEVERAL OCCURRENCES
COLUMN 17 PEAK WIND IN M.P.H.
PRELIMINARY LOCAL CLIMATOLOGICAL DATA (WS FORM: F-6) , PAGE 2
STATION: MEMPHIS
MONTH: NOVEMBER
YEAR: 2022
LATITUDE: 35 3 N
LONGITUDE: 89 59 W
[TEMPERATURE DATA] [PRECIPITATION DATA] SYMBOLS USED IN COLUMN 16
AVERAGE MONTHLY: 52.1 TOTAL FOR MONTH: 3.62 1 = FOG OR MIST
DPTR FM NORMAL: -0.6 DPTR FM NORMAL: -1.07 2 = FOG REDUCING VISIBILITY
HIGHEST: 82 ON 8 GRTST 24HR 1.61 ON 5- 5 TO 1/4 MILE OR LESS
LOWEST: 24 ON 21 3 = THUNDER
SNOW, ICE PELLETS, HAIL 4 = ICE PELLETS
TOTAL MONTH: 0.0 INCH 5 = HAIL
GRTST 24HR 0.0 6 = FREEZING RAIN OR DRIZZLE
GRTST DEPTH: 0 7 = DUSTSTORM OR SANDSTORM:
VSBY 1/2 MILE OR LESS
8 = SMOKE OR HAZE
[NO. OF DAYS WITH] [WEATHER - DAYS WITH] 9 = BLOWING SNOW
X = TORNADO
MAX 32 OR BELOW: 0 0.01 INCH OR MORE: 9
MAX 90 OR ABOVE: 0 0.10 INCH OR MORE: 7
MIN 32 OR BELOW: 11 0.50 INCH OR MORE: 2
MIN 0 OR BELOW: 0 1.00 INCH OR MORE: 2
[HDD (BASE 65) ]
TOTAL THIS MO. 398 CLEAR (SCALE 0-3) 7
DPTR FM NORMAL 19 PTCLDY (SCALE 4-7) 18
TOTAL FM JUL 1 503 CLOUDY (SCALE 8-10) 5
DPTR FM NORMAL 1
[CDD (BASE 65) ]
TOTAL THIS MO. 20
DPTR FM NORMAL 8 [PRESSURE DATA]
TOTAL FM JAN 1 2657 HIGHEST SLP 30.53 ON 20
DPTR FM NORMAL 346 LOWEST SLP 29.54 ON 26
[REMARKS]
#FINAL-11-22#