000
CXUS54 KMEG 010900
CF6MEM
PRELIMINARY LOCAL CLIMATOLOGICAL DATA (WS FORM: F-6)
STATION: MEMPHIS
MONTH: OCTOBER
YEAR: 2022
LATITUDE: 35 3 N
LONGITUDE: 89 59 W
TEMPERATURE IN F: :PCPN: SNOW: WIND :SUNSHINE: SKY :PK WND
================================================================================
1 2 3 4 5 6A 6B 7 8 9 10 11 12 13 14 15 16 17 18
12Z AVG MX 2MIN
DY MAX MIN AVG DEP HDD CDD WTR SNW DPTH SPD SPD DIR MIN PSBL S-S WX SPD DR
================================================================================
1 78 52 65 -6 0 0 0.00 0.0 0 7.8 17 10 M M 1 20 10
2 81 55 68 -2 0 3 0.00 0.0 0 8.4 18 30 M M 0 24 40
3 79 56 68 -2 0 3 0.00 0.0 0 7.9 16 10 M M 0 21 10
4 78 53 66 -4 0 1 0.00 0.0 0 5.3 14 30 M M 0 19 30
5 80 50 65 -4 0 0 0.00 0.0 0 3.5 8 330 M M 1 13 10
6 85 53 69 0 0 4 0.00 0.0 0 4.2 15 290 M M 1 19 320
7 81 57 69 1 0 4 0.00 0.0 0 6.9 17 330 M M 4 8 23 30
8 70 51 61 -7 4 0 0.00 0.0 0 7.6 16 40 M M 0 20 40
9 75 49 62 -6 3 0 0.00 0.0 0 3.4 10 290 M M 1 14 240
10 84 53 69 2 0 4 0.00 0.0 0 4.4 10 150 M M 3 13 140
11 80 60 70 3 0 5 T 0.0 0 6.8 15 150 M M 5 21 150
12 85 63 74 8 0 9 0.99 0.0 0 8.2 35 300 M M 7 13 46 300
13 71 52 62 -4 3 0 0.00 0.0 0 5.7 15 280 M M 1 21 300
14 80 46 63 -2 2 0 0.00 0.0 0 7.4 17 200 M M 1 30 230
15 71 59 65 0 0 0 0.90 0.0 0 8.2 21 250 M M 7 135 30 230
16 75 62 69 4 0 4 0.01 0.0 0 5.5 10 280 M M 8 M M
17 62 43 53 -11 12 0 0.00 0.0 0 11.1 20 360 M M 0 29 330
18 52 36 44 -20 21 0 0.00 0.0 0 8.9 17 320 M M 0 23 360
19 59 35 47 -16 18 0 0.00 0.0 0 5.5 12 340 M M 1 17 280
20 68 37 53 -10 12 0 0.00 0.0 0 5.5 14 180 M M 1 19 190
21 80 49 65 3 0 0 0.00 0.0 0 9.4 17 200 M M 0 24 200
22 79 62 71 9 0 6 0.00 0.0 0 13.3 23 190 M M 4 29 200
23 81 61 71 9 0 6 0.00 0.0 0 12.9 22 170 M M 4 29 220
24 80 60 70 9 0 5 0.00 0.0 0 12.2 23 170 M M 5 28 170
25 73 48 61 0 4 0 0.53 0.0 0 15.0 26 220 M M 8 1 37 240
26 66 44 55 -5 10 0 0.00 0.0 0 7.2 15 350 M M 0 19 320
27 70 45 58 -2 7 0 0.00 0.0 0 9.6 21 90 M M 3 27 70
28 76 48 62 2 3 0 0.00 0.0 0 6.6 16 90 M M 6 8 21 90
29 72 58 65 6 0 0 2.37 0.0 0 11.7 25 90 M M 9 1 29 120
30 69 59 64 5 1 0 0.02 0.0 0 9.2 17 140 M M 9 27 200
31 71 54 63 5 2 0 0.00 0.0 M 5.1 14 270 M M 7 17 260
================================================================================
SM 2311 1610 102 54 4.82 0.0 244.4 M 97
================================================================================
AV 74.5 51.9 7.9 FASTST M M 3 MAX(MPH)
MISC ----> 35 300 46 300
================================================================================
NOTES:
# LAST OF SEVERAL OCCURRENCES
COLUMN 17 PEAK WIND IN M.P.H.
PRELIMINARY LOCAL CLIMATOLOGICAL DATA (WS FORM: F-6) , PAGE 2
STATION: MEMPHIS
MONTH: OCTOBER
YEAR: 2022
LATITUDE: 35 3 N
LONGITUDE: 89 59 W
[TEMPERATURE DATA] [PRECIPITATION DATA] SYMBOLS USED IN COLUMN 16
AVERAGE MONTHLY: 63.2 TOTAL FOR MONTH: 4.82 1 = FOG OR MIST
DPTR FM NORMAL: -1.4 DPTR FM NORMAL: 0.84 2 = FOG REDUCING VISIBILITY
HIGHEST: 85 ON 12, 6 GRTST 24HR 2.37 ON 29-29 TO 1/4 MILE OR LESS
LOWEST: 35 ON 19 3 = THUNDER
SNOW, ICE PELLETS, HAIL 4 = ICE PELLETS
TOTAL MONTH: 0.0 INCH 5 = HAIL
GRTST 24HR 0.0 6 = FREEZING RAIN OR DRIZZLE
GRTST DEPTH: 0 7 = DUSTSTORM OR SANDSTORM:
VSBY 1/2 MILE OR LESS
8 = SMOKE OR HAZE
[NO. OF DAYS WITH] [WEATHER - DAYS WITH] 9 = BLOWING SNOW
X = TORNADO
MAX 32 OR BELOW: 0 0.01 INCH OR MORE: 6
MAX 90 OR ABOVE: 0 0.10 INCH OR MORE: 4
MIN 32 OR BELOW: 0 0.50 INCH OR MORE: 4
MIN 0 OR BELOW: 0 1.00 INCH OR MORE: 1
[HDD (BASE 65) ]
TOTAL THIS MO. 102 CLEAR (SCALE 0-3) 18
DPTR FM NORMAL -14 PTCLDY (SCALE 4-7) 10
TOTAL FM JUL 1 105 CLOUDY (SCALE 8-10) 3
DPTR FM NORMAL -19
[CDD (BASE 65) ]
TOTAL THIS MO. 54
DPTR FM NORMAL -48 [PRESSURE DATA]
TOTAL FM JAN 1 2637 HIGHEST SLP 30.42 ON 8
DPTR FM NORMAL 338 LOWEST SLP 29.60 ON 25
[REMARKS]
#FINAL-10-22#