000
CXUS54 KMEG 011000
CF6MEM
PRELIMINARY LOCAL CLIMATOLOGICAL DATA (WS FORM: F-6)
STATION: MEMPHIS
MONTH: FEBRUARY
YEAR: 2024
LATITUDE: 35 3 N
LONGITUDE: 89 59 W
TEMPERATURE IN F: :PCPN: SNOW: WIND :SUNSHINE: SKY :PK WND
================================================================================
1 2 3 4 5 6A 6B 7 8 9 10 11 12 13 14 15 16 17 18
12Z AVG MX 2MIN
DY MAX MIN AVG DEP HDD CDD WTR SNW DPTH SPD SPD DIR MIN PSBL S-S WX SPD DR
================================================================================
1 63 32 48 5 17 0 0.00 0.0 0 4.6 12 200 M M 6 17 180
2 71 42 57 14 8 0 0.00 0.0 0 3.5 13 210 M M 2 21 210
3 71 45 58 14 7 0 0.11 0.0 0 6.7 16 90 M M 7 21 90
4 54 45 50 6 15 0 1.27 0.0 0 13.6 23 90 M M 10 1 30 80
5 57 40 49 5 16 0 0.00 0.0 0 10.2 18 350 M M 2 28 360
6 63 36 50 6 15 0 0.00 0.0 0 5.5 12 310 M M 1 16 320
7 66 38 52 8 13 0 0.00 0.0 0 5.5 14 180 M M 6 22 250
8 64 51 58 14 7 0 T 0.0 0 13.6 23 190 M M 9 32 170
9 65 58 62 17 3 0 0.30 0.0 0 10.2 18 200 M M 9 1 37 220
10 64 48 56 11 9 0 1.64 0.0 0 8.8 15 210 M M 10 13 22 220
11 51 43 47 2 18 0 0.03 0.0 0 10.3 18 40 M M 10 1 24 40
12 50 35 43 -2 22 0 0.31 T 0 10.9 22 300 M M 9 13 29 290
13 56 31 44 -2 21 0 0.00 0.0 0 3.9 13 300 M M 0 17 300
14 64 36 50 4 15 0 0.00 0.0 0 4.9 13 200 M M 1 25 240
15 67 44 56 10 9 0 0.00 0.0 0 5.8 15 240 M M 5 22 210
16 69 33 51 5 14 0 T 0.0 0 12.7 30 360 M M 10 42 360
17 38 29 34 -13 31 0 0.00 0.0 0 12.9 28 10 M M 8 39 360
18 50 25 38 -9 27 0 0.00 0.0 0 4.4 12 300 M M 0 16 220
19 59 29 44 -3 21 0 0.00 0.0 0 3.9 15 240 M M 2 22 230
20 67 42 55 8 10 0 0.00 0.0 0 5.5 12 220 M M 3 17 270
21 74 48 61 13 4 0 0.00 0.0 0 14.5 28 180 M M 3 39 200
22 68 55 62 14 3 0 0.13 0.0 0 15.2 29 10 M M 7 13 44 230
23 66 47 57 9 8 0 0.00 0.0 0 7.6 21 320 M M 1 1 27 330
24 58 44 51 3 14 0 0.00 0.0 0 9.4 17 330 M M 0 24 310
25 74 42 58 9 7 0 0.00 0.0 0 13.3 24 210 M M 4 39 230
26 69 56 63 14 2 0 0.00 0.0 0 14.9 25 190 M M 6 38 200
27 78 65 72 23 0 7 0.00 0.0 0 21.6 30 200 M M 9 48 190
28 73 42 58 8 7 0 0.02 0.0 0 14.3 29 340 M M 10 43 210
29 52 37 45 -5 20 0 0.01 0.0 0 9.2 18 70 M M 9 25 80
================================================================================
SM 1821 1218 363 7 3.82 T 277.4 M 159
================================================================================
AV 62.8 42.0 9.6 FASTST M M 5 MAX(MPH)
MISC ----> # 30 360 48 190
================================================================================
NOTES:
# LAST OF SEVERAL OCCURRENCES
COLUMN 17 PEAK WIND IN M.P.H.
PRELIMINARY LOCAL CLIMATOLOGICAL DATA (WS FORM: F-6) , PAGE 2
STATION: MEMPHIS
MONTH: FEBRUARY
YEAR: 2024
LATITUDE: 35 3 N
LONGITUDE: 89 59 W
[TEMPERATURE DATA] [PRECIPITATION DATA] SYMBOLS USED IN COLUMN 16
AVERAGE MONTHLY: 52.4 TOTAL FOR MONTH: 3.82 1 = FOG OR MIST
DPTR FM NORMAL: 6.3 DPTR FM NORMAL: -0.73 2 = FOG REDUCING VISIBILITY
HIGHEST: 78 ON 27 GRTST 24HR 1.64 ON 10-10 TO 1/4 MILE OR LESS
LOWEST: 25 ON 18 3 = THUNDER
SNOW, ICE PELLETS, HAIL 4 = ICE PELLETS
TOTAL MONTH: T 5 = HAIL
GRTST 24HR T ON 12-12 6 = FREEZING RAIN OR DRIZZLE
GRTST DEPTH: 0 7 = DUSTSTORM OR SANDSTORM:
VSBY 1/2 MILE OR LESS
8 = SMOKE OR HAZE
[NO. OF DAYS WITH] [WEATHER - DAYS WITH] 9 = BLOWING SNOW
X = TORNADO
MAX 32 OR BELOW: 0 0.01 INCH OR MORE: 9
MAX 90 OR ABOVE: 0 0.10 INCH OR MORE: 6
MIN 32 OR BELOW: 5 0.50 INCH OR MORE: 2
MIN 0 OR BELOW: 0 1.00 INCH OR MORE: 2
[HDD (BASE 65) ]
TOTAL THIS MO. 363 CLEAR (SCALE 0-3) 11
DPTR FM NORMAL -169 PTCLDY (SCALE 4-7) 8
TOTAL FM JUL 1 2092 CLOUDY (SCALE 8-10) 10
DPTR FM NORMAL -313
[CDD (BASE 65) ]
TOTAL THIS MO. 7
DPTR FM NORMAL 5 [PRESSURE DATA]
TOTAL FM JAN 1 7 HIGHEST SLP 30.54 ON 29
DPTR FM NORMAL 4 LOWEST SLP 29.55 ON 27
[REMARKS]
#FINAL-02-24#