000
CXUS54 KMEG 010900
CF6MEM
PRELIMINARY LOCAL CLIMATOLOGICAL DATA (WS FORM: F-6)
STATION: MEMPHIS
MONTH: AUGUST
YEAR: 2022
LATITUDE: 35 3 N
LONGITUDE: 89 59 W
TEMPERATURE IN F: :PCPN: SNOW: WIND :SUNSHINE: SKY :PK WND
================================================================================
1 2 3 4 5 6A 6B 7 8 9 10 11 12 13 14 15 16 17 18
12Z AVG MX 2MIN
DY MAX MIN AVG DEP HDD CDD WTR SNW DPTH SPD SPD DIR MIN PSBL S-S WX SPD DR
================================================================================
1 94 75 85 2 0 20 T 0.0 0 9.3 17 240 M M 7 25 260
2 95 77 86 3 0 21 0.00 0.0 0 6.0 15 200 M M 4 19 200
3 93 75 84 1 0 19 0.00 0.0 0 7.6 14 200 M M 4 19 240
4 90 77 84 1 0 19 0.00 0.0 0 7.0 13 160 M M 8 18 220
5 93 77 85 2 0 20 1.03 0.0 0 4.3 17 150 M M 8 13 25 160
6 95 76 86 3 0 21 0.00 0.0 0 7.2 15 230 M M 2 24 250
7 94 76 85 2 0 20 0.00 0.0 0 6.3 14 210 M M 4 20 230
8 97 78 88 5 0 23 0.00 0.0 0 7.6 29 320 M M 4 40 290
9 94 75 85 2 0 20 0.33 0.0 0 7.3 32 180 M M 7 13 39 180
10 93 74 84 1 0 19 1.28 0.0 0 4.5 12 80 M M 8 13 15 290
11 91 75 83 0 0 18 0.61 0.0 0 6.8 17 60 M M 8 1 21 50
12 91 74 83 0 0 18 0.00 0.0 0 9.4 18 50 M M 4 22 50
13 91 68 80 -2 0 15 0.00 0.0 0 5.5 14 320 M M 4 18 330
14 92 72 82 0 0 17 0.00 0.0 0 4.8 12 230 M M 4 17 310
15 94 77 86 4 0 21 0.00 0.0 0 7.9 16 10 M M 6 29 330
16 86 73 80 -2 0 15 0.01 0.0 0 9.2 16 60 M M 7 20 70
17 77 68 73 -9 0 8 0.88 0.0 0 6.6 17 80 M M 9 1 22 80
18 90 69 80 -2 0 15 0.00 0.0 0 6.2 14 20 M M 4 17 20
19 92 72 82 0 0 17 0.00 0.0 0 4.3 9 310 M M 5 13 70
20 90 74 82 0 0 17 T 0.0 0 6.9 14 190 M M 8 22 240
21 87 71 79 -3 0 14 1.15 0.0 0 5.9 24 290 M M 9 18 32 300
22 90 74 82 0 0 17 0.04 0.0 0 2.9 15 170 M M 8 18 18 180
23 86 73 80 -2 0 15 0.08 0.0 0 3.5 24 320 M M 6 18 29 320
24 88 73 81 0 0 16 0.00 0.0 0 6.3 15 90 M M 7 17 90
25 92 72 82 1 0 17 0.00 0.0 0 3.4 13 80 M M 4 15 110
26 95 74 85 4 0 20 T 0.0 0 2.3 14 120 M M 4 18 150
27 98 75 87 6 0 22 0.00 0.0 0 3.7 17 50 M M 2 8 22 90
28 95 76 86 5 0 21 0.00 0.0 0 8.7 22 180 M M 3 29 190
29 96 78 87 6 0 22 T 0.0 0 6.9 15 340 M M 5 3 20 340
30 93 75 84 4 0 19 0.54 0.0 0 5.5 15 210 M M 6 138 18 210
31 93 75 84 4 0 19 0.00 0.0 0 6.4 14 360 M M 1 18 330
================================================================================
SM 2845 2298 0 565 5.95 0.0 190.2 M 170
================================================================================
AV 91.8 74.1 6.1 FASTST M M 5 MAX(MPH)
MISC ----> 32 180 40 290
================================================================================
NOTES:
# LAST OF SEVERAL OCCURRENCES
COLUMN 17 PEAK WIND IN M.P.H.
PRELIMINARY LOCAL CLIMATOLOGICAL DATA (WS FORM: F-6) , PAGE 2
STATION: MEMPHIS
MONTH: AUGUST
YEAR: 2022
LATITUDE: 35 3 N
LONGITUDE: 89 59 W
[TEMPERATURE DATA] [PRECIPITATION DATA] SYMBOLS USED IN COLUMN 16
AVERAGE MONTHLY: 83.0 TOTAL FOR MONTH: 5.95 1 = FOG OR MIST
DPTR FM NORMAL: 0.9 DPTR FM NORMAL: 2.58 2 = FOG REDUCING VISIBILITY
HIGHEST: 98 ON 27 GRTST 24HR 1.89 ON 10-11 TO 1/4 MILE OR LESS
LOWEST: 68 ON 17,13 3 = THUNDER
SNOW, ICE PELLETS, HAIL 4 = ICE PELLETS
TOTAL MONTH: 0.0 INCH 5 = HAIL
GRTST 24HR 0.0 6 = FREEZING RAIN OR DRIZZLE
GRTST DEPTH: 0 7 = DUSTSTORM OR SANDSTORM:
VSBY 1/2 MILE OR LESS
8 = SMOKE OR HAZE
[NO. OF DAYS WITH] [WEATHER - DAYS WITH] 9 = BLOWING SNOW
X = TORNADO
MAX 32 OR BELOW: 0 0.01 INCH OR MORE: 10
MAX 90 OR ABOVE: 26 0.10 INCH OR MORE: 7
MIN 32 OR BELOW: 0 0.50 INCH OR MORE: 6
MIN 0 OR BELOW: 0 1.00 INCH OR MORE: 3
[HDD (BASE 65) ]
TOTAL THIS MO. 0 CLEAR (SCALE 0-3) 4
DPTR FM NORMAL 0 PTCLDY (SCALE 4-7) 24
TOTAL FM JUL 1 0 CLOUDY (SCALE 8-10) 3
DPTR FM NORMAL 0
[CDD (BASE 65) ]
TOTAL THIS MO. 565
DPTR FM NORMAL 37 [PRESSURE DATA]
TOTAL FM JAN 1 2189 HIGHEST SLP 30.18 ON 7
DPTR FM NORMAL 327 LOWEST SLP 29.85 ON 28
[REMARKS]
#FINAL-08-22#