000
CXUS54 KMEG 010900
CF6MEM
PRELIMINARY LOCAL CLIMATOLOGICAL DATA (WS FORM: F-6)
STATION: MEMPHIS
MONTH: JULY
YEAR: 2022
LATITUDE: 35 3 N
LONGITUDE: 89 59 W
TEMPERATURE IN F: :PCPN: SNOW: WIND :SUNSHINE: SKY :PK WND
================================================================================
1 2 3 4 5 6A 6B 7 8 9 10 11 12 13 14 15 16 17 18
12Z AVG MX 2MIN
DY MAX MIN AVG DEP HDD CDD WTR SNW DPTH SPD SPD DIR MIN PSBL S-S WX SPD DR
================================================================================
1 97 74 86 4 0 21 T 0.0 0 7.0 18 190 M M 4 23 180
2 97 75 86 4 0 21 0.05 0.0 0 6.6 15 190 M M 4 23 240
3 95 74 85 3 0 20 0.00 0.0 0 6.7 15 210 M M 5 23 230
4 99 77 88 6 0 23 0.00 0.0 0 6.1 14 200 M M 5 24 270
5 103 80 92 10 0 27 0.00 0.0 0 6.9 14 200 M M 3 21 260
6 101 79 90 8 0 25 0.00 0.0 0 6.7 13 210 M M 3 22 260
7 101 81 91 9 0 26 0.00 0.0 0 7.4 15 240 M M 2 21 260
8 103 82 93 10 0 28 0.00 0.0 0 8.8 15 220 M M 2 27 230
9 100 76 88 5 0 23 0.22 0.0 0 10.3 26 210 M M 7 13 34 250
10 96 77 87 4 0 22 0.00 0.0 0 10.3 18 70 M M 6 24 60
11 99 74 87 4 0 22 0.00 0.0 0 4.3 13 70 M M 0 16 10
12 101 77 89 6 0 24 0.00 0.0 0 5.1 16 50 M M 4 21 230
13 95 75 85 2 0 20 0.13 0.0 0 6.4 14 70 M M 6 13 19 40
14 98 76 87 4 0 22 0.00 0.0 0 5.5 14 70 M M 3 20 80
15 99 76 88 5 0 23 0.00 0.0 0 3.6 13 170 M M 4 18 140
16 100 77 89 6 0 24 0.00 0.0 0 6.3 15 210 M M 5 19 220
17 100 79 90 7 0 25 0.00 0.0 0 10.6 25 360 M M 7 35 20
18 92 71 82 -1 0 17 1.49 0.0 0 7.4 25 10 M M 8 13 32 10
19 95 75 85 2 0 20 0.01 0.0 0 11.9 18 210 M M 6 28 250
20 97 82 90 7 0 25 0.00 0.0 0 12.9 21 210 M M 3 33 210
21 100 80 90 7 0 25 0.00 0.0 0 6.0 17 210 M M 3 27 240
22 98 76 87 4 0 22 0.00 0.0 0 6.4 14 70 M M 3 17 230
23 96 77 87 4 0 22 0.00 0.0 0 7.6 15 150 M M 4 25 260
24 98 78 88 5 0 23 0.00 0.0 0 8.7 16 190 M M 2 23 250
25 100 80 90 7 0 25 0.00 0.0 0 8.3 16 210 M M 6 20 210
26 98 79 89 6 0 24 0.00 0.0 0 11.8 21 190 M M 6 28 170
27 96 80 88 5 0 23 T 0.0 0 10.0 16 210 M M 6 31 140
28 98 80 89 6 0 24 0.02 0.0 0 5.9 25 300 M M 6 32 300
29 88 74 81 -2 0 16 0.76 0.0 0 5.9 22 290 M M 8 13 32 290
30 90 76 83 0 0 18 0.06 0.0 0 5.9 17 170 M M 9 3 22 170
31 81 75 78 -5 0 13 1.50 0.0 0 5.8 12 190 M M 9 1 19 250
================================================================================
SM 3011 2392 0 693 4.24 0.0 233.1 M 149
================================================================================
AV 97.1 77.2 7.5 FASTST M M 5 MAX(MPH)
MISC ----> 26 210 35 20
================================================================================
NOTES:
# LAST OF SEVERAL OCCURRENCES
COLUMN 17 PEAK WIND IN M.P.H.
PRELIMINARY LOCAL CLIMATOLOGICAL DATA (WS FORM: F-6) , PAGE 2
STATION: MEMPHIS
MONTH: JULY
YEAR: 2022
LATITUDE: 35 3 N
LONGITUDE: 89 59 W
[TEMPERATURE DATA] [PRECIPITATION DATA] SYMBOLS USED IN COLUMN 16
AVERAGE MONTHLY: 87.1 TOTAL FOR MONTH: 4.24 1 = FOG OR MIST
DPTR FM NORMAL: 4.3 DPTR FM NORMAL: -0.58 2 = FOG REDUCING VISIBILITY
HIGHEST: 103 ON 8, 5 GRTST 24HR 1.50 ON 31-31 TO 1/4 MILE OR LESS
LOWEST: 71 ON 18 3 = THUNDER
SNOW, ICE PELLETS, HAIL 4 = ICE PELLETS
TOTAL MONTH: 0.0 INCH 5 = HAIL
GRTST 24HR 0.0 6 = FREEZING RAIN OR DRIZZLE
GRTST DEPTH: 0 7 = DUSTSTORM OR SANDSTORM:
VSBY 1/2 MILE OR LESS
8 = SMOKE OR HAZE
[NO. OF DAYS WITH] [WEATHER - DAYS WITH] 9 = BLOWING SNOW
X = TORNADO
MAX 32 OR BELOW: 0 0.01 INCH OR MORE: 9
MAX 90 OR ABOVE: 29 0.10 INCH OR MORE: 5
MIN 32 OR BELOW: 0 0.50 INCH OR MORE: 3
MIN 0 OR BELOW: 0 1.00 INCH OR MORE: 2
[HDD (BASE 65) ]
TOTAL THIS MO. 0 CLEAR (SCALE 0-3) 10
DPTR FM NORMAL 0 PTCLDY (SCALE 4-7) 19
TOTAL FM JUL 1 0 CLOUDY (SCALE 8-10) 2
DPTR FM NORMAL 0
[CDD (BASE 65) ]
TOTAL THIS MO. 693
DPTR FM NORMAL 143 [PRESSURE DATA]
TOTAL FM JAN 1 1624 HIGHEST SLP 30.15 ON 31
DPTR FM NORMAL 290 LOWEST SLP 29.76 ON 21
[REMARKS]
#FINAL-07-22#