000
CXUS54 KMEG 010900
CF6MEM
PRELIMINARY LOCAL CLIMATOLOGICAL DATA (WS FORM: F-6)
STATION: MEMPHIS
MONTH: APRIL
YEAR: 2022
LATITUDE: 35 3 N
LONGITUDE: 89 59 W
TEMPERATURE IN F: :PCPN: SNOW: WIND :SUNSHINE: SKY :PK WND
================================================================================
1 2 3 4 5 6A 6B 7 8 9 10 11 12 13 14 15 16 17 18
12Z AVG MX 2MIN
DY MAX MIN AVG DEP HDD CDD WTR SNW DPTH SPD SPD DIR MIN PSBL S-S WX SPD DR
================================================================================
1 60 36 48 -11 17 0 0.00 0.0 0 5.4 13 20 M M 1 17 340
2 69 44 57 -2 8 0 T 0.0 0 4.1 15 280 M M 4 24 60
3 72 48 60 0 5 0 0.00 0.0 0 6.3 15 90 M M 3 18 90
4 78 54 66 6 0 1 0.00 0.0 0 7.6 15 340 M M 9 20 320
5 73 57 65 5 0 0 0.57 0.0 0 5.9 21 70 M M 6 13 23 70
6 70 49 60 0 5 0 0.01 0.0 0 7.6 24 350 M M 7 1 30 360
7 64 47 56 -5 9 0 0.00 0.0 0 11.9 24 290 M M 4 34 280
8 50 44 47 -14 18 0 T 0.0 0 14.8 25 300 M M 9 33 280
9 66 37 52 -9 13 0 0.00 0.0 0 7.6 17 280 M M 2 24 280
10 82 51 67 5 0 2 T 0.0 0 15.5 31 180 M M 2 42 190
11 74 63 69 7 0 4 0.56 0.0 0 14.8 26 190 M M 9 13 35 180
12 83 66 75 13 0 10 0.45 0.0 0 17.8 31 180 M M 8 13 39 170
13 80 49 65 3 0 0 2.28 0.0 0 15.1 28 190 M M 9 13 38 180
14 68 42 55 -8 10 0 0.00 0.0 0 4.6 16 340 M M 1 22 350
15 80 50 65 2 0 0 0.02 0.0 0 12.6 22 210 M M 7 38 33 220
16 68 60 64 1 1 0 0.01 0.0 0 8.3 18 50 M M 10 13 26 60
17 60 48 54 -10 11 0 0.30 0.0 0 10.9 28 120 M M 10 13 33 120
18 62 47 55 -9 10 0 0.00 0.0 0 10.4 23 10 M M 5 29 10
19 65 42 54 -10 11 0 0.00 0.0 0 6.9 17 40 M M 1 21 30
20 65 52 59 -5 6 0 0.16 0.0 0 11.8 24 170 M M 9 3 31 180
21 81 63 72 7 0 7 1.10 0.0 0 10.5 22 180 M M 7 13 27 200
22 84 63 74 9 0 9 0.00 0.0 0 10.1 20 190 M M 2 25 180
23 83 65 74 9 0 9 0.00 0.0 0 14.3 28 180 M M 5 36 190
24 84 68 76 10 0 11 T 0.0 0 9.5 18 190 M M 8 24 170
25 74 57 66 0 0 1 1.14 0.0 0 8.1 23 290 M M 9 123 29 290
26 66 50 58 -8 7 0 0.00 0.0 0 9.9 20 30 M M 2 24 30
27 75 46 61 -5 4 0 0.00 0.0 0 5.1 13 100 M M 1 17 110
28 80 52 66 -1 0 1 T 0.0 0 5.0 14 190 M M 7 19 210
29 84 58 71 4 0 6 0.00 0.0 0 10.9 22 170 M M 4 30 200
30 83 65 74 7 0 9 0.02 0.0 0 12.2 18 190 M M 6 3 18 190
================================================================================
SM 2183 1573 135 70 6.62 0.0 295.5 M 167
================================================================================
AV 72.8 52.4 9.9 FASTST M M 6 MAX(MPH)
MISC ----> # 31 180 42 190
================================================================================
NOTES:
# LAST OF SEVERAL OCCURRENCES
COLUMN 17 PEAK WIND IN M.P.H.
PRELIMINARY LOCAL CLIMATOLOGICAL DATA (WS FORM: F-6) , PAGE 2
STATION: MEMPHIS
MONTH: APRIL
YEAR: 2022
LATITUDE: 35 3 N
LONGITUDE: 89 59 W
[TEMPERATURE DATA] [PRECIPITATION DATA] SYMBOLS USED IN COLUMN 16
AVERAGE MONTHLY: 62.6 TOTAL FOR MONTH: 6.62 1 = FOG OR MIST
DPTR FM NORMAL: -0.6 DPTR FM NORMAL: 0.75 2 = FOG REDUCING VISIBILITY
HIGHEST: 84 ON 29,24 GRTST 24HR 2.72 ON 12-13 TO 1/4 MILE OR LESS
LOWEST: 36 ON 1 3 = THUNDER
SNOW, ICE PELLETS, HAIL 4 = ICE PELLETS
TOTAL MONTH: 0.0 INCH 5 = HAIL
GRTST 24HR 0.0 6 = FREEZING RAIN OR DRIZZLE
GRTST DEPTH: 0 7 = DUSTSTORM OR SANDSTORM:
VSBY 1/2 MILE OR LESS
8 = SMOKE OR HAZE
[NO. OF DAYS WITH] [WEATHER - DAYS WITH] 9 = BLOWING SNOW
X = TORNADO
MAX 32 OR BELOW: 0 0.01 INCH OR MORE: 12
MAX 90 OR ABOVE: 0 0.10 INCH OR MORE: 8
MIN 32 OR BELOW: 0 0.50 INCH OR MORE: 5
MIN 0 OR BELOW: 0 1.00 INCH OR MORE: 3
[HDD (BASE 65) ]
TOTAL THIS MO. 135 CLEAR (SCALE 0-3) 9
DPTR FM NORMAL 5 PTCLDY (SCALE 4-7) 13
TOTAL FM JUL 1 2518 CLOUDY (SCALE 8-10) 8
DPTR FM NORMAL -335
[CDD (BASE 65) ]
TOTAL THIS MO. 70
DPTR FM NORMAL -6 [PRESSURE DATA]
TOTAL FM JAN 1 82 HIGHEST SLP 30.38 ON 26
DPTR FM NORMAL -15 LOWEST SLP 29.51 ON 6
[REMARKS]
#FINAL-04-22#