000
CXUS54 KMEG 011000
CF6MEM
PRELIMINARY LOCAL CLIMATOLOGICAL DATA (WS FORM: F-6)
STATION: MEMPHIS
MONTH: DECEMBER
YEAR: 2021
LATITUDE: 35 3 N
LONGITUDE: 89 59 W
TEMPERATURE IN F: :PCPN: SNOW: WIND :SUNSHINE: SKY :PK WND
================================================================================
1 2 3 4 5 6A 6B 7 8 9 10 11 12 13 14 15 16 17 18
12Z AVG MX 2MIN
DY MAX MIN AVG DEP HDD CDD WTR SNW DPTH SPD SPD DIR MIN PSBL S-S WX SPD DR
================================================================================
1 68 51 60 12 5 0 0.00 0.0 0 8.3 20 220 M M 4 29 220
2 74 48 61 13 4 0 0.00 0.0 0 5.5 14 230 M M 1 18 26 170
3 76 50 63 16 2 0 0.00 0.0 0 6.7 15 220 M M 5 1 26 240
4 65 59 62 15 3 0 0.01 0.0 0 5.1 17 60 M M 10 12 19 50
5 72 59 66 19 0 1 0.14 0.0 0 11.1 21 190 M M 9 123 28 190
6 67 37 52 5 13 0 0.56 0.0 0 14.2 32 10 M M 6 13 38 10
7 48 32 40 -6 25 0 0.00 0.0 0 8.1 17 80 M M 5 26 70
8 58 37 48 2 17 0 0.00 0.0 0 3.8 9 130 M M 4 15 90
9 65 41 53 7 12 0 0.00 0.0 0 10.2 18 170 M M 8 26 180
10 80 64 72 26 0 7 T 0.0 0 15.6 36 210 M M 8 138 51 220
11 76 36 56 10 9 0 1.87 0.0 0 11.4 33 240 M M 7 13 49 230
12 55 32 44 -1 21 0 0.00 0.0 0 4.1 10 140 M M 0 19 100
13 62 36 49 4 16 0 0.00 0.0 0 5.4 10 160 M M 0 13 180
14 70 51 61 16 4 0 T 0.0 0 8.2 16 150 M M 7 21 160
15 66 59 63 18 2 0 0.00 0.0 0 12.6 21 170 M M 6 18 28 170
16 70 52 61 16 4 0 0.56 0.0 0 13.6 23 200 M M 10 1 33 210
17 72 51 62 18 3 0 0.23 0.0 0 9.7 16 200 M M 7 1 25 210
18 67 41 54 10 11 0 0.20 0.0 0 10.9 22 320 M M 10 1 27 320
19 46 33 40 -4 25 0 0.00 0.0 0 9.1 18 40 M M 7 24 40
20 51 30 41 -3 24 0 0.00 0.0 0 3.4 9 10 M M 6 13 290
21 56 40 48 4 17 0 T 0.0 0 4.7 10 290 M M 4 14 140
22 54 38 46 2 19 0 0.00 0.0 0 5.5 16 40 M M 0 22 30
23 64 36 50 7 15 0 0.00 0.0 0 10.7 21 200 M M 5 27 200
24 73 58 66 23 0 1 0.00 0.0 0 19.0 31 210 M M 8 46 190
25 77 62 70 27 0 5 0.00 0.0 0 12.5 28 210 M M 6 42 130
26 71 58 65 22 0 0 0.00 0.0 0 8.7 17 190 M M 7 1 22 190
27 73 64 69 26 0 4 0.00 0.0 0 11.0 23 210 M M 8 32 200
28 74 65 70 27 0 5 0.01 0.0 0 12.6 26 220 M M 8 40 250
29 71 55 63 20 2 0 0.94 0.0 0 6.3 30 340 M M 8 13 39 330
30 67 52 60 18 5 0 0.00 0.0 0 5.0 15 200 M M 8 128 19 220
31 72 61 67 25 0 2 0.00 0.0 0 8.4 20 210 M M 9 18 32 110
================================================================================
SM 2060 1488 258 25 4.52 0.0 281.4 M 191
================================================================================
AV 66.5 48.0 9.1 FASTST M M 6 MAX(MPH)
MISC ----> 36 210 51 220
================================================================================
NOTES:
# LAST OF SEVERAL OCCURRENCES
COLUMN 17 PEAK WIND IN M.P.H.
PRELIMINARY LOCAL CLIMATOLOGICAL DATA (WS FORM: F-6) , PAGE 2
STATION: MEMPHIS
MONTH: DECEMBER
YEAR: 2021
LATITUDE: 35 3 N
LONGITUDE: 89 59 W
[TEMPERATURE DATA] [PRECIPITATION DATA] SYMBOLS USED IN COLUMN 16
AVERAGE MONTHLY: 57.2 TOTAL FOR MONTH: 4.52 1 = FOG OR MIST
DPTR FM NORMAL: 12.4 DPTR FM NORMAL: -0.97 2 = FOG REDUCING VISIBILITY
HIGHEST: 80 ON 10 GRTST 24HR 1.87 ON 10-11 TO 1/4 MILE OR LESS
LOWEST: 30 ON 20 3 = THUNDER
SNOW, ICE PELLETS, HAIL 4 = ICE PELLETS
TOTAL MONTH: 0.0 INCH 5 = HAIL
GRTST 24HR 0.0 6 = FREEZING RAIN OR DRIZZLE
GRTST DEPTH: 0 7 = DUSTSTORM OR SANDSTORM:
VSBY 1/2 MILE OR LESS
8 = SMOKE OR HAZE
[NO. OF DAYS WITH] [WEATHER - DAYS WITH] 9 = BLOWING SNOW
X = TORNADO
MAX 32 OR BELOW: 0 0.01 INCH OR MORE: 9
MAX 90 OR ABOVE: 0 0.10 INCH OR MORE: 7
MIN 32 OR BELOW: 3 0.50 INCH OR MORE: 4
MIN 0 OR BELOW: 0 1.00 INCH OR MORE: 1
[HDD (BASE 65) ]
TOTAL THIS MO. 258 CLEAR (SCALE 0-3) 4
DPTR FM NORMAL -370 PTCLDY (SCALE 4-7) 19
TOTAL FM JUL 1 731 CLOUDY (SCALE 8-10) 8
DPTR FM NORMAL -398
[CDD (BASE 65) ]
TOTAL THIS MO. 25
DPTR FM NORMAL 23 [PRESSURE DATA]
TOTAL FM JAN 1 2296 HIGHEST SLP 30.39 ON 12
DPTR FM NORMAL -17 LOWEST SLP 29.62 ON 11
[REMARKS]
#FINAL-12-21#