503
CXUS54 KMEG 040036
CF6MEM
PRELIMINARY LOCAL CLIMATOLOGICAL DATA (WS FORM: F-6)
STATION: MEMPHIS
MONTH: SEPTEMBER
YEAR: 2020
LATITUDE: 35 3 N
LONGITUDE: 89 59 W
TEMPERATURE IN F: :PCPN: SNOW: WIND :SUNSHINE: SKY :PK WND
================================================================================
1 2 3 4 5 6A 6B 7 8 9 10 11 12 13 14 15 16 17 18
12Z AVG MX 2MIN
DY MAX MIN AVG DEP HDD CDD WTR SNW DPTH SPD SPD DIR MIN PSBL S-S WX SPD DR
================================================================================
1 89 75 82 2 0 17 0.15 0.0 0 8.5 18 170 M M 8 138 31 160
2 88 74 81 1 0 16 0.24 0.0 0 8.7 20 220 M M 8 13 31 210
3 87 75 81 2 0 16 T 0.0 0 5.9 14 240 M M 8 23 170
4 87 71 79 0 0 14 0.00 0.0 0 5.9 17 40 M M 7 21 40
5 88 65 77 -2 0 12 0.00 0.0 0 3.5 9 10 M M 5 14 120
6 91 66 79 0 0 14 0.00 0.0 0 4.3 9 180 M M 2 14 190
7 90 69 80 2 0 15 0.00 0.0 0 7.2 13 160 M M 1 21 240
8 88 70 79 1 0 14 0.00 0.0 0 6.6 13 140 M M 2 20 200
9 90 74 82 4 0 17 0.00 0.0 0 7.7 13 110 M M 3 18 110
10 91 71 81 4 0 16 0.00 0.0 0 4.7 12 20 M M 4 16 70
11 92 72 82 5 0 17 0.00 0.0 0 5.1 12 50 M M 2 15 50
12 84 74 79 2 0 14 0.07 0.0 0 5.4 13 110 M M 8 138 17 300
13 86 73 80 4 0 15 0.00 0.0 0 6.7 15 50 M M 6 1 22 30
14 86 73 80 4 0 15 0.00 0.0 0 11.9 20 40 M M 7 29 40
15 88 69 79 3 0 14 0.00 0.0 0 9.2 15 60 M M 3 20 70
16 85 71 78 3 0 13 T 0.0 0 8.2 16 80 M M 5 24 90
17 85 71 78 3 0 13 0.00 0.0 0 9.2 18 360 M M 5 24 30
18 80 65 73 -1 0 8 0.00 0.0 0 11.9 20 20 M M 3 24 20
19 79 58 69 -5 0 4 0.00 0.0 0 10.7 22 90 M M 2 32 80
20 83 62 73 -1 0 8 0.00 0.0 0 8.3 17 60 M M 3 23 90
21 80 61 71 -2 0 6 0.00 0.0 0 9.6 17 120 M M 3 23 110
22 73 64 69 -4 0 4 0.03 0.0 0 8.8 14 80 M M 10 1 18 90
23 64 59 62 -10 3 0 0.62 0.0 0 9.9 16 70 M M 10 1 21 70
24 67 59 63 -9 2 0 0.18 0.0 0 8.3 14 30 M M 10 1 17 30
25 70 65 68 -4 0 3 0.00 0.0 0 3.7 8 20 M M 10 1 14 10
26 76 63 70 -1 0 5 0.00 0.0 0 6.1 14 210 M M 8 18 190
27 84 63 74 3 0 9 0.00 0.0 0 8.2 16 180 M M 2 22 240
28 73 56 65 -5 0 0 0.29 0.0 0 9.3 21 310 M M 6 1 28 240
29 73 52 63 -7 2 0 0.00 0.0 0 5.8 17 270 M M 2 23 290
30 82 53 68 -2 0 3 0.00 0.0 0 8.3 18 200 M M 0 29 270
================================================================================
SM 2479 1993 7 302 1.58 0.0 227.6 M 153
================================================================================
AV 82.6 66.4 7.6 FASTST M M 5 MAX(MPH)
MISC ----> # 22 90 # 32 80
================================================================================
NOTES:
# LAST OF SEVERAL OCCURRENCES
COLUMN 17 PEAK WIND IN M.P.H.
PRELIMINARY LOCAL CLIMATOLOGICAL DATA (WS FORM: F-6) , PAGE 2
STATION: MEMPHIS
MONTH: SEPTEMBER
YEAR: 2020
LATITUDE: 35 3 N
LONGITUDE: 89 59 W
[TEMPERATURE DATA] [PRECIPITATION DATA] SYMBOLS USED IN COLUMN 16
AVERAGE MONTHLY: 74.5 TOTAL FOR MONTH: 1.58 1 = FOG OR MIST
DPTR FM NORMAL: -0.7 DPTR FM NORMAL: -1.51 2 = FOG REDUCING VISIBILITY
HIGHEST: 92 ON 11 GRTST 24HR 0.62 ON 23-23 TO 1/4 MILE OR LESS
LOWEST: 52 ON 29 3 = THUNDER
SNOW, ICE PELLETS, HAIL 4 = ICE PELLETS
TOTAL MONTH: 0.0 INCH 5 = HAIL
GRTST 24HR 0.0 6 = FREEZING RAIN OR DRIZZLE
GRTST DEPTH: 0 7 = DUSTSTORM OR SANDSTORM:
VSBY 1/2 MILE OR LESS
8 = SMOKE OR HAZE
[NO. OF DAYS WITH] [WEATHER - DAYS WITH] 9 = BLOWING SNOW
X = TORNADO
MAX 32 OR BELOW: 0 0.01 INCH OR MORE: 7
MAX 90 OR ABOVE: 5 0.10 INCH OR MORE: 5
MIN 32 OR BELOW: 0 0.50 INCH OR MORE: 1
MIN 0 OR BELOW: 0 1.00 INCH OR MORE: 0
[HDD (BASE 65) ]
TOTAL THIS MO. 7 CLEAR (SCALE 0-3) 12
DPTR FM NORMAL -4 PTCLDY (SCALE 4-7) 11
TOTAL FM JUL 1 7 CLOUDY (SCALE 8-10) 7
DPTR FM NORMAL -4
[CDD (BASE 65) ]
TOTAL THIS MO. 302
DPTR FM NORMAL -14 [PRESSURE DATA]
TOTAL FM JAN 1 2072 HIGHEST SLP 30.30 ON 5
DPTR FM NORMAL -79 LOWEST SLP 29.71 ON 28
[REMARKS]
#FINAL-09-20#