000
CXUS54 KMEG 010637
CF6MEM
PRELIMINARY LOCAL CLIMATOLOGICAL DATA (WS FORM: F-6)
STATION: MEMPHIS
MONTH: AUGUST
YEAR: 2020
LATITUDE: 35 3 N
LONGITUDE: 89 59 W
TEMPERATURE IN F: :PCPN: SNOW: WIND :SUNSHINE: SKY :PK WND
================================================================================
1 2 3 4 5 6A 6B 7 8 9 10 11 12 13 14 15 16 17 18
12Z AVG MX 2MIN
DY MAX MIN AVG DEP HDD CDD WTR SNW DPTH SPD SPD DIR MIN PSBL S-S WX SPD DR
================================================================================
1 79 68 74 -9 0 9 0.08 0.0 0 6.8 17 320 M M 7 1 27 320
2 89 68 79 -4 0 14 0.00 0.0 0 5.4 13 210 M M 4 34 110
3 91 71 81 -2 0 16 0.02 0.0 0 4.7 16 330 M M 5 23 320
4 85 71 78 -5 0 13 0.00 0.0 0 9.3 16 10 M M 6 26 340
5 85 65 75 -8 0 10 0.00 0.0 0 7.5 16 10 M M 3 8 22 340
6 87 66 77 -6 0 12 0.00 0.0 0 7.0 16 20 M M 2 23 140
7 93 70 82 -1 0 17 0.00 0.0 0 5.6 14 290 M M 5 19 270
8 96 73 85 2 0 20 0.00 0.0 0 4.7 13 190 M M 2 21 190
9 97 74 86 3 0 21 0.00 0.0 0 5.4 13 240 M M 2 26 260
10 97 79 88 5 0 23 0.00 0.0 0 7.4 15 220 M M 3 23 240
11 97 75 86 4 0 21 0.07 0.0 0 8.9 23 60 M M 7 138 29 330
12 91 75 83 1 0 18 0.00 0.0 0 4.3 10 120 M M 7 3 17 140
13 92 73 83 1 0 18 1.93 0.0 0 4.4 21 200 M M 8 138 25 200
14 90 74 82 0 0 17 0.00 0.0 0 5.3 14 10 M M 4 1 19 10
15 93 74 84 2 0 19 0.00 0.0 0 5.2 13 360 M M 2 1 18 360
16 89 71 80 -2 0 15 0.07 0.0 0 7.4 21 360 M M 5 13 25 360
17 92 70 81 -1 0 16 0.00 0.0 0 5.4 13 50 M M 2 8 16 60
18 89 71 80 -2 0 15 0.00 0.0 0 6.8 17 350 M M 4 21 360
19 80 70 75 -7 0 10 0.00 0.0 0 9.7 16 30 M M 7 20 50
20 89 68 79 -3 0 14 0.01 0.0 0 7.6 15 140 M M 4 3 20 10
21 80 68 74 -8 0 9 0.21 0.0 0 5.2 14 140 M M 9 13 17 140
22 88 68 78 -4 0 13 0.00 0.0 0 4.0 12 40 M M 3 15 310
23 92 68 80 -2 0 15 0.00 0.0 0 3.2 12 60 M M 1 18 30
24 94 70 82 0 0 17 0.00 0.0 0 5.4 14 30 M M 2 17 20
25 93 77 85 4 0 20 0.17 0.0 0 9.1 22 120 M M 5 26 120
26 92 73 83 2 0 18 1.31 0.0 0 8.6 26 180 M M 8 13 34 190
27 86 76 81 0 0 16 0.99 0.0 0 14.1 31 170 M M 9 1 42 130
28 82 72 77 -4 0 12 1.44 0.0 0 13.9 35 180 M M 9 138 46 200
29 93 76 85 4 0 20 0.00 0.0 0 4.8 10 230 M M 7 18 210
30 90 73 82 2 0 17 0.03 0.0 0 5.4 17 290 M M 8 3 26 300
31 88 76 82 2 0 17 0.14 0.0 0 6.3 21 300 M M 6 13 35 210
================================================================================
SM 2779 2223 0 492 6.47 0.0 208.8 M 156
================================================================================
AV 89.7 71.7 6.7 FASTST M M 5 MAX(MPH)
MISC ----> # 35 180 # 46 200
================================================================================
NOTES:
# LAST OF SEVERAL OCCURRENCES
COLUMN 17 PEAK WIND IN M.P.H.
PRELIMINARY LOCAL CLIMATOLOGICAL DATA (WS FORM: F-6) , PAGE 2
STATION: MEMPHIS
MONTH: AUGUST
YEAR: 2020
LATITUDE: 35 3 N
LONGITUDE: 89 59 W
[TEMPERATURE DATA] [PRECIPITATION DATA] SYMBOLS USED IN COLUMN 16
AVERAGE MONTHLY: 80.7 TOTAL FOR MONTH: 6.47 1 = FOG OR MIST
DPTR FM NORMAL: -1.3 DPTR FM NORMAL: 3.59 2 = FOG REDUCING VISIBILITY
HIGHEST: 97 ON 11,10 GRTST 24HR 1.93 ON 13-13 TO 1/4 MILE OR LESS
LOWEST: 65 ON 5 3 = THUNDER
SNOW, ICE PELLETS, HAIL 4 = ICE PELLETS
TOTAL MONTH: 0.0 INCH 5 = HAIL
GRTST 24HR 0.0 6 = FREEZING RAIN OR DRIZZLE
GRTST DEPTH: 0 7 = DUSTSTORM OR SANDSTORM:
VSBY 1/2 MILE OR LESS
8 = SMOKE OR HAZE
[NO. OF DAYS WITH] [WEATHER - DAYS WITH] 9 = BLOWING SNOW
X = TORNADO
MAX 32 OR BELOW: 0 0.01 INCH OR MORE: 13
MAX 90 OR ABOVE: 17 0.10 INCH OR MORE: 7
MIN 32 OR BELOW: 0 0.50 INCH OR MORE: 4
MIN 0 OR BELOW: 0 1.00 INCH OR MORE: 3
[HDD (BASE 65) ]
TOTAL THIS MO. 0 CLEAR (SCALE 0-3) 8
DPTR FM NORMAL 0 PTCLDY (SCALE 4-7) 18
TOTAL FM JUL 1 0 CLOUDY (SCALE 8-10) 5
DPTR FM NORMAL 0
[CDD (BASE 65) ]
TOTAL THIS MO. 492
DPTR FM NORMAL -35 [PRESSURE DATA]
TOTAL FM JAN 1 1770 HIGHEST SLP M ON M
DPTR FM NORMAL -65 LOWEST SLP 29.65 ON 27
[REMARKS]
#FINAL-08-20#