768
CXUS54 KMEG 010643
CF6MEM
PRELIMINARY LOCAL CLIMATOLOGICAL DATA (WS FORM: F-6)
STATION: MEMPHIS
MONTH: JULY
YEAR: 2020
LATITUDE: 35 3 N
LONGITUDE: 89 59 W
TEMPERATURE IN F: :PCPN: SNOW: WIND :SUNSHINE: SKY :PK WND
================================================================================
1 2 3 4 5 6A 6B 7 8 9 10 11 12 13 14 15 16 17 18
12Z AVG MX 2MIN
DY MAX MIN AVG DEP HDD CDD WTR SNW DPTH SPD SPD DIR MIN PSBL S-S WX SPD DR
================================================================================
1 90 71 81 -1 0 16 0.17 0.0 0 8.7 35 330 M M 8 3 47 330
2 94 73 84 2 0 19 0.00 0.0 0 5.0 15 150 M M 7 20 150
3 94 74 84 2 0 19 0.02 0.0 0 3.6 24 290 M M 7 3 30 330
4 93 75 84 2 0 19 0.26 0.0 0 3.9 21 170 M M 5 138 24 150
5 92 73 83 1 0 18 0.12 0.0 0 4.8 23 160 M M 5 138 29 150
6 92 73 83 0 0 18 0.04 0.0 0 4.8 13 310 M M 7 38 15 130
7 92 73 83 0 0 18 T 0.0 0 3.4 21 30 M M 5 38 28 30
8 89 74 82 -1 0 17 0.00 0.0 0 5.4 15 180 M M 4 25 230
9 91 75 83 0 0 18 0.03 0.0 0 5.4 25 280 M M 6 3 33 290
10 92 73 83 0 0 18 0.00 0.0 0 5.3 15 290 M M 4 20 290
11 94 74 84 1 0 19 0.00 0.0 0 5.8 12 210 M M 3 23 220
12 91 80 86 3 0 21 T 0.0 0 9.4 20 100 M M 5 26 230
13 93 74 84 1 0 19 0.00 0.0 0 6.6 13 60 M M 2 17 20
14 94 76 85 2 0 20 0.00 0.0 0 5.9 12 160 M M 3 15 170
15 96 78 87 4 0 22 0.00 0.0 0 9.6 18 210 M M 4 25 230
16 96 76 86 3 0 21 0.00 0.0 0 6.5 24 310 M M 5 30 320
17 95 78 87 4 0 22 0.00 0.0 0 6.5 18 50 M M 7 22 50
18 96 78 87 4 0 22 0.00 0.0 0 6.8 14 210 M M 3 19 160
19 96 78 87 4 0 22 0.00 0.0 0 6.2 14 220 M M 4 23 270
20 97 78 88 5 0 23 0.00 0.0 0 5.8 15 230 M M 5 26 220
21 94 77 86 3 0 21 0.05 0.0 0 6.0 21 190 M M 6 13 25 190
22 91 76 84 1 0 19 0.03 0.0 0 6.1 15 280 M M 9 3 20 270
23 92 75 84 1 0 19 0.03 0.0 0 6.3 22 10 M M 7 3 28 20
24 95 77 86 3 0 21 0.12 0.0 0 5.6 15 90 M M 4 3 20 180
25 93 76 85 2 0 20 T 0.0 0 5.5 16 190 M M 4 23 210
26 94 75 85 2 0 20 0.37 0.0 0 5.0 22 340 M M 5 138 26 160
27 93 74 84 1 0 19 0.00 0.0 0 5.8 13 200 M M 5 21 250
28 92 75 84 1 0 19 0.44 0.0 0 5.2 23 110 M M 6 1 32 120
29 92 75 84 1 0 19 0.03 0.0 0 5.5 16 190 M M 7 38 20 200
30 90 76 83 0 0 18 0.02 0.0 0 11.4 20 210 M M 7 27 180
31 89 74 82 -1 0 17 T 0.0 0 10.3 20 210 M M 7 27 220
================================================================================
SM 2882 2334 0 603 1.73 0.0 192.1 M 166
================================================================================
AV 93.0 75.3 6.2 FASTST M M 5 MAX(MPH)
MISC ----> # 35 330 # 47 330
================================================================================
NOTES:
# LAST OF SEVERAL OCCURRENCES
COLUMN 17 PEAK WIND IN M.P.H.
PRELIMINARY LOCAL CLIMATOLOGICAL DATA (WS FORM: F-6) , PAGE 2
STATION: MEMPHIS
MONTH: JULY
YEAR: 2020
LATITUDE: 35 3 N
LONGITUDE: 89 59 W
[TEMPERATURE DATA] [PRECIPITATION DATA] SYMBOLS USED IN COLUMN 16
AVERAGE MONTHLY: 84.1 TOTAL FOR MONTH: 1.73 1 = FOG OR MIST
DPTR FM NORMAL: 1.4 DPTR FM NORMAL: -2.86 2 = FOG REDUCING VISIBILITY
HIGHEST: 97 ON 20 GRTST 24HR 0.44 ON 28-28 TO 1/4 MILE OR LESS
LOWEST: 71 ON 1 3 = THUNDER
SNOW, ICE PELLETS, HAIL 4 = ICE PELLETS
TOTAL MONTH: 0.0 INCH 5 = HAIL
GRTST 24HR 0.0 6 = FREEZING RAIN OR DRIZZLE
GRTST DEPTH: 0 7 = DUSTSTORM OR SANDSTORM:
VSBY 1/2 MILE OR LESS
8 = SMOKE OR HAZE
[NO. OF DAYS WITH] [WEATHER - DAYS WITH] 9 = BLOWING SNOW
X = TORNADO
MAX 32 OR BELOW: 0 0.01 INCH OR MORE: 14
MAX 90 OR ABOVE: 29 0.10 INCH OR MORE: 6
MIN 32 OR BELOW: 0 0.50 INCH OR MORE: 0
MIN 0 OR BELOW: 0 1.00 INCH OR MORE: 0
[HDD (BASE 65) ]
TOTAL THIS MO. 0 CLEAR (SCALE 0-3) 4
DPTR FM NORMAL 0 PTCLDY (SCALE 4-7) 25
TOTAL FM JUL 1 0 CLOUDY (SCALE 8-10) 2
DPTR FM NORMAL 0
[CDD (BASE 65) ]
TOTAL THIS MO. 603
DPTR FM NORMAL 54 [PRESSURE DATA]
TOTAL FM JAN 1 1278 HIGHEST SLP M ON M
DPTR FM NORMAL -30 LOWEST SLP 29.76 ON 1
[REMARKS]
#FINAL-07-20#