000
CXUS54 KLZK 111700
CF6MEZ
PRELIMINARY LOCAL CLIMATOLOGICAL DATA (WS FORM: F-6)
STATION: MENA AIRPORT
MONTH: FEBRUARY
YEAR: 2021
LATITUDE: 34 9 N
LONGITUDE: 94 15 W
TEMPERATURE IN F: :PCPN: SNOW: WIND :SUNSHINE: SKY :PK WND
================================================================================
1 2 3 4 5 6A 6B 7 8 9 10 11 12 13 14 15 16 17 18
12Z AVG MX 2MIN
DY MAX MIN AVG DEP HDD CDD WTR SNW DPTH SPD SPD DIR MIN PSBL S-S WX SPD DR
================================================================================
1 52 28 40 0 25 0 0.00 M M 4.5 10 310 M M 1 17 330
2 59 28 44 4 21 0 0.00 M M 0.5 5 310 M M 0 M M
3 59 27 43 3 22 0 0.00 M M 2.5 8 140 M M 1 16 130
4 59 37 48 8 17 0 0.00 M M 8.6 20 300 M M 6 30 300
5 59 23 41 1 24 0 0.00 M M 2.1 7 260 M M 3 M M
6 46 34 40 -1 25 0 0.41 M M 2.3 7 80 M M 10 16 50
7 41 37 39 -2 26 0 0.26 M M 2.8 7 110 M M 10 M M
8 48 36 42 1 23 0 0.07 M M 3.7 7 80 M M 10 M M
9 45 36 41 0 24 0 0.03 M M 4.1 8 70 M M 10 M M
10 37 32 35 -6 30 0 0.04 M M 5.3 8 30 M M 10 M M
11 32 28 30 -12 35 0 0.00 M M 5.5 9 40 M M 10 M M
12 28 27 28 -14 37 0 0.00 M M 7.1 10 20 M M 10 M M
13 27 21 24 -18 41 0 0.00 M M 5.7 10 20 M M 10 M M
14 21 12 17 -25 48 0 0.10 M M 8.2 12 30 M M 10 17 30
15 14 -4 5 -37 60 0 0.16 M M 5.9 10 300 M M 9 17 300
16 25 -11 7 -36 58 0 0.01 M M 3.0 8 80 M M 4 17 80
17 23 18 21 -22 44 0 0.07 M M 5.6 10 80 M M 10 16 80
18 32 19 26 -17 39 0 0.00 M M 4.7 10 320 M M 5 M M
19 41 3 22 -21 43 0 0.00 M M 0.8 5 260 M M 0 M M
20 50 16 33 -11 32 0 0.00 M M 1.5 7 120 M M 0 M M
21 52 41 47 3 18 0 0.04 M M 4.7 9 280 M M 8 21 210
22 64 28 46 2 19 0 0.00 M M 4.8 10 250 M M 0 17 260
23 75 34 55 11 10 0 0.00 M M 4.2 10 230 M M 0 20 230
24 70 50 60 15 5 0 0.00 M M 5.5 14 210 M M 5 24 220
25 55 36 46 1 19 0 0.81 M M 8.2 13 60 M M 5 20 60
26 52 39 46 1 19 0 0.72 M M 3.5 12 110 M M 10 3 23 110
27 63 45 54 8 11 0 0.25 M M 2.8 8 60 M M 10 M M
28 72 50 61 15 4 0 1.73 M M 5.9 12 320 M M 8 3 21 350
================================================================================
SM 1301 770 779 0 4.70 M 124.1 M 175
================================================================================
AV 46.5 27.5 4.4 FASTST M M 6 MAX(MPH)
MISC ----> 20 300 30 300
================================================================================
NOTES:
# LAST OF SEVERAL OCCURRENCES
COLUMN 17 PEAK WIND IN M.P.H.
PRELIMINARY LOCAL CLIMATOLOGICAL DATA (WS FORM: F-6) , PAGE 2
STATION: MENA AIRPORT
MONTH: FEBRUARY
YEAR: 2021
LATITUDE: 34 9 N
LONGITUDE: 94 15 W
[TEMPERATURE DATA] [PRECIPITATION DATA] SYMBOLS USED IN COLUMN 16
AVERAGE MONTHLY: 37.0 TOTAL FOR MONTH: 4.70 1 = FOG OR MIST
DPTR FM NORMAL: -5.5 DPTR FM NORMAL: 0.75 2 = FOG REDUCING VISIBILITY
HIGHEST: 75 ON 23 GRTST 24HR 1.73 ON 28-28 TO 1/4 MILE OR LESS
LOWEST: -11 ON 16 3 = THUNDER
SNOW, ICE PELLETS, HAIL 4 = ICE PELLETS
TOTAL MONTH: M 5 = HAIL
GRTST 24HR M ON M 6 = FREEZING RAIN OR DRIZZLE
GRTST DEPTH: M ON M 7 = DUSTSTORM OR SANDSTORM:
VSBY 1/2 MILE OR LESS
8 = SMOKE OR HAZE
[NO. OF DAYS WITH] [WEATHER - DAYS WITH] 9 = BLOWING SNOW
X = TORNADO
MAX 32 OR BELOW: 8 0.01 INCH OR MORE: 14
MAX 90 OR ABOVE: 0 0.10 INCH OR MORE: 7
MIN 32 OR BELOW: 16 0.50 INCH OR MORE: 3
MIN 0 OR BELOW: 2 1.00 INCH OR MORE: 1
[HDD (BASE 65) ]
TOTAL THIS MO. 779 CLEAR (SCALE 0-3) 7
DPTR FM NORMAL 149 PTCLDY (SCALE 4-7) 7
TOTAL FM JUL 1 2689 CLOUDY (SCALE 8-10) 14
DPTR FM NORMAL -198
[CDD (BASE 65) ]
TOTAL THIS MO. 0
DPTR FM NORMAL 0 [PRESSURE DATA]
TOTAL FM JAN 1 0 HIGHEST SLP M ON M
DPTR FM NORMAL 0 LOWEST SLP M ON M
[REMARKS]
#FINAL-02-21#