000
CXUS53 KTOP 010810
CF6MHK
PRELIMINARY LOCAL CLIMATOLOGICAL DATA (WS FORM: F-6)
STATION: MANHATTAN KS
MONTH: APRIL
YEAR: 2022
LATITUDE: 39 9 N
LONGITUDE: 96 40 W
TEMPERATURE IN F: :PCPN: SNOW: WIND :SUNSHINE: SKY :PK WND
================================================================================
1 2 3 4 5 6A 6B 7 8 9 10 11 12 13 14 15 16 17 18
12Z AVG MX 2MIN
DY MAX MIN AVG DEP HDD CDD WTR SNW DPTH SPD SPD DIR MIN PSBL S-S WX SPD DR
================================================================================
1 68 22 45 -5 20 0 T M M 8.9 24 160 M M 3 34 180
2 67 34 51 0 14 0 0.00 M M 4.3 15 350 M M 0 25 340
3 69 36 53 2 12 0 0.00 M M 4.8 18 180 M M 2 24 180
4 64 39 52 1 13 0 0.00 M M 4.7 15 60 M M 1 8 25 20
5 71 37 54 2 11 0 T M M 7.7 21 350 M M 8 1 39 360
6 64 39 52 0 13 0 0.00 M M 9.8 25 280 M M 3 41 320
7 53 40 47 -5 18 0 T M M 12.1 23 340 M M 6 44 310
8 58 27 43 -9 22 0 0.00 M M 8.4 20 360 M M 2 37 350
9 74 18 46 -7 19 0 0.00 M M 8.4 25 200 M M 0 8 37 190
10 75 45 60 7 5 0 0.00 M M 10.0 29 220 M M 0 40 210
11 70 48 59 6 6 0 0.00 M M 6.9 17 130 M M 5 8 26 140
12 91 54 73 19 0 8 0.25 M M 20.2 38 180 M M 4 138 55 170
13 56 33 45 -9 20 0 T M M 9.0 20 280 M M 4 30 290
14 64 27 46 -8 19 0 0.00 M M 11.2 25 230 M M 0 34 240
15 60 42 51 -3 14 0 0.00 M M 11.1 22 40 M M 1 31 50
16 56 36 46 -9 19 0 0.00 M M 12.8 23 40 M M 2 29 30
17 49 38 44 -11 21 0 T M M 9.7 20 90 M M 8 24 80
18 59 31 45 -10 20 0 0.00 M M 5.3 14 30 M M 3 25 30
19 60 26 43 -13 22 0 T M M 11.6 26 150 M M 6 35 150
20 71 43 57 1 8 0 0.03 M M 9.1 26 170 M M 7 1 39 170
21 82 40 61 5 4 0 T M M 10.8 26 140 M M 6 12 38 150
22 81 68 75 19 0 10 0.00 M M 22.8 36 210 M M 9 52 180
23 84 55 70 13 0 5 0.06 M M 18.2 33 230 M M 5 13 57 170
24 71 42 57 0 8 0 0.00 M M 8.4 17 280 M M 0 29 260
25 63 32 48 -9 17 0 0.00 M M 6.0 15 20 M M 0 28 320
26 73 26 50 -8 15 0 0.00 M M 7.2 22 170 M M 0 32 210
27 83 53 68 10 0 3 0.00 M M 16.1 30 190 M M 2 42 220
28 85 62 74 16 0 9 0.00 M M 12.0 22 180 M M 2 31 160
29 83 55 69 10 0 4 0.79 M M 13.1 37 170 M M 7 38 52 160
30 64 47 56 -3 9 0 0.00 M M 12.0 25 280 M M 5 40 280
================================================================================
SM 2068 1195 349 39 1.13 M 312.6 M 101
================================================================================
AV 68.9 39.8 10.4 FASTST M M 3 MAX(MPH)
MISC ----> 38 180 57 170
================================================================================
NOTES:
# LAST OF SEVERAL OCCURRENCES
COLUMN 17 PEAK WIND IN M.P.H.
PRELIMINARY LOCAL CLIMATOLOGICAL DATA (WS FORM: F-6) , PAGE 2
STATION: MANHATTAN KS
MONTH: APRIL
YEAR: 2022
LATITUDE: 39 9 N
LONGITUDE: 96 40 W
[TEMPERATURE DATA] [PRECIPITATION DATA] SYMBOLS USED IN COLUMN 16
AVERAGE MONTHLY: 54.4 TOTAL FOR MONTH: 1.13 1 = FOG OR MIST
DPTR FM NORMAL: -0.2 DPTR FM NORMAL: -2.00 2 = FOG REDUCING VISIBILITY
HIGHEST: 91 ON 12 GRTST 24HR 0.79 ON 29-29 TO 1/4 MILE OR LESS
LOWEST: 18 ON 9 3 = THUNDER
SNOW, ICE PELLETS, HAIL 4 = ICE PELLETS
TOTAL MONTH: M 5 = HAIL
GRTST 24HR M ON M 6 = FREEZING RAIN OR DRIZZLE
GRTST DEPTH: M ON M 7 = DUSTSTORM OR SANDSTORM:
VSBY 1/2 MILE OR LESS
8 = SMOKE OR HAZE
[NO. OF DAYS WITH] [WEATHER - DAYS WITH] 9 = BLOWING SNOW
X = TORNADO
MAX 32 OR BELOW: 0 0.01 INCH OR MORE: 4
MAX 90 OR ABOVE: 1 0.10 INCH OR MORE: 2
MIN 32 OR BELOW: 8 0.50 INCH OR MORE: 1
MIN 0 OR BELOW: 0 1.00 INCH OR MORE: 0
[HDD (BASE 65) ]
TOTAL THIS MO. 349 CLEAR (SCALE 0-3) 16
DPTR FM NORMAL 18 PTCLDY (SCALE 4-7) 12
TOTAL FM JUL 1 4499 CLOUDY (SCALE 8-10) 2
DPTR FM NORMAL -484
[CDD (BASE 65) ]
TOTAL THIS MO. 39
DPTR FM NORMAL 20 [PRESSURE DATA]
TOTAL FM JAN 1 40 HIGHEST SLP M ON M
DPTR FM NORMAL 17 LOWEST SLP 29.16 ON 12
[REMARKS]
#FINAL-04-22#