000
CXUS51 KGYX 010900
CF6MHT
PRELIMINARY LOCAL CLIMATOLOGICAL DATA (WS FORM: F-6)
STATION: MANCHESTER
MONTH: JULY
YEAR: 2020
LATITUDE: 42 55 N
LONGITUDE: 71 26 W
TEMPERATURE IN F: :PCPN: SNOW: WIND :SUNSHINE: SKY :PK WND
================================================================================
1 2 3 4 5 6A 6B 7 8 9 10 11 12 13 14 15 16 17 18
12Z AVG MX 2MIN
DY MAX MIN AVG DEP HDD CDD WTR SNW DPTH SPD SPD DIR MIN PSBL S-S WX SPD DR
================================================================================
1 80 66 73 2 0 8 0.04 0.0 0 3.1 9 300 M M 8 1 13 10
2 93 63 78 7 0 13 0.28 0.0 0 2.1 41 350 M M 5 123 55 350
3 76 65 71 -1 0 6 0.00 0.0 0 6.7 15 80 M M 9 18 19 90
4 88 64 76 4 0 11 T 0.0 0 5.5 18 140 M M 5 18 21 140
5 88 63 76 4 0 11 0.14 0.0 0 5.0 16 130 M M 7 138 19 130
6 84 64 74 2 0 9 0.00 0.0 0 6.1 16 140 M M 6 19 150
7 85 63 74 2 0 9 0.00 0.0 0 8.6 17 190 M M 7 23 220
8 90 69 80 8 0 15 0.04 0.0 0 7.4 25 250 M M 8 13 40 240
9 94 71 83 11 0 18 0.00 0.0 0 5.2 16 120 M M 5 12 19 140
10 89 73 81 9 0 16 0.04 0.0 0 8.3 16 100 M M 7 1 22 90
11 92 73 83 10 0 18 T 0.0 0 15.2 23 200 M M 7 1 36 180
12 91 74 83 10 0 18 0.00 0.0 0 9.4 17 240 M M 5 24 220
13 88 70 79 6 0 14 0.19 0.0 0 4.1 18 120 M M 8 3 24 120
14 82 66 74 1 0 9 1.01 0.0 0 5.9 18 340 M M 5 13 24 30
15 76 65 71 -2 0 6 T 0.0 0 6.5 14 130 M M 8 1 17 140
16 77 62 70 -3 0 5 0.00 0.0 0 7.6 16 130 M M 7 21 140
17 76 57 67 -6 0 2 0.01 0.0 0 6.3 14 140 M M 8 1 16 170
18 94 64 79 6 0 14 0.00 0.0 0 3.3 15 240 M M 5 12 18 240
19 98 68 83 10 0 18 0.00 0.0 0 6.8 17 220 M M 4 25 220
20 96 77 87 14 0 22 T 0.0 0 7.8 17 300 M M 5 24 280
21 90 70 80 7 0 15 0.00 0.0 0 5.3 14 320 M M 3 17 330
22 81 67 74 1 0 9 0.94 0.0 0 4.5 12 80 M M 8 13 16 100
23 85 68 77 4 0 12 0.12 0.0 0 4.0 10 60 M M 9 13 15 10
24 85 69 77 4 0 12 0.00 0.0 0 4.8 13 360 M M 6 16 310
25 91 65 78 5 0 13 0.00 0.0 0 3.5 10 350 M M 5 1 14 320
26 93 68 81 8 0 16 0.00 0.0 0 6.8 17 240 M M 4 23 260
27 96 76 86 13 0 21 0.00 0.0 0 6.3 15 240 M M 5 21 240
28 90 75 83 10 0 18 T 0.0 0 6.5 17 290 M M 5 23 300
29 91 66 79 6 0 14 T 0.0 0 5.9 15 210 M M 4 20 200
30 90 72 81 8 0 16 0.01 0.0 0 4.8 14 290 M M 7 29 190
31 90 67 79 6 0 14 0.00 0.0 0 5.6 14 350 M M 5 17 20
================================================================================
SM 2719 2100 0 402 2.82 0.0 188.9 M 190
================================================================================
AV 87.7 67.7 6.1 FASTST M M 6 MAX(MPH)
MISC ----> # 41 350 # 55 350
================================================================================
NOTES:
# LAST OF SEVERAL OCCURRENCES
COLUMN 17 PEAK WIND IN M.P.H.
PRELIMINARY LOCAL CLIMATOLOGICAL DATA (WS FORM: F-6) , PAGE 2
STATION: MANCHESTER
MONTH: JULY
YEAR: 2020
LATITUDE: 42 55 N
LONGITUDE: 71 26 W
[TEMPERATURE DATA] [PRECIPITATION DATA] SYMBOLS USED IN COLUMN 16
AVERAGE MONTHLY: 77.7 TOTAL FOR MONTH: 2.82 1 = FOG OR MIST
DPTR FM NORMAL: 5.2 DPTR FM NORMAL: -0.98 2 = FOG REDUCING VISIBILITY
HIGHEST: 98 ON 19 GRTST 24HR 1.01 ON 14-14 TO 1/4 MILE OR LESS
LOWEST: 57 ON 17 3 = THUNDER
SNOW, ICE PELLETS, HAIL 4 = ICE PELLETS
TOTAL MONTH: 0.0 INCH 5 = HAIL
GRTST 24HR 0.0 6 = FREEZING RAIN OR DRIZZLE
GRTST DEPTH: 0 7 = DUSTSTORM OR SANDSTORM:
VSBY 1/2 MILE OR LESS
8 = SMOKE OR HAZE
[NO. OF DAYS WITH] [WEATHER - DAYS WITH] 9 = BLOWING SNOW
X = TORNADO
MAX 32 OR BELOW: 0 0.01 INCH OR MORE: 11
MAX 90 OR ABOVE: 16 0.10 INCH OR MORE: 6
MIN 32 OR BELOW: 0 0.50 INCH OR MORE: 2
MIN 0 OR BELOW: 0 1.00 INCH OR MORE: 1
[HDD (BASE 65) ]
TOTAL THIS MO. 0 CLEAR (SCALE 0-3) 1
DPTR FM NORMAL -5 PTCLDY (SCALE 4-7) 27
TOTAL FM JUL 1 0 CLOUDY (SCALE 8-10) 3
DPTR FM NORMAL -5
[CDD (BASE 65) ]
TOTAL THIS MO. 402
DPTR FM NORMAL 163 [PRESSURE DATA]
TOTAL FM JAN 1 674 HIGHEST SLP M ON M
DPTR FM NORMAL 285 LOWEST SLP 29.53 ON 12
[REMARKS]
#FINAL-07-20#