000
CXUS52 KMFL 011030
CF6MIA
PRELIMINARY LOCAL CLIMATOLOGICAL DATA (WS FORM: F-6)
STATION: MIAMI
MONTH: MAY
YEAR: 2021
LATITUDE: 25 49 N
LONGITUDE: 80 17 W
TEMPERATURE IN F: :PCPN: SNOW: WIND :SUNSHINE: SKY :PK WND
================================================================================
1 2 3 4 5 6A 6B 7 8 9 10 11 12 13 14 15 16 17 18
12Z AVG MX 2MIN
DY MAX MIN AVG DEP HDD CDD WTR SNW DPTH SPD SPD DIR MIN PSBL S-S WX SPD DR
================================================================================
1 91 74 83 4 0 18 0.00 0.0 0 6.6 15 130 M M 5 21 170
2 89 75 82 3 0 17 0.00 0.0 0 8.0 18 140 M M 4 27 120
3 88 78 83 4 0 18 0.00 0.0 0 10.9 17 140 M M 6 27 170
4 89 79 84 5 0 19 0.00 0.0 0 9.5 17 130 M M 5 26 140
5 89 78 84 5 0 19 0.00 0.0 0 7.4 16 130 M M 3 23 130
6 91 71 81 2 0 16 0.66 0.0 0 4.8 20 320 M M 4 13 28 300
7 93 74 84 5 0 19 0.19 0.0 0 6.5 18 100 M M 5 3 22 100
8 85 74 80 1 0 15 0.00 0.0 0 10.9 21 90 M M 5 27 80
9 84 77 81 2 0 16 0.61 0.0 0 11.5 22 80 M M 6 13 25 80
10 88 76 82 2 0 17 0.04 M M 8.5 16 120 M M 6 27 140
11 90 76 83 3 0 18 0.00 M M 7.2 15 110 M M 4 20 120
12 89 75 82 2 0 17 0.93 0.0 M 8.1 21 290 M M 6 13 29 290
13 94 75 85 5 0 20 0.19 0.0 0 5.6 16 80 M M 7 3 20 70
14 87 75 81 1 0 16 0.01 M M 6.3 16 30 M M 7 22 40
15 86 74 80 0 0 15 0.00 0.0 0 9.0 20 50 M M 6 26 90
16 85 74 80 0 0 15 0.01 0.0 0 9.7 20 60 M M 7 27 50
17 84 75 80 0 0 15 0.00 0.0 0 11.2 17 80 M M 7 23 70
18 86 77 82 2 0 17 T M M 16.5 26 90 M M 7 32 80
19 85 76 81 1 0 16 T M M 19.3 26 90 M M 8 33 90
20 85 78 82 2 0 17 T M M 20.2 30 80 M M 7 37 80
21 84 74 79 -1 0 14 T 0.0 0 16.0 28 80 M M 5 34 80
22 84 74 79 -2 0 14 T 0.0 0 15.1 26 90 M M 4 34 90
23 84 74 79 -2 0 14 0.00 M M 11.0 18 80 M M 4 28 100
24 84 73 79 -2 0 14 0.00 M M 9.3 18 90 M M 3 27 70
25 85 75 80 -1 0 15 0.00 0.0 0 11.0 17 100 M M 5 23 100
26 86 76 81 0 0 16 0.00 M M 12.3 20 90 M M 4 25 100
27 87 74 81 0 0 16 0.00 M M 8.5 15 130 M M 6 21 130
28 87 76 82 1 0 17 0.00 0.0 0 8.0 16 120 M M 4 22 130
29 88 74 81 0 0 16 0.00 0.0 0 6.9 18 120 M M 3 25 120
30 88 76 82 0 0 17 0.04 0.0 0 6.8 18 120 M M 6 3 23 100
31 89 76 83 1 0 18 0.00 M M 9.9 21 90 M M 6 28 70
================================================================================
SM 2704 2333 0 511 2.68 0.0 312.5 M 165
================================================================================
AV 87.2 75.3 10.1 FASTST M M 5 MAX(MPH)
MISC ----> 30 80 37 80
================================================================================
NOTES:
# LAST OF SEVERAL OCCURRENCES
COLUMN 17 PEAK WIND IN M.P.H.
PRELIMINARY LOCAL CLIMATOLOGICAL DATA (WS FORM: F-6) , PAGE 2
STATION: MIAMI
MONTH: MAY
YEAR: 2021
LATITUDE: 25 49 N
LONGITUDE: 80 17 W
[TEMPERATURE DATA] [PRECIPITATION DATA] SYMBOLS USED IN COLUMN 16
AVERAGE MONTHLY: 81.2 TOTAL FOR MONTH: 2.68 1 = FOG OR MIST
DPTR FM NORMAL: 1.1 DPTR FM NORMAL: -3.64 2 = FOG REDUCING VISIBILITY
HIGHEST: 94 ON 13 GRTST 24HR 0.93 ON 12-12 TO 1/4 MILE OR LESS
LOWEST: 71 ON 6 3 = THUNDER
SNOW, ICE PELLETS, HAIL 4 = ICE PELLETS
TOTAL MONTH: 0.0 INCH 5 = HAIL
GRTST 24HR 0.0 6 = FREEZING RAIN OR DRIZZLE
GRTST DEPTH: 0 7 = DUSTSTORM OR SANDSTORM:
VSBY 1/2 MILE OR LESS
8 = SMOKE OR HAZE
[NO. OF DAYS WITH] [WEATHER - DAYS WITH] 9 = BLOWING SNOW
X = TORNADO
MAX 32 OR BELOW: 0 0.01 INCH OR MORE: 9
MAX 90 OR ABOVE: 5 0.10 INCH OR MORE: 5
MIN 32 OR BELOW: 0 0.50 INCH OR MORE: 3
MIN 0 OR BELOW: 0 1.00 INCH OR MORE: 0
[HDD (BASE 65) ]
TOTAL THIS MO. 0 CLEAR (SCALE 0-3) 2
DPTR FM NORMAL 0 PTCLDY (SCALE 4-7) 29
TOTAL FM JUL 1 64 CLOUDY (SCALE 8-10) 0
DPTR FM NORMAL -39
[CDD (BASE 65) ]
TOTAL THIS MO. 511
DPTR FM NORMAL 45 [PRESSURE DATA]
TOTAL FM JAN 1 1617 HIGHEST SLP 30.23 ON 21
DPTR FM NORMAL 201 LOWEST SLP 29.90 ON 29
[REMARKS]
#FINAL-05-21#