000
CXUS52 KMFL 011329
CF6MIA
PRELIMINARY LOCAL CLIMATOLOGICAL DATA (WS FORM: F-6)
STATION: MIAMI
MONTH: MARCH
YEAR: 2021
LATITUDE: 25 49 N
LONGITUDE: 80 17 W
TEMPERATURE IN F: :PCPN: SNOW: WIND :SUNSHINE: SKY :PK WND
================================================================================
1 2 3 4 5 6A 6B 7 8 9 10 11 12 13 14 15 16 17 18
12Z AVG MX 2MIN
DY MAX MIN AVG DEP HDD CDD WTR SNW DPTH SPD SPD DIR MIN PSBL S-S WX SPD DR
================================================================================
1 84 73 79 8 0 14 0.00 0.0 0 8.9 17 120 M M 4 27 180
2 85 70 78 6 0 13 0.00 0.0 0 5.0 14 140 M M 6 19 170
3 86 67 77 5 0 12 0.00 0.0 0 9.5 22 260 M M 4 33 240
4 73 60 67 -5 0 2 0.00 0.0 M 6.9 14 300 M M 5 20 290
5 80 62 71 -1 0 6 0.00 0.0 M 7.8 15 80 M M 6 20 110
6 79 63 71 -1 0 6 1.42 0.0 M 8.6 21 110 M M 8 13 30 160
7 78 61 70 -2 0 5 0.00 M M 9.8 17 30 M M 5 25 360
8 73 57 65 -7 0 0 T 0.0 M 10.5 20 70 M M 6 27 80
9 75 68 72 0 0 7 T 0.0 M 13.4 21 70 M M 8 29 40
10 78 68 73 1 0 8 0.09 0.0 M 14.1 26 80 M M 8 33 90
11 80 67 74 2 0 9 0.02 0.0 0 14.0 25 90 M M 6 32 80
12 80 69 75 3 0 10 0.00 0.0 0 9.0 22 90 M M 5 31 130
13 81 70 76 4 0 11 0.00 0.0 0 7.6 18 90 M M 6 24 100
14 82 65 74 2 0 9 0.00 0.0 0 5.5 14 90 M M 4 19 100
15 83 65 74 2 0 9 0.00 0.0 0 6.3 15 100 M M 2 19 90
16 81 71 76 3 0 11 0.00 0.0 0 10.4 21 120 M M 5 26 150
17 83 72 78 5 0 13 0.00 0.0 M 10.3 20 130 M M 4 28 130
18 85 74 80 7 0 15 0.00 0.0 0 10.6 22 160 M M 4 30 160
19 85 64 75 2 0 10 0.34 0.0 0 9.0 16 260 M M 5 13 21 300
20 82 58 70 -3 0 5 0.00 0.0 0 7.8 15 330 M M 5 21 320
21 78 60 69 -4 0 4 0.00 0.0 0 8.1 15 260 M M 6 20 250
22 78 58 68 -5 0 3 0.00 0.0 0 6.6 15 250 M M 5 20 270
23 80 62 71 -2 0 6 0.00 0.0 0 5.5 16 100 M M 2 21 100
24 84 61 73 0 0 8 0.00 0.0 0 6.7 17 120 M M 2 25 150
25 86 74 80 7 0 15 0.00 0.0 0 11.2 21 130 M M 4 30 120
26 85 76 81 8 0 16 0.00 0.0 0 11.7 20 130 M M 5 27 150
27 85 74 80 6 0 15 T 0.0 0 12.5 20 100 M M 5 26 100
28 85 76 81 7 0 16 0.00 0.0 0 10.7 20 120 M M 6 26 130
29 86 73 80 6 0 15 0.00 0.0 0 6.0 14 80 M M 7 17 150
30 86 76 81 7 0 16 0.00 0.0 0 12.7 21 120 M M 5 27 110
31 86 75 81 7 0 16 T 0.0 0 10.9 18 120 M M 5 26 140
================================================================================
SM 2532 2089 0 305 1.87 0.0 287.6 M 158
================================================================================
AV 81.7 67.4 9.3 FASTST M M 5 MAX(MPH)
MISC ----> 26 80 # 33 240
================================================================================
NOTES:
# LAST OF SEVERAL OCCURRENCES
COLUMN 17 PEAK WIND IN M.P.H.
PRELIMINARY LOCAL CLIMATOLOGICAL DATA (WS FORM: F-6) , PAGE 2
STATION: MIAMI
MONTH: MARCH
YEAR: 2021
LATITUDE: 25 49 N
LONGITUDE: 80 17 W
[TEMPERATURE DATA] [PRECIPITATION DATA] SYMBOLS USED IN COLUMN 16
AVERAGE MONTHLY: 74.5 TOTAL FOR MONTH: 1.87 1 = FOG OR MIST
DPTR FM NORMAL: 1.9 DPTR FM NORMAL: -1.13 2 = FOG REDUCING VISIBILITY
HIGHEST: 86 ON 31,30 GRTST 24HR 1.42 ON 6- 6 TO 1/4 MILE OR LESS
LOWEST: 57 ON 8 3 = THUNDER
SNOW, ICE PELLETS, HAIL 4 = ICE PELLETS
TOTAL MONTH: 0.0 INCH 5 = HAIL
GRTST 24HR 0.0 6 = FREEZING RAIN OR DRIZZLE
GRTST DEPTH: 0 7 = DUSTSTORM OR SANDSTORM:
VSBY 1/2 MILE OR LESS
8 = SMOKE OR HAZE
[NO. OF DAYS WITH] [WEATHER - DAYS WITH] 9 = BLOWING SNOW
X = TORNADO
MAX 32 OR BELOW: 0 0.01 INCH OR MORE: 4
MAX 90 OR ABOVE: 0 0.10 INCH OR MORE: 2
MIN 32 OR BELOW: 0 0.50 INCH OR MORE: 1
MIN 0 OR BELOW: 0 1.00 INCH OR MORE: 1
[HDD (BASE 65) ]
TOTAL THIS MO. 0 CLEAR (SCALE 0-3) 3
DPTR FM NORMAL -11 PTCLDY (SCALE 4-7) 27
TOTAL FM JUL 1 64 CLOUDY (SCALE 8-10) 1
DPTR FM NORMAL -60
[CDD (BASE 65) ]
TOTAL THIS MO. 305
DPTR FM NORMAL 58 [PRESSURE DATA]
TOTAL FM JAN 1 726 HIGHEST SLP 30.42 ON 9
DPTR FM NORMAL 157 LOWEST SLP 29.82 ON 6
[REMARKS]
#FINAL-03-21#