745
CXUS52 KMFL 011000
CF6MIA
PRELIMINARY LOCAL CLIMATOLOGICAL DATA (WS FORM: F-6)
STATION: MIAMI
MONTH: OCTOBER
YEAR: 2020
LATITUDE: 25 49 N
LONGITUDE: 80 17 W
TEMPERATURE IN F: :PCPN: SNOW: WIND :SUNSHINE: SKY :PK WND
================================================================================
1 2 3 4 5 6A 6B 7 8 9 10 11 12 13 14 15 16 17 18
12Z AVG MX 2MIN
DY MAX MIN AVG DEP HDD CDD WTR SNW DPTH SPD SPD DIR MIN PSBL S-S WX SPD DR
================================================================================
1 90 75 83 1 0 18 0.32 0.0 0 4.3 14 10 M M 7 13 22 360
2 84 73 79 -3 0 14 2.21 0.0 0 3.5 17 90 M M 10 13 19 80
3 85 76 81 -1 0 16 0.33 0.0 0 5.1 21 120 M M 10 1 25 130
4 89 79 84 2 0 19 T 0.0 0 11.5 20 110 M M 9 28 100
5 90 79 85 3 0 20 0.04 0.0 0 13.1 25 130 M M 9 38 110
6 90 79 85 4 0 20 0.08 0.0 0 12.6 24 140 M M 6 1 31 130
7 89 82 86 5 0 21 T 0.0 0 12.4 20 130 M M 6 26 120
8 89 79 84 3 0 19 T 0.0 0 9.9 17 90 M M 4 24 110
9 89 76 83 2 0 18 0.07 0.0 0 11.5 23 100 M M 5 1 28 120
10 90 79 85 4 0 20 0.04 0.0 0 8.0 17 120 M M 5 25 120
11 91 79 85 4 0 20 T 0.0 0 5.0 13 130 M M 5 3 22 160
12 92 80 86 5 0 21 0.01 0.0 0 2.9 14 270 M M 5 3 20 290
13 89 76 83 3 0 18 0.00 0.0 0 5.5 12 70 M M 3 15 80
14 89 76 83 3 0 18 0.26 0.0 0 7.3 17 90 M M 4 1 23 80
15 89 74 82 2 0 17 0.04 0.0 0 6.7 18 100 M M 7 21 100
16 89 72 81 1 0 16 1.32 0.0 0 5.3 20 290 M M 8 13 29 290
17 88 75 82 2 0 17 0.01 0.0 0 8.8 20 40 M M 7 26 40
18 88 79 84 4 0 19 0.00 0.0 0 11.9 20 70 M M 7 27 50
19 84 74 79 -1 0 14 0.43 0.0 0 12.5 31 100 M M 8 18 49 80
20 85 73 79 0 0 14 1.31 0.0 0 10.4 23 80 M M 9 138 29 90
21 79 72 76 -3 0 11 2.49 0.0 0 9.7 26 80 M M 10 1 33 90
22 85 73 79 0 0 14 0.27 0.0 0 11.3 24 90 M M 7 18 30 90
23 87 77 82 3 0 17 T 0.0 0 12.3 21 80 M M 5 25 90
24 86 74 80 1 0 15 0.92 0.0 0 9.9 21 120 M M 7 13 26 110
25 87 75 81 3 0 16 0.71 0.0 0 7.3 16 180 M M 9 13 22 150
26 87 76 82 4 0 17 T 0.0 0 9.2 18 100 M M 7 22 100
27 89 79 84 6 0 19 0.00 0.0 0 12.1 18 90 M M 4 23 110
28 88 80 84 6 0 19 T 0.0 M 11.4 20 100 M M 7 27 110
29 88 80 84 6 0 19 0.01 0.0 0 8.8 16 120 M M 5 23 140
30 89 76 83 5 0 18 0.60 0.0 0 4.2 16 80 M M 6 13 20 90
31 87 76 82 5 0 17 0.39 0.0 0 7.8 14 80 M M 7 3 M M
================================================================================
SM 2721 2373 0 541 11.86 0.0 272.2 M 208
================================================================================
AV 87.8 76.6 8.8 FASTST M M 7 MAX(MPH)
MISC ----> # 31 100 # 49 80
================================================================================
NOTES:
# LAST OF SEVERAL OCCURRENCES
COLUMN 17 PEAK WIND IN M.P.H.
PRELIMINARY LOCAL CLIMATOLOGICAL DATA (WS FORM: F-6) , PAGE 2
STATION: MIAMI
MONTH: OCTOBER
YEAR: 2020
LATITUDE: 25 49 N
LONGITUDE: 80 17 W
[TEMPERATURE DATA] [PRECIPITATION DATA] SYMBOLS USED IN COLUMN 16
AVERAGE MONTHLY: 82.2 TOTAL FOR MONTH: 11.86 1 = FOG OR MIST
DPTR FM NORMAL: 2.3 DPTR FM NORMAL: 5.53 2 = FOG REDUCING VISIBILITY
HIGHEST: 92 ON 12 GRTST 24HR 2.49 ON 21-21 TO 1/4 MILE OR LESS
LOWEST: 72 ON 21,16 3 = THUNDER
SNOW, ICE PELLETS, HAIL 4 = ICE PELLETS
TOTAL MONTH: 0.0 INCH 5 = HAIL
GRTST 24HR 0.0 6 = FREEZING RAIN OR DRIZZLE
GRTST DEPTH: 0 7 = DUSTSTORM OR SANDSTORM:
VSBY 1/2 MILE OR LESS
8 = SMOKE OR HAZE
[NO. OF DAYS WITH] [WEATHER - DAYS WITH] 9 = BLOWING SNOW
X = TORNADO
MAX 32 OR BELOW: 0 0.01 INCH OR MORE: 21
MAX 90 OR ABOVE: 6 0.10 INCH OR MORE: 13
MIN 32 OR BELOW: 0 0.50 INCH OR MORE: 7
MIN 0 OR BELOW: 0 1.00 INCH OR MORE: 4
[HDD (BASE 65) ]
TOTAL THIS MO. 0 CLEAR (SCALE 0-3) 0
DPTR FM NORMAL 0 PTCLDY (SCALE 4-7) 23
TOTAL FM JUL 1 0 CLOUDY (SCALE 8-10) 8
DPTR FM NORMAL 0
[CDD (BASE 65) ]
TOTAL THIS MO. 541
DPTR FM NORMAL 81 [PRESSURE DATA]
TOTAL FM JAN 1 4828 HIGHEST SLP 30.09 ON 31
DPTR FM NORMAL 756 LOWEST SLP 29.83 ON 24
[REMARKS]
#FINAL-10-20#