000
CXUS53 KIND 010700
CF6MIE
PRELIMINARY LOCAL CLIMATOLOGICAL DATA (WS FORM: F-6)
STATION: MUNCIE IN
MONTH: DECEMBER
YEAR: 2020
LATITUDE: 40 13 N
LONGITUDE: 85 23 W
TEMPERATURE IN F: :PCPN: SNOW: WIND :SUNSHINE: SKY :PK WND
================================================================================
1 2 3 4 5 6A 6B 7 8 9 10 11 12 13 14 15 16 17 18
12Z AVG MX 2MIN
DY MAX MIN AVG DEP HDD CDD WTR SNW DPTH SPD SPD DIR MIN PSBL S-S WX SPD DR
================================================================================
1 33 28 31 -5 34 0 T M M 15.3 23 290 M M 10 68 34 290
2 42 24 33 -2 32 0 0.00 M M 7.5 14 270 M M 0 19 260
3 44 27 36 1 29 0 T M M 7.9 15 210 M M 4 23 200
4 50 34 42 8 23 0 T M M 8.6 17 260 M M 2 24 240
5 39 28 34 0 31 0 0.00 M M 6.7 15 350 M M 6 18 19 350
6 35 27 31 -3 34 0 0.00 M M 6.4 13 10 M M 10 16 20
7 36 30 33 0 32 0 0.00 M M 6.0 14 40 M M 10 17 40
8 39 28 34 1 31 0 0.00 M M 6.9 18 250 M M 9 27 250
9 56 32 44 12 21 0 0.00 M M 8.8 18 260 M M 0 8 24 270
10 58 26 42 10 23 0 0.00 M M 5.4 13 190 M M 0 18 19 220
11 64 46 55 23 10 0 0.05 M M 8.9 16 190 M M 1 24 180
12 59 40 50 19 15 0 0.21 M M 14.9 28 230 M M 9 18 45 200
13 42 36 39 8 26 0 0.00 M M 4.4 12 300 M M 10 16 300
14 38 23 31 0 34 0 T M M 9.0 23 320 M M 7 8 28 320
15 33 23 28 -2 37 0 0.00 M M 8.2 16 80 M M 0 8 22 90
16 32 28 30 0 35 0 0.07 M M 8.3 18 100 M M 10 18 22 100
17 31 29 30 0 35 0 T M M 5.9 10 300 M M 10 18 15 310
18 36 22 29 -1 36 0 0.00 M M 7.3 15 190 M M 3 128 23 160
19 42 34 38 8 27 0 T M M 11.0 18 190 M M 7 18 31 190
20 42 36 39 10 26 0 T M M 8.7 16 250 M M 7 18 24 250
21 47 37 42 13 23 0 T M M 12.7 26 290 M M 7 8 36 260
22 45 36 41 12 24 0 0.00 M M 9.8 22 310 M M 7 31 300
23 55 39 47 18 18 0 0.05 M M 17.0 29 190 M M 5 48 190
24 51 16 34 6 31 0 0.10 M M 15.3 26 210 M M 10 40 200
25 18 14 16 -12 49 0 T M M 14.9 22 240 M M 9 8 30 240
26 37 17 27 -1 38 0 0.00 M M 9.3 20 240 M M 2 26 240
27 52 22 37 9 28 0 0.03 M M 12.6 22 220 M M 3 36 240
28 49 27 38 10 27 0 0.00 M M 12.0 26 270 M M 10 8 38 260
29 37 19 28 0 37 0 0.00 M M 7.9 21 140 M M 4 33 150
30 50 32 41 13 24 0 0.40 M M 13.1 22 290 M M 8 1 31 200
31 32 22 27 0 38 0 0.00 M M 6.6 17 320 M M 8 23 330
================================================================================
SM 1324 882 908 0 0.91 M 297.3 M 188
================================================================================
AV 42.7 28.5 9.6 FASTST M M 6 MAX(MPH)
MISC ----> 29 190 48 190
================================================================================
NOTES:
# LAST OF SEVERAL OCCURRENCES
COLUMN 17 PEAK WIND IN M.P.H.
PRELIMINARY LOCAL CLIMATOLOGICAL DATA (WS FORM: F-6) , PAGE 2
STATION: MUNCIE IN
MONTH: DECEMBER
YEAR: 2020
LATITUDE: 40 13 N
LONGITUDE: 85 23 W
[TEMPERATURE DATA] [PRECIPITATION DATA] SYMBOLS USED IN COLUMN 16
AVERAGE MONTHLY: 35.6 TOTAL FOR MONTH: 0.91 1 = FOG OR MIST
DPTR FM NORMAL: 4.9 DPTR FM NORMAL: -1.97 2 = FOG REDUCING VISIBILITY
HIGHEST: 64 ON 11 GRTST 24HR 0.40 ON 30-30 TO 1/4 MILE OR LESS
LOWEST: 14 ON 25 3 = THUNDER
SNOW, ICE PELLETS, HAIL 4 = ICE PELLETS
TOTAL MONTH: M 5 = HAIL
GRTST 24HR M ON M 6 = FREEZING RAIN OR DRIZZLE
GRTST DEPTH: M ON M 7 = DUSTSTORM OR SANDSTORM:
VSBY 1/2 MILE OR LESS
8 = SMOKE OR HAZE
[NO. OF DAYS WITH] [WEATHER - DAYS WITH] 9 = BLOWING SNOW
X = TORNADO
MAX 32 OR BELOW: 4 0.01 INCH OR MORE: 7
MAX 90 OR ABOVE: 0 0.10 INCH OR MORE: 3
MIN 32 OR BELOW: 22 0.50 INCH OR MORE: 0
MIN 0 OR BELOW: 0 1.00 INCH OR MORE: 0
[HDD (BASE 65) ]
TOTAL THIS MO. 908 CLEAR (SCALE 0-3) 9
DPTR FM NORMAL -155 PTCLDY (SCALE 4-7) 11
TOTAL FM JUL 1 1752 CLOUDY (SCALE 8-10) 11
DPTR FM NORMAL -447
[CDD (BASE 65) ]
TOTAL THIS MO. 0
DPTR FM NORMAL 0 [PRESSURE DATA]
TOTAL FM JAN 1 1217 HIGHEST SLP M ON M
DPTR FM NORMAL 261 LOWEST SLP 29.53 ON 23
[REMARKS]
#FINAL-12-20#