000
CXUS53 KDMX 020306
CF6MIW
PRELIMINARY LOCAL CLIMATOLOGICAL DATA (WS FORM: F-6)
STATION: MARSHALLTOWN IA
MONTH: AUGUST
YEAR: 2020
LATITUDE: 42 6 N
LONGITUDE: 92 55 W
TEMPERATURE IN F: :PCPN: SNOW: WIND :SUNSHINE: SKY :PK WND
================================================================================
1 2 3 4 5 6A 6B 7 8 9 10 11 12 13 14 15 16 17 18
12Z AVG MX 2MIN
DY MAX MIN AVG DEP HDD CDD WTR SNW DPTH SPD SPD DIR MIN PSBL S-S WX SPD DR
================================================================================
1 83 56 70 -2 0 5 0.00 0.0 0 4.0 10 360 M M 1 1 14 10
2 79 55 67 -5 0 2 0.00 0.0 0 10.0 20 10 M M 5 27 20
3 72 49 61 -11 4 0 0.00 0.0 0 8.9 18 10 M M 3 26 10
4 75 44 60 -12 5 0 0.00 0.0 0 3.5 9 40 M M 1 17 50
5 76 47 62 -10 3 0 0.02 0.0 0 6.1 14 190 M M 4 1 19 230
6 78 58 68 -4 0 3 0.03 0.0 0 10.6 20 160 M M 7 26 150
7 84 61 73 1 0 8 0.00 0.0 0 12.5 23 160 M M 4 31 140
8 89 67 78 6 0 13 0.00 0.0 0 9.4 16 210 M M 3 1 25 170
9 88 68 78 6 0 13 0.12 0.0 0 7.7 24 290 M M 3 13 32 300
10 82 59 71 -1 0 6 0.92 0.0 0 M M M M M M M M
11 83 55 69 -3 0 4 0.00 0.0 0 M M M M M M M M
12 85 59 72 1 0 7 0.00 0.0 0 M M M M M M M M
13 87 68 78 7 0 13 0.00 0.0 0 M M M M M M M M
14 87 66 77 6 0 12 0.09 0.0 0 M M M M M M M M
15 80 59 70 -1 0 5 0.22 0.0 0 M M M M M M M M
16 88 57 73 2 0 8 0.00 0.0 0 M M M M M M M M
17 82 58 70 -1 0 5 0.00 0.0 0 M M M M M M M M
18 80 54 67 -4 0 2 0.00 0.0 0 M M M M M M M M
19 82 50 66 -4 0 1 0.00 0.0 0 M M M M M M M M
20 82 59 71 1 0 6 0.00 0.0 0 9.0 71 290 M M 0 99 280
21 85 55 70 0 0 5 0.00 0.0 0 7.4 13 200 M M 0 23 200
22 82 64 73 3 0 8 0.12 0.0 0 7.8 17 190 M M 3 13 22 170
23 92 60 76 6 0 11 0.00 0.0 0 3.0 8 300 M M 1 12 12 280
24 92 65 79 9 0 14 0.00 0.0 0 5.3 13 200 M M 0 19 200
25 92 66 79 10 0 14 0.00 0.0 0 7.8 15 190 M M 0 1 20 200
26 93 70 82 13 0 17 0.00 0.0 0 11.2 20 230 M M 0 27 200
27 93 70 82 13 0 17 0.00 0.0 0 8.6 16 190 M M 0 22 190
28 91 67 79 10 0 14 0.41 0.0 0 7.1 37 300 M M 2 13 50 290
29 77 54 66 -2 0 1 0.00 0.0 0 8.3 15 330 M M 0 20 330
30 79 50 65 -3 0 0 0.00 0.0 0 8.1 16 150 M M 0 24 150
31 76 53 65 -3 0 0 0.10 0.0 0 9.6 24 340 M M 2 13 33 330
================================================================================
SM 2594 1823 12 214 2.03 0.0 165.9 M 39
================================================================================
AV 83.7 58.8 7.9 FASTST M M 2 MAX(MPH)
MISC ----> # 71 290 # 99 280
================================================================================
NOTES:
# LAST OF SEVERAL OCCURRENCES
COLUMN 17 PEAK WIND IN M.P.H.
PRELIMINARY LOCAL CLIMATOLOGICAL DATA (WS FORM: F-6) , PAGE 2
STATION: MARSHALLTOWN IA
MONTH: AUGUST
YEAR: 2020
LATITUDE: 42 6 N
LONGITUDE: 92 55 W
[TEMPERATURE DATA] [PRECIPITATION DATA] SYMBOLS USED IN COLUMN 16
AVERAGE MONTHLY: 71.2 TOTAL FOR MONTH: 2.03 1 = FOG OR MIST
DPTR FM NORMAL: 0.6 DPTR FM NORMAL: -2.22 2 = FOG REDUCING VISIBILITY
HIGHEST: 93 ON 27,26 GRTST 24HR 0.92 ON 10-10 TO 1/4 MILE OR LESS
LOWEST: 44 ON 4 3 = THUNDER
SNOW, ICE PELLETS, HAIL 4 = ICE PELLETS
TOTAL MONTH: 0.0 INCH 5 = HAIL
GRTST 24HR 0.0 6 = FREEZING RAIN OR DRIZZLE
GRTST DEPTH: 0 7 = DUSTSTORM OR SANDSTORM:
VSBY 1/2 MILE OR LESS
8 = SMOKE OR HAZE
[NO. OF DAYS WITH] [WEATHER - DAYS WITH] 9 = BLOWING SNOW
X = TORNADO
MAX 32 OR BELOW: 0 0.01 INCH OR MORE: 9
MAX 90 OR ABOVE: 6 0.10 INCH OR MORE: 6
MIN 32 OR BELOW: 0 0.50 INCH OR MORE: 1
MIN 0 OR BELOW: 0 1.00 INCH OR MORE: 0
[HDD (BASE 65) ]
TOTAL THIS MO. 12 CLEAR (SCALE 0-3) 15
DPTR FM NORMAL -3 PTCLDY (SCALE 4-7) 6
TOTAL FM JUL 1 12 CLOUDY (SCALE 8-10) 0
DPTR FM NORMAL -9
[CDD (BASE 65) ]
TOTAL THIS MO. 214
DPTR FM NORMAL 24 [PRESSURE DATA]
TOTAL FM JAN 1 766 HIGHEST SLP 30.17 ON 4
DPTR FM NORMAL 110 LOWEST SLP 29.66 ON 28
[REMARKS]
#FINAL-08-20#