000
CXUS54 KFWD 010830
CF6MKN
PRELIMINARY LOCAL CLIMATOLOGICAL DATA (WS FORM: F-6)
STATION: COMANCHE
MONTH: DECEMBER
YEAR: 2021
LATITUDE: 31 55 N
LONGITUDE: 98 36 W
TEMPERATURE IN F: :PCPN: SNOW: WIND :SUNSHINE: SKY :PK WND
================================================================================
1 2 3 4 5 6A 6B 7 8 9 10 11 12 13 14 15 16 17 18
12Z AVG MX 2MIN
DY MAX MIN AVG DEP HDD CDD WTR SNW DPTH SPD SPD DIR MIN PSBL S-S WX SPD DR
================================================================================
1 81 51 66 M 0 1 0.00 M M 6.0 14 280 M M 0 20 260
2 83 46 65 M 0 0 0.00 M M 4.1 13 200 M M 0 20 200
3 85 60 73 M 0 8 0.00 M M 10.4 16 200 M M 1 26 230
4 76 53 65 M 0 0 0.00 M M 6.3 14 220 M M 3 2 22 220
5 79 52 66 M 0 1 0.00 M M 10.0 22 210 M M 5 30 210
6 67 35 51 M 14 0 0.00 M M 12.3 21 360 M M 1 29 360
7 72 27 50 M 15 0 0.00 M M 4.4 9 220 M M 0 M M
8 75 35 55 M 10 0 0.00 M M 4.7 15 200 M M 0 21 200
9 84 62 73 M 0 8 0.00 M M 12.4 22 200 M M 0 33 210
10 86 63 75 M 0 10 0.00 M M 11.8 16 260 M M 2 1 28 240
11 67 35 51 M 14 0 0.00 M M 11.7 25 350 M M 3 32 350
12 66 29 48 M 17 0 0.00 M M 6.6 12 200 M M 0 16 180
13 76 44 60 M 5 0 0.00 M M 9.3 16 210 M M 1 22 210
14 77 54 66 M 0 1 0.00 M M 10.5 18 220 M M 5 26 220
15 81 66 74 M 0 9 0.00 M M 18.6 33 210 M M 6 41 190
16 78 57 68 M 0 3 M M M 5.9 14 200 M M 4 1 21 180
17 74 58 66 M 0 1 0.00 M M 8.6 18 200 M M 7 24 200
18 65 35 50 M 15 0 0.13 M M 13.5 20 20 M M 4 25 340
19 52 33 43 M 22 0 0.00 M M 4.6 12 350 M M 6 18 360
20 65 38 52 M 13 0 T M M 4.5 8 160 M M 4 20 200
21 71 32 52 M 13 0 0.00 M M 4.6 10 210 M M 0 1 17 220
22 75 40 58 M 7 0 0.00 M M 4.0 8 230 M M 0 M M
23 82 43 63 M 2 0 0.00 M M 12.0 22 200 M M 0 26 200
24 85 60 73 M 0 8 0.00 M M 17.6 21 190 M M 0 30 210
25 88 56 72 M 0 7 0.00 M M 4.6 16 200 M M 0 22 200
26 90 55 73 M 0 8 0.00 M M 11.8 20 200 M M 0 1 29 210
27 79 55 67 M 0 2 0.00 M M 6.7 16 220 M M 2 12 22 220
28 81 54 68 M 0 3 0.00 M M 8.7 23 200 M M 2 1 26 200
29 79 53 66 M 0 1 0.00 M M 5.9 12 280 M M 3 1 18 310
30 78 48 63 M 2 0 0.00 M M 3.5 9 330 M M 3 M M
31 74 51 63 M 2 0 0.00 M M 4.7 10 210 M M 2 M M
================================================================================
SM 2371 1480 151 71 0.13 M 259.8 M 64
================================================================================
AV 76.5 47.7 8.4 FASTST M M 2 MAX(MPH)
MISC ----> 33 210 41 190
================================================================================
NOTES:
# LAST OF SEVERAL OCCURRENCES
COLUMN 17 PEAK WIND IN M.P.H.
PRELIMINARY LOCAL CLIMATOLOGICAL DATA (WS FORM: F-6) , PAGE 2
STATION: COMANCHE
MONTH: DECEMBER
YEAR: 2021
LATITUDE: 31 55 N
LONGITUDE: 98 36 W
[TEMPERATURE DATA] [PRECIPITATION DATA] SYMBOLS USED IN COLUMN 16
AVERAGE MONTHLY: 62.1 TOTAL FOR MONTH: 0.13 1 = FOG OR MIST
DPTR FM NORMAL: 0.0 DPTR FM NORMAL: -1.39 2 = FOG REDUCING VISIBILITY
HIGHEST: 90 ON 26 GRTST 24HR 0.13 ON 18-18 TO 1/4 MILE OR LESS
LOWEST: 27 ON 7 3 = THUNDER
SNOW, ICE PELLETS, HAIL 4 = ICE PELLETS
TOTAL MONTH: M 5 = HAIL
GRTST 24HR M ON M 6 = FREEZING RAIN OR DRIZZLE
GRTST DEPTH: M ON M 7 = DUSTSTORM OR SANDSTORM:
VSBY 1/2 MILE OR LESS
8 = SMOKE OR HAZE
[NO. OF DAYS WITH] [WEATHER - DAYS WITH] 9 = BLOWING SNOW
X = TORNADO
MAX 32 OR BELOW: 0 0.01 INCH OR MORE: 1
MAX 90 OR ABOVE: 1 0.10 INCH OR MORE: 1
MIN 32 OR BELOW: 3 0.50 INCH OR MORE: 0
MIN 0 OR BELOW: 0 1.00 INCH OR MORE: 0
[HDD (BASE 65) ]
TOTAL THIS MO. 151 CLEAR (SCALE 0-3) 22
DPTR FM NORMAL M PTCLDY (SCALE 4-7) 9
TOTAL FM JUL 1 385 CLOUDY (SCALE 8-10) 0
DPTR FM NORMAL M
[CDD (BASE 65) ]
TOTAL THIS MO. 71
DPTR FM NORMAL M [PRESSURE DATA]
TOTAL FM JAN 1 2534 HIGHEST SLP M ON M
DPTR FM NORMAL M LOWEST SLP M ON M
[REMARKS]
#FINAL-12-21#