000
CXUS54 KFWD 010730
CF6MKN
PRELIMINARY LOCAL CLIMATOLOGICAL DATA (WS FORM: F-6)
STATION: COMANCHE
MONTH: OCTOBER
YEAR: 2021
LATITUDE: 31 55 N
LONGITUDE: 98 36 W
TEMPERATURE IN F: :PCPN: SNOW: WIND :SUNSHINE: SKY :PK WND
================================================================================
1 2 3 4 5 6A 6B 7 8 9 10 11 12 13 14 15 16 17 18
12Z AVG MX 2MIN
DY MAX MIN AVG DEP HDD CDD WTR SNW DPTH SPD SPD DIR MIN PSBL S-S WX SPD DR
================================================================================
1 79 65 72 M 0 7 0.06 M M 4.6 12 160 M M 7 18 160
2 80 66 73 M 0 8 1.25 M M 1.6 6 280 M M 5 13 M M
3 86 63 75 M 0 10 0.00 M M 3.8 9 350 M M 1 M M
4 87 58 73 M 0 8 0.00 M M 3.0 12 30 M M 0 16 30
5 89 59 74 M 0 9 0.00 M M 2.5 5 50 M M 3 M M
6 90 58 74 M 0 9 0.00 M M 2.4 6 170 M M 1 M M
7 92 60 76 M 0 11 0.00 M M 7.7 14 190 M M 0 18 180
8 93 68 81 M 0 16 0.00 M M 11.1 18 210 M M 0 26 210
9 93 65 79 M 0 14 0.00 M M 12.4 18 190 M M 0 25 210
10 91 63 77 M 0 12 0.27 M M 13.8 22 190 M M 4 30 170
11 86 55 71 M 0 6 0.00 M M 4.4 8 290 M M 0 M M
12 88 61 75 M 0 10 0.00 M M 12.4 21 170 M M 8 30 170
13 87 59 73 M 0 8 0.60 M M 11.6 24 190 M M 8 1 32 190
14 88 66 77 M 0 12 0.00 M M 5.6 10 210 M M 5 1 M M
15 73 51 62 M 3 0 0.00 M M 10.6 21 350 M M 3 1 25 330
16 72 47 60 M 5 0 0.00 M M 5.2 10 30 M M 0 17 40
17 74 43 59 M 6 0 0.00 M M 2.9 6 150 M M 0 M M
18 79 44 62 M 3 0 0.00 M M 8.0 17 160 M M 0 21 170
19 82 57 70 M 0 5 0.00 M M 11.8 18 190 M M 0 28 200
20 89 60 75 M 0 10 0.00 M M 5.6 14 180 M M 6 21 160
21 87 62 75 M 0 10 0.00 M M 2.4 6 80 M M 4 M M
22 89 58 74 M 0 9 0.00 M M 5.2 9 160 M M 1 8 M M
23 87 62 75 M 0 10 0.00 M M 11.2 17 180 M M 0 26 180
24 91 65 78 M 0 13 0.00 M M 8.9 16 200 M M 3 25 210
25 95 57 76 M 0 11 0.00 M M 4.7 12 160 M M 0 16 160
26 87 67 77 M 0 12 0.00 M M 14.8 23 180 M M 3 32 180
27 75 57 66 M 0 1 0.55 M M 13.0 24 180 M M 2 3 38 180
28 73 54 64 M 1 0 0.00 M M 16.5 31 320 M M 2 44 330
29 69 51 60 M 5 0 0.00 M M 13.9 23 350 M M 0 31 330
30 83 40 62 M 3 0 0.00 M M 4.8 9 170 M M 0 M M
31 87 46 67 M 0 2 0.00 M M 3.5 7 150 M M 0 M M
================================================================================
SM 2621 1787 26 223 2.73 M 239.6 M 66
================================================================================
AV 84.5 57.6 7.7 FASTST M M 2 MAX(MPH)
MISC ----> 31 320 44 330
================================================================================
NOTES:
# LAST OF SEVERAL OCCURRENCES
COLUMN 17 PEAK WIND IN M.P.H.
PRELIMINARY LOCAL CLIMATOLOGICAL DATA (WS FORM: F-6) , PAGE 2
STATION: COMANCHE
MONTH: OCTOBER
YEAR: 2021
LATITUDE: 31 55 N
LONGITUDE: 98 36 W
[TEMPERATURE DATA] [PRECIPITATION DATA] SYMBOLS USED IN COLUMN 16
AVERAGE MONTHLY: 71.1 TOTAL FOR MONTH: 2.73 1 = FOG OR MIST
DPTR FM NORMAL: 0.0 DPTR FM NORMAL: -0.04 2 = FOG REDUCING VISIBILITY
HIGHEST: 95 ON 25 GRTST 24HR 1.25 ON 2- 2 TO 1/4 MILE OR LESS
LOWEST: 40 ON 30 3 = THUNDER
SNOW, ICE PELLETS, HAIL 4 = ICE PELLETS
TOTAL MONTH: M 5 = HAIL
GRTST 24HR M ON M 6 = FREEZING RAIN OR DRIZZLE
GRTST DEPTH: M ON M 7 = DUSTSTORM OR SANDSTORM:
VSBY 1/2 MILE OR LESS
8 = SMOKE OR HAZE
[NO. OF DAYS WITH] [WEATHER - DAYS WITH] 9 = BLOWING SNOW
X = TORNADO
MAX 32 OR BELOW: 0 0.01 INCH OR MORE: 5
MAX 90 OR ABOVE: 7 0.10 INCH OR MORE: 4
MIN 32 OR BELOW: 0 0.50 INCH OR MORE: 3
MIN 0 OR BELOW: 0 1.00 INCH OR MORE: 1
[HDD (BASE 65) ]
TOTAL THIS MO. 26 CLEAR (SCALE 0-3) 21
DPTR FM NORMAL M PTCLDY (SCALE 4-7) 10
TOTAL FM JUL 1 26 CLOUDY (SCALE 8-10) 0
DPTR FM NORMAL M
[CDD (BASE 65) ]
TOTAL THIS MO. 223
DPTR FM NORMAL M [PRESSURE DATA]
TOTAL FM JAN 1 2443 HIGHEST SLP M ON M
DPTR FM NORMAL M LOWEST SLP M ON M
[REMARKS]
#FINAL-10-21#