000
CXUS54 KTSA 010950
CF6MKO
PRELIMINARY LOCAL CLIMATOLOGICAL DATA (WS FORM: F-6)
STATION: MUSKOGEE OKLAHOMA
MONTH: JANUARY
YEAR: 2022
LATITUDE: 35 40 N
LONGITUDE: 95 22 W
TEMPERATURE IN F: :PCPN: SNOW: WIND :SUNSHINE: SKY :PK WND
================================================================================
1 2 3 4 5 6A 6B 7 8 9 10 11 12 13 14 15 16 17 18
12Z AVG MX 2MIN
DY MAX MIN AVG DEP HDD CDD WTR SNW DPTH SPD SPD DIR MIN PSBL S-S WX SPD DR
================================================================================
1 58 17 38 -1 27 0 0.55 M M 13.8 25 330 M M 10 1 35 310
2 31 15 23 -16 42 0 T M M 11.2 23 330 M M 5 32 330
3 49 16 33 -6 32 0 0.00 0.0 M 6.4 12 170 M M 0 19 160
4 55 28 42 3 23 0 0.00 0.0 M 11.0 28 180 M M 0 39 190
5 45 31 38 -1 27 0 0.00 0.0 M 12.4 23 360 M M 0 36 350
6 33 17 25 -13 40 0 0.00 0.0 M 15.7 28 10 M M 6 35 360
7 39 16 28 -10 37 0 0.00 0.0 M 9.4 18 130 M M 2 26 140
8 48 35 42 4 23 0 T 0.0 M 11.6 18 140 M M 10 1 26 160
9 51 24 38 0 27 0 0.01 0.0 M 15.6 29 20 M M 5 1 39 360
10 53 20 37 -1 28 0 0.00 0.0 M 3.6 10 280 M M 0 14 260
11 59 25 42 4 23 0 0.00 0.0 M 8.8 20 190 M M 0 27 180
12 61 35 48 10 17 0 0.00 0.0 M 6.2 15 230 M M 0 19 230
13 68 30 49 11 16 0 0.00 0.0 M 5.5 15 320 M M 0 19 320
14 57 33 45 7 20 0 T 0.0 M 8.6 23 340 M M 1 30 350
15 44 26 35 -3 30 0 0.03 M M 19.5 31 340 M M 10 18 42 330
16 36 22 29 -10 36 0 0.00 0.0 M 7.5 21 340 M M 7 18 28 350
17 56 21 39 0 26 0 0.00 0.0 M 4.2 10 190 M M 0 1 15 180
18 66 34 50 11 15 0 0.00 0.0 M 9.0 18 180 M M 0 29 180
19 51 23 37 -2 28 0 0.02 M M 15.6 31 360 M M 5 14 42 360
20 27 15 21 -18 44 0 0.00 0.0 M 14.3 28 10 M M 2 34 360
21 37 10 24 -15 41 0 0.00 0.0 M 3.8 9 10 M M 0 12 120
22 48 18 33 -6 32 0 0.00 0.0 M 6.1 12 240 M M 0 16 250
23 58 25 42 3 23 0 0.00 M M 5.0 12 350 M M 0 17 10
24 68 28 48 9 17 0 0.00 0.0 M 7.4 22 30 M M 0 31 10
25 44 27 36 -3 29 0 0.00 0.0 M 12.7 20 350 M M 2 25 350
26 44 21 33 -6 32 0 T M M 6.2 16 30 M M 5 19 20
27 46 33 40 1 25 0 0.00 0.0 M 3.3 12 340 M M 8 17 300
28 47 23 35 -5 30 0 0.00 0.0 M 7.0 18 320 M M 0 25 330
29 66 22 44 4 21 0 0.00 0.0 M 8.0 18 210 M M 0 26 240
30 64 24 44 4 21 0 0.00 0.0 M 1.6 7 350 M M 0 11 30
31 71 27 49 9 16 0 0.00 0.0 M 9.4 20 200 M M 0 29 190
================================================================================
SM 1580 741 848 0 0.61 0.0 280.4 M 78
================================================================================
AV 51.0 23.9 9.0 FASTST M M 3 MAX(MPH)
MISC ----> # 31 340 # 42 330
================================================================================
NOTES:
# LAST OF SEVERAL OCCURRENCES
COLUMN 17 PEAK WIND IN M.P.H.
PRELIMINARY LOCAL CLIMATOLOGICAL DATA (WS FORM: F-6) , PAGE 2
STATION: MUSKOGEE OKLAHOMA
MONTH: JANUARY
YEAR: 2022
LATITUDE: 35 40 N
LONGITUDE: 95 22 W
[TEMPERATURE DATA] [PRECIPITATION DATA] SYMBOLS USED IN COLUMN 16
AVERAGE MONTHLY: 37.4 TOTAL FOR MONTH: 0.61 1 = FOG OR MIST
DPTR FM NORMAL: -1.4 DPTR FM NORMAL: -1.72 2 = FOG REDUCING VISIBILITY
HIGHEST: 71 ON 31 GRTST 24HR 1.25 ON 31- 1 TO 1/4 MILE OR LESS
LOWEST: 10 ON 21 3 = THUNDER
SNOW, ICE PELLETS, HAIL 4 = ICE PELLETS
TOTAL MONTH: 0.0 INCH 5 = HAIL
GRTST 24HR 0.0 6 = FREEZING RAIN OR DRIZZLE
GRTST DEPTH: M ON M 7 = DUSTSTORM OR SANDSTORM:
VSBY 1/2 MILE OR LESS
8 = SMOKE OR HAZE
[NO. OF DAYS WITH] [WEATHER - DAYS WITH] 9 = BLOWING SNOW
X = TORNADO
MAX 32 OR BELOW: 2 0.01 INCH OR MORE: 4
MAX 90 OR ABOVE: 0 0.10 INCH OR MORE: 1
MIN 32 OR BELOW: 26 0.50 INCH OR MORE: 1
MIN 0 OR BELOW: 0 1.00 INCH OR MORE: 0
[HDD (BASE 65) ]
TOTAL THIS MO. 848 CLEAR (SCALE 0-3) 21
DPTR FM NORMAL 37 PTCLDY (SCALE 4-7) 6
TOTAL FM JUL 1 1735 CLOUDY (SCALE 8-10) 4
DPTR FM NORMAL -427
[CDD (BASE 65) ]
TOTAL THIS MO. 0
DPTR FM NORMAL 0 [PRESSURE DATA]
TOTAL FM JAN 1 0 HIGHEST SLP 30.75 ON 10
DPTR FM NORMAL 0 LOWEST SLP 29.58 ON 1
[REMARKS]
#FINAL-01-22#