000
CXUS53 KMPX 111650
CF6MKT
PRELIMINARY LOCAL CLIMATOLOGICAL DATA (WS FORM: F-6)
STATION: MANKATO MN
MONTH: JULY
YEAR: 2023
LATITUDE: 44 13 N
LONGITUDE: 93 55 W
TEMPERATURE IN F: :PCPN: SNOW: WIND :SUNSHINE: SKY :PK WND
================================================================================
1 2 3 4 5 6A 6B 7 8 9 10 11 12 13 14 15 16 17 18
12Z AVG MX 2MIN
DY MAX MIN AVG DEP HDD CDD WTR SNW DPTH SPD SPD DIR MIN PSBL S-S WX SPD DR
================================================================================
1 81 65 73 1 0 8 0.00 M M 3.7 7 30 M M 1 M M
2 87 64 76 4 0 11 0.00 M M 3.1 8 310 M M 0 M M
3 90 67 79 7 0 14 T M M 7.3 16 230 M M 2 3 M M
4 81 68 75 3 0 10 0.02 M M 6.7 12 290 M M 3 3 M M
5 73 57 65 -7 0 0 0.00 M M 10.5 21 320 M M 3 24 290
6 73 51 62 -10 3 0 0.00 M M 5.1 12 340 M M 2 17 280
7 69 51 60 -12 5 0 T M M 6.3 10 270 M M 1 M M
8 76 54 65 -7 0 0 0.00 M M 6.8 14 320 M M 4 20 320
9 82 51 67 -5 0 2 0.00 M M 9.4 21 250 M M 0 25 220
10 90 62 76 4 0 11 0.30 M M 9.3 17 290 M M 1 13 29 190
11 70 55 63 -9 2 0 0.08 M M 4.9 10 10 M M 2 M M
12 76 59 68 -4 0 3 0.03 M M 6.5 20 110 M M 7 1 20 340
13 85 62 74 2 0 9 0.00 M M 7.6 17 280 M M 3 31 330
14 83 62 73 1 0 8 0.00 M M 6.6 15 240 M M 1 8 20 200
15 79 59 69 -3 0 4 0.00 M M 8.2 18 310 M M 0 18 24 310
16 76 55 66 -6 0 1 0.00 M M 10.7 22 320 M M 1 18 31 290
17 73 51 62 -10 3 0 0.00 M M 8.2 16 310 M M 3 M M
18 77 54 66 -6 0 1 T M M 4.4 10 100 M M 1 M M
19 85 62 74 2 0 9 T M M 9.2 17 210 M M 3 3 25 210
20 75 61 68 -4 0 3 0.00 M M 10.2 21 350 M M 3 28 350
21 81 57 69 -3 0 4 0.00 M M 3.9 9 270 M M 2 1 M M
22 86 58 72 0 0 7 T M M 6.1 16 270 M M 0 13 24 250
23 84 60 72 0 0 7 0.00 M M 2.9 7 290 M M 1 M M
24 88 62 75 3 0 10 0.00 M M 5.3 8 170 M M 1 13 M M
25 91 65 78 6 0 13 0.00 M M 8.2 13 160 M M 0 1 21 160
26 91 67 79 7 0 14 0.96 M M 7.9 22 350 M M 2 3 43 340
27 91 70 81 9 0 16 0.66 M M 9.4 39 300 M M 1 1 50 300
28 87 67 77 5 0 12 0.22 M M 7.8 23 20 M M 3 3 31 10
29 80 60 70 -2 0 5 0.00 M M 7.0 13 350 M M 2 M M
30 79 57 68 -4 0 3 0.00 M M 5.0 9 310 M M 3 M M
31 81 58 70 -2 0 5 0.00 M M 6.0 9 120 M M 2 M M
================================================================================
SM 2520 1851 13 190 2.27 M 214.2 M 58
================================================================================
AV 81.3 59.7 6.9 FASTST M M 2 MAX(MPH)
MISC ----> 39 300 50 300
================================================================================
NOTES:
# LAST OF SEVERAL OCCURRENCES
COLUMN 17 PEAK WIND IN M.P.H.
PRELIMINARY LOCAL CLIMATOLOGICAL DATA (WS FORM: F-6) , PAGE 2
STATION: MANKATO MN
MONTH: JULY
YEAR: 2023
LATITUDE: 44 13 N
LONGITUDE: 93 55 W
[TEMPERATURE DATA] [PRECIPITATION DATA] SYMBOLS USED IN COLUMN 16
AVERAGE MONTHLY: 70.5 TOTAL FOR MONTH: 2.27 1 = FOG OR MIST
DPTR FM NORMAL: -1.7 DPTR FM NORMAL: -2.05 2 = FOG REDUCING VISIBILITY
HIGHEST: 91 ON 27,26 GRTST 24HR 0.96 ON 26-26 TO 1/4 MILE OR LESS
LOWEST: 51 ON 17, 9 3 = THUNDER
SNOW, ICE PELLETS, HAIL 4 = ICE PELLETS
TOTAL MONTH: M 5 = HAIL
GRTST 24HR M ON M 6 = FREEZING RAIN OR DRIZZLE
GRTST DEPTH: M ON M 7 = DUSTSTORM OR SANDSTORM:
VSBY 1/2 MILE OR LESS
8 = SMOKE OR HAZE
[NO. OF DAYS WITH] [WEATHER - DAYS WITH] 9 = BLOWING SNOW
X = TORNADO
MAX 32 OR BELOW: 0 0.01 INCH OR MORE: 7
MAX 90 OR ABOVE: 5 0.10 INCH OR MORE: 4
MIN 32 OR BELOW: 0 0.50 INCH OR MORE: 2
MIN 0 OR BELOW: 0 1.00 INCH OR MORE: 0
[HDD (BASE 65) ]
TOTAL THIS MO. 13 CLEAR (SCALE 0-3) 26
DPTR FM NORMAL 5 PTCLDY (SCALE 4-7) 5
TOTAL FM JUL 1 13 CLOUDY (SCALE 8-10) 0
DPTR FM NORMAL 13
[CDD (BASE 65) ]
TOTAL THIS MO. 190
DPTR FM NORMAL -41 [PRESSURE DATA]
TOTAL FM JAN 1 489 HIGHEST SLP M ON M
DPTR FM NORMAL 73 LOWEST SLP M ON M
[REMARKS]
#FINAL-07-23#
THE PRECIPITATION VALUES ON JULY 26TH THROUGH 28TH
ARE FROM COCORAHS STATION MN-BU-23.