000
CXUS52 KMLB 010628
CF6MLB
PRELIMINARY LOCAL CLIMATOLOGICAL DATA (WS FORM: F-6)
STATION: MELBOURNE
MONTH: JUNE
YEAR: 2023
LATITUDE: 28 6 N
LONGITUDE: 80 39 W
TEMPERATURE IN F: :PCPN: SNOW: WIND :SUNSHINE: SKY :PK WND
================================================================================
1 2 3 4 5 6A 6B 7 8 9 10 11 12 13 14 15 16 17 18
12Z AVG MX 2MIN
DY MAX MIN AVG DEP HDD CDD WTR SNW DPTH SPD SPD DIR MIN PSBL S-S WX SPD DR
================================================================================
1 84 75 80 0 0 15 0.11 0.0 0 11.3 21 50 M M 5 13 26 50
2 85 71 78 -3 0 13 2.13 0.0 0 9.4 20 220 M M 5 13 25 220
3 83 71 77 -4 0 12 0.07 0.0 0 6.0 15 80 M M 3 138 21 50
4 85 71 78 -3 0 13 T 0.0 M 11.0 22 20 M M 2 29 20
5 85 70 78 -3 0 13 0.08 0.0 0 13.7 22 30 M M 7 1 30 30
6 84 74 79 -2 0 14 0.00 0.0 0 8.8 15 110 M M 0 21 120
7 91 72 82 1 0 17 T 0.0 0 7.4 21 130 M M 3 3 28 140
8 88 71 80 -1 0 15 1.39 0.0 0 7.1 23 230 M M 2 1238 30 210
9 90 68 79 -2 0 14 0.05 0.0 0 8.4 20 280 M M 2 3 27 290
10 86 70 78 -4 0 13 0.01 0.0 0 7.1 14 110 M M 1 3 19 120
11 89 73 81 -1 0 16 0.00 0.0 0 7.7 21 120 M M 2 28 120
12 94 73 84 2 0 19 0.00 0.0 0 9.0 21 120 M M 1 27 110
13 93 74 84 2 0 19 T 0.0 0 9.3 22 190 M M 1 3 31 190
14 95 73 84 2 0 19 0.05 0.0 0 7.5 17 200 M M 2 3 27 220
15 95 73 84 2 0 19 0.04 0.0 0 9.4 31 360 M M 2 3 41 10
16 96 73 85 3 0 20 T 0.0 0 12.3 36 280 M M 1 3 47 290
17 88 72 80 -2 0 15 0.32 0.0 0 9.0 28 300 M M 2 13 39 300
18 92 71 82 0 0 17 0.02 0.0 0 7.7 26 360 M M 3 13 36 350
19 96 71 84 2 0 19 0.53 0.0 0 9.0 30 280 M M 2 138 40 280
20 91 71 81 -1 0 16 0.40 0.0 0 10.5 29 200 M M 2 13 45 210
21 91 71 81 -1 0 16 0.16 0.0 0 10.6 36 290 M M 2 13 43 290
22 90 72 81 -1 0 16 T 0.0 0 7.1 18 290 M M 1 3 25 130
23 87 72 80 -2 0 15 0.22 0.0 0 7.1 17 210 M M 2 13 23 220
24 89 72 81 -2 0 16 0.42 0.0 0 6.7 32 230 M M 2 13 44 230
25 89 72 81 -2 0 16 0.00 0.0 0 6.8 15 60 M M 1 22 50
26 88 72 80 -3 0 15 0.00 0.0 0 7.7 15 140 M M 0 20 130
27 95 75 85 2 0 20 0.00 0.0 0 7.2 16 270 M M 0 21 250
28 95 77 86 3 0 21 T 0.0 0 7.5 17 270 M M 2 3 24 290
29 91 74 83 0 0 18 0.00 0.0 0 9.4 17 40 M M 3 23 40
30 89 79 84 1 0 19 0.00 0.0 0 9.9 20 40 M M 0 26 30
================================================================================
SM 2694 2173 0 490 6.00 0.0 261.6 M 61
================================================================================
AV 89.8 72.4 8.7 FASTST M M 2 MAX(MPH)
MISC ----> # 36 280 47 290
================================================================================
NOTES:
# LAST OF SEVERAL OCCURRENCES
COLUMN 17 PEAK WIND IN M.P.H.
PRELIMINARY LOCAL CLIMATOLOGICAL DATA (WS FORM: F-6) , PAGE 2
STATION: MELBOURNE
MONTH: JUNE
YEAR: 2023
LATITUDE: 28 6 N
LONGITUDE: 80 39 W
[TEMPERATURE DATA] [PRECIPITATION DATA] SYMBOLS USED IN COLUMN 16
AVERAGE MONTHLY: 81.1 TOTAL FOR MONTH: 6.00 1 = FOG OR MIST
DPTR FM NORMAL: -0.8 DPTR FM NORMAL: -1.10 2 = FOG REDUCING VISIBILITY
HIGHEST: 96 ON 19,16 GRTST 24HR 2.13 ON 2- 2 TO 1/4 MILE OR LESS
LOWEST: 68 ON 9 3 = THUNDER
SNOW, ICE PELLETS, HAIL 4 = ICE PELLETS
TOTAL MONTH: 0.0 INCH 5 = HAIL
GRTST 24HR 0.0 6 = FREEZING RAIN OR DRIZZLE
GRTST DEPTH: 0 7 = DUSTSTORM OR SANDSTORM:
VSBY 1/2 MILE OR LESS
8 = SMOKE OR HAZE
[NO. OF DAYS WITH] [WEATHER - DAYS WITH] 9 = BLOWING SNOW
X = TORNADO
MAX 32 OR BELOW: 0 0.01 INCH OR MORE: 16
MAX 90 OR ABOVE: 15 0.10 INCH OR MORE: 9
MIN 32 OR BELOW: 0 0.50 INCH OR MORE: 3
MIN 0 OR BELOW: 0 1.00 INCH OR MORE: 2
[HDD (BASE 65) ]
TOTAL THIS MO. 0 CLEAR (SCALE 0-3) 25
DPTR FM NORMAL 0 PTCLDY (SCALE 4-7) 5
TOTAL FM JUL 1 242 CLOUDY (SCALE 8-10) 0
DPTR FM NORMAL -149
[CDD (BASE 65) ]
TOTAL THIS MO. 490
DPTR FM NORMAL -17 [PRESSURE DATA]
TOTAL FM JAN 1 1720 HIGHEST SLP M ON M
DPTR FM NORMAL 220 LOWEST SLP 29.66 ON 3
[REMARKS]
#FINAL-06-23#