000
CXUS54 KTSA 010850
CF6MLC
PRELIMINARY LOCAL CLIMATOLOGICAL DATA (WS FORM: F-6)
STATION: MCALESTER OKLAHOMA
MONTH: AUGUST
YEAR: 2022
LATITUDE: 34 52 N
LONGITUDE: 95 47 W
TEMPERATURE IN F: :PCPN: SNOW: WIND :SUNSHINE: SKY :PK WND
================================================================================
1 2 3 4 5 6A 6B 7 8 9 10 11 12 13 14 15 16 17 18
12Z AVG MX 2MIN
DY MAX MIN AVG DEP HDD CDD WTR SNW DPTH SPD SPD DIR MIN PSBL S-S WX SPD DR
================================================================================
1 89 76 83 0 0 18 0.03 0.0 M 7.3 16 190 M M 3 3 29 190
2 101 78 90 7 0 25 0.00 0.0 M 6.3 17 230 M M 1 25 210
3 102 80 91 8 0 26 0.00 0.0 M 6.9 18 220 M M 1 8 26 200
4 95 80 88 5 0 23 T 0.0 M 5.7 13 90 M M 2 23 80
5 104 76 90 7 0 25 0.00 0.0 M 6.4 14 210 M M 2 27 150
6 99 79 89 6 0 24 0.00 0.0 M 6.2 14 220 M M 2 22 170
7 99 78 89 6 0 24 0.00 0.0 M 6.5 21 220 M M 2 28 210
8 100 76 88 5 0 23 0.20 0.0 M 5.4 18 250 M M 1 13 25 220
9 89 73 81 -2 0 16 0.32 0.0 M 4.1 13 30 M M 5 13 22 40
10 96 73 85 2 0 20 T 0.0 M 3.4 15 20 M M 3 21 10
11 95 69 82 -1 0 17 0.00 0.0 M 4.0 15 360 M M 1 23 20
12 96 67 82 -1 0 17 0.00 0.0 M 4.4 17 10 M M 1 23 10
13 99 70 85 2 0 20 0.00 0.0 M 3.8 12 10 M M 1 19 100
14 101 64 83 0 0 18 0.00 0.0 M 3.0 14 180 M M 1 22 200
15 102 73 88 6 0 23 0.00 0.0 M 4.9 18 220 M M 1 24 220
16 104 71 88 6 0 23 0.00 0.0 M 5.4 15 230 M M 1 23 240
17 85 74 80 -2 0 15 0.23 0.0 M 5.9 16 350 M M 7 13 24 340
18 83 68 76 -6 0 11 0.13 0.0 M 2.6 10 210 M M 8 1 16 210
19 93 66 80 -2 0 15 0.00 0.0 M 2.6 9 150 M M 3 1 17 200
20 96 70 83 1 0 18 0.00 0.0 M 3.4 13 210 M M 2 18 210
21 81 72 77 -5 0 12 0.34 0.0 M 1.5 8 210 M M 7 1 12 190
22 84 71 78 -3 0 13 0.10 0.0 M 4.7 13 80 M M 9 1 23 100
23 86 71 79 -2 0 14 T 0.0 M 5.0 15 10 M M 9 21 20
24 90 69 80 -1 0 15 0.00 0.0 M 3.4 12 80 M M 5 20 30
25 93 65 79 -2 0 14 0.00 0.0 M 3.8 14 20 M M 2 1 20 40
26 96 66 81 1 0 16 0.00 0.0 M 2.4 9 150 M M 2 18 110
27 95 69 82 2 0 17 0.00 0.0 M 4.1 13 180 M M 1 24 160
28 97 77 87 7 0 22 T 0.0 M 7.4 17 210 M M 4 28 210
29 96 75 86 6 0 21 0.80 0.0 M 5.9 14 20 M M 2 13 21 180
30 95 73 84 4 0 19 0.02 0.0 M 3.1 12 20 M M 5 1 19 40
31 95 72 84 5 0 19 0.71 0.0 M 1.5 23 80 M M 4 13 39 80
================================================================================
SM 2936 2241 0 583 2.88 0.0 141.0 M 98
================================================================================
AV 94.7 72.3 4.5 FASTST M M 3 MAX(MPH)
MISC ----> 23 80 39 80
================================================================================
NOTES:
# LAST OF SEVERAL OCCURRENCES
COLUMN 17 PEAK WIND IN M.P.H.
PRELIMINARY LOCAL CLIMATOLOGICAL DATA (WS FORM: F-6) , PAGE 2
STATION: MCALESTER OKLAHOMA
MONTH: AUGUST
YEAR: 2022
LATITUDE: 34 52 N
LONGITUDE: 95 47 W
[TEMPERATURE DATA] [PRECIPITATION DATA] SYMBOLS USED IN COLUMN 16
AVERAGE MONTHLY: 83.5 TOTAL FOR MONTH: 2.88 1 = FOG OR MIST
DPTR FM NORMAL: 1.6 DPTR FM NORMAL: -0.08 2 = FOG REDUCING VISIBILITY
HIGHEST: 104 ON 16, 5 GRTST 24HR 0.80 ON 29-29 TO 1/4 MILE OR LESS
LOWEST: 64 ON 14 3 = THUNDER
SNOW, ICE PELLETS, HAIL 4 = ICE PELLETS
TOTAL MONTH: 0.0 INCH 5 = HAIL
GRTST 24HR 0.0 6 = FREEZING RAIN OR DRIZZLE
GRTST DEPTH: M ON M 7 = DUSTSTORM OR SANDSTORM:
VSBY 1/2 MILE OR LESS
8 = SMOKE OR HAZE
[NO. OF DAYS WITH] [WEATHER - DAYS WITH] 9 = BLOWING SNOW
X = TORNADO
MAX 32 OR BELOW: 0 0.01 INCH OR MORE: 10
MAX 90 OR ABOVE: 24 0.10 INCH OR MORE: 8
MIN 32 OR BELOW: 0 0.50 INCH OR MORE: 2
MIN 0 OR BELOW: 0 1.00 INCH OR MORE: 0
[HDD (BASE 65) ]
TOTAL THIS MO. 0 CLEAR (SCALE 0-3) 21
DPTR FM NORMAL 0 PTCLDY (SCALE 4-7) 7
TOTAL FM JUL 1 0 CLOUDY (SCALE 8-10) 3
DPTR FM NORMAL 0
[CDD (BASE 65) ]
TOTAL THIS MO. 583
DPTR FM NORMAL 58 [PRESSURE DATA]
TOTAL FM JAN 1 2090 HIGHEST SLP 30.11 ON 9
DPTR FM NORMAL 355 LOWEST SLP 29.73 ON 28
[REMARKS]
#FINAL-08-22#