000
CXUS53 KDVN 011100
CF6MLI
PRELIMINARY LOCAL CLIMATOLOGICAL DATA (WS FORM: F-6)
STATION: MOLINE IL
MONTH: JANUARY
YEAR: 2021
LATITUDE: 41 27 N
LONGITUDE: 90 31 W
TEMPERATURE IN F: :PCPN: SNOW: WIND :SUNSHINE: SKY :PK WND
================================================================================
1 2 3 4 5 6A 6B 7 8 9 10 11 12 13 14 15 16 17 18
12Z AVG MX 2MIN
DY MAX MIN AVG DEP HDD CDD WTR SNW DPTH SPD SPD DIR MIN PSBL S-S WX SPD DR
================================================================================
1 33 21 27 4 38 0 0.76 3.7 4 9.8 22 50 M M 9 1468 29 50
2 28 13 21 -2 44 0 0.00 0.0 8 3.2 8 100 M M 8 128 11 70
3 28 22 25 2 40 0 0.00 0.0 7 5.4 10 190 M M 10 12 13 300
4 33 25 29 6 36 0 T T 7 6.4 14 280 M M 10 12 17 280
5 36 16 26 3 39 0 0.00 0.0 7 4.6 8 110 M M 3 128 10 270
6 30 22 26 3 39 0 0.00 0.0 6 9.5 15 100 M M 10 1 18 100
7 34 22 28 5 37 0 0.00 0.0 6 4.6 12 70 M M 10 128 14 30
8 33 29 31 8 34 0 0.00 0.0 5 7.1 13 340 M M 10 19 360
9 29 26 28 5 37 0 0.00 0.0 5 5.0 10 300 M M 10 14 320
10 26 23 25 2 40 0 T 0.1 5 7.6 13 280 M M 10 18 17 280
11 35 25 30 8 35 0 0.00 0.0 5 10.2 20 200 M M 6 8 29 210
12 38 25 32 10 33 0 0.00 0.0 5 5.8 13 230 M M 0 17 240
13 40 29 35 13 30 0 0.00 0.0 5 5.1 12 240 M M 0 15 230
14 40 31 36 14 29 0 0.04 0.2 4 9.0 20 240 M M 7 18 28 250
15 36 23 30 8 35 0 0.03 0.2 4 6.8 14 240 M M 8 18 19 250
16 36 28 32 10 33 0 0.03 0.1 4 12.3 21 280 M M 10 168 27 280
17 30 23 27 5 38 0 0.10 0.8 4 9.3 16 280 M M 9 168 20 280
18 32 16 24 2 41 0 T T 4 8.1 17 310 M M 5 18 24 300
19 36 16 26 4 39 0 T T 4 12.0 37 300 M M 8 8 51 300
20 40 8 24 2 41 0 0.00 0.0 4 11.0 24 210 M M 0 36 200
21 42 26 34 12 31 0 0.00 0.0 3 15.3 29 310 M M 1 41 300
22 27 9 18 -4 47 0 0.00 0.0 3 11.2 24 310 M M 0 34 300
23 31 2 17 -5 48 0 0.00 0.0 3 6.6 15 100 M M 5 18 100
24 37 28 33 11 32 0 0.01 0.1 3 5.7 20 150 M M 8 18 28 160
25 31 27 29 6 36 0 0.26 4.4 3 14.7 25 60 M M 10 18 35 60
26 29 14 22 -1 43 0 0.10 1.7 8 8.7 18 30 M M 7 18 29 40
27 24 2 13 -10 52 0 0.00 0.0 6 4.4 12 40 M M 2 21 360
28 28 -4 12 -11 53 0 0.00 0.0 6 3.6 12 100 M M 0 18 13 130
29 31 4 18 -5 47 0 0.00 0.0 6 9.6 16 110 M M 3 21 120
30 35 25 30 7 35 0 0.64 1.4 6 14.9 22 90 M M 6 1468 29 90
31 34 30 32 9 33 0 0.14 1.9 8 10.9 17 360 M M 10 18 25 330
================================================================================
SM 1022 606 1195 0 2.11 14.6 258.4 M 195
================================================================================
AV 33.0 19.5 8.3 FASTST M M 6 MAX(MPH)
MISC ----> 37 300 51 300
================================================================================
NOTES:
# LAST OF SEVERAL OCCURRENCES
COLUMN 17 PEAK WIND IN M.P.H.
PRELIMINARY LOCAL CLIMATOLOGICAL DATA (WS FORM: F-6) , PAGE 2
STATION: MOLINE IL
MONTH: JANUARY
YEAR: 2021
LATITUDE: 41 27 N
LONGITUDE: 90 31 W
[TEMPERATURE DATA] [PRECIPITATION DATA] SYMBOLS USED IN COLUMN 16
AVERAGE MONTHLY: 26.3 TOTAL FOR MONTH: 2.11 1 = FOG OR MIST
DPTR FM NORMAL: 3.7 DPTR FM NORMAL: 0.62 2 = FOG REDUCING VISIBILITY
HIGHEST: 42 ON 21 GRTST 24HR 0.76 ON 1- 1 TO 1/4 MILE OR LESS
LOWEST: -4 ON 28 3 = THUNDER
SNOW, ICE PELLETS, HAIL 4 = ICE PELLETS
TOTAL MONTH: 14.6 INCHES 5 = HAIL
GRTST 24HR 4.4 ON 25-25 6 = FREEZING RAIN OR DRIZZLE
GRTST DEPTH: 8 ON 31,26 7 = DUSTSTORM OR SANDSTORM:
VSBY 1/2 MILE OR LESS
8 = SMOKE OR HAZE
[NO. OF DAYS WITH] [WEATHER - DAYS WITH] 9 = BLOWING SNOW
X = TORNADO
MAX 32 OR BELOW: 14 0.01 INCH OR MORE: 10
MAX 90 OR ABOVE: 0 0.10 INCH OR MORE: 6
MIN 32 OR BELOW: 31 0.50 INCH OR MORE: 2
MIN 0 OR BELOW: 1 1.00 INCH OR MORE: 0
[HDD (BASE 65) ]
TOTAL THIS MO. 1195 CLEAR (SCALE 0-3) 8
DPTR FM NORMAL -118 PTCLDY (SCALE 4-7) 9
TOTAL FM JUL 1 3349 CLOUDY (SCALE 8-10) 14
DPTR FM NORMAL -386
[CDD (BASE 65) ]
TOTAL THIS MO. 0
DPTR FM NORMAL 0 [PRESSURE DATA]
TOTAL FM JAN 1 0 HIGHEST SLP 30.76 ON 28
DPTR FM NORMAL 0 LOWEST SLP 29.32 ON 15
[REMARKS]
#FINAL-01-21#