000
CXUS55 KBYZ 011100
CF6MLS
PRELIMINARY LOCAL CLIMATOLOGICAL DATA (WS FORM: F-6)
STATION: MILES CITY MT
MONTH: FEBRUARY
YEAR: 2024
LATITUDE: 46 25 N
LONGITUDE: 105 53 W
TEMPERATURE IN F: :PCPN: SNOW: WIND :SUNSHINE: SKY :PK WND
================================================================================
1 2 3 4 5 6A 6B 7 8 9 10 11 12 13 14 15 16 17 18
12Z AVG MX 2MIN
DY MAX MIN AVG DEP HDD CDD WTR SNW DPTH SPD SPD DIR MIN PSBL S-S WX SPD DR
================================================================================
1 53 26 40 19 25 0 0.00 M M 7.3 21 150 M M 0 32 150
2 47 34 41 20 24 0 0.00 M M 11.0 21 140 M M 1 30 150
3 44 31 38 17 27 0 0.00 M M 8.7 15 150 M M 7 1 21 140
4 45 33 39 18 26 0 T M M 7.3 15 240 M M 8 12 18 240
5 47 29 38 17 27 0 0.00 M M 4.9 13 160 M M 5 12 17 130
6 37 27 32 10 33 0 0.00 M M 12.8 23 40 M M 4 12 29 40
7 35 31 33 11 32 0 0.12 M M 9.7 16 50 M M 9 12 21 50
8 31 24 28 6 37 0 0.06 M M 14.7 25 320 M M 10 12 31 310
9 27 11 19 -3 46 0 T M M 6.5 12 330 M M 9 12 13 330
10 32 17 25 3 40 0 0.00 M M 3.9 12 150 M M 7 1 14 150
11 38 14 26 4 39 0 0.00 M M 5.9 15 250 M M 7 1 17 260
12 37 30 34 11 31 0 T M M 5.4 16 250 M M 10 12 19 240
13 34 20 27 4 38 0 T M M 7.3 16 340 M M 7 18 21 330
14 24 18 21 -2 44 0 0.01 M M 4.9 15 20 M M 10 1 18 10
15 19 9 14 -9 51 0 T M M 8.0 15 360 M M 10 18 19 360
16 14 -1 7 -17 58 0 0.00 M M 9.4 17 260 M M 3 8 23 260
17 31 6 19 -5 46 0 0.00 M M 11.1 23 260 M M 0 29 260
18 32 10 21 -3 44 0 0.00 M M 4.2 10 150 M M 1 13 150
19 45 23 34 10 31 0 0.00 M M 5.5 15 290 M M 1 18 300
20 54 25 40 15 25 0 0.00 M M 6.4 17 260 M M 2 26 260
21 52 29 41 16 24 0 0.00 M M 6.7 16 310 M M 0 22 260
22 51 27 39 13 26 0 0.00 M M 11.4 28 290 M M 1 36 290
23 52 32 42 16 23 0 0.00 M M 14.4 29 290 M M 0 37 290
24 53 32 43 17 22 0 T M M 9.9 25 320 M M 5 31 310
25 54 33 44 18 21 0 T M M 6.4 15 250 M M 7 20 310
26 56 9 33 6 32 0 0.03 M M 15.9 31 360 M M 6 12 43 340
27 10 1 6 -21 59 0 T M M 6.5 20 340 M M 6 8 24 330
28 42 2 22 -6 43 0 0.00 M M 8.6 14 190 M M 1 18 210
29 59 28 44 16 21 0 0.00 M M 7.7 15 160 M M 0 19 170
================================================================================
SM 1155 610 995 0 0.22 M 242.4 M 137
================================================================================
AV 39.8 21.0 8.4 FASTST M M 5 MAX(MPH)
MISC ----> 31 360 43 340
================================================================================
NOTES:
# LAST OF SEVERAL OCCURRENCES
COLUMN 17 PEAK WIND IN M.P.H.
PRELIMINARY LOCAL CLIMATOLOGICAL DATA (WS FORM: F-6) , PAGE 2
STATION: MILES CITY MT
MONTH: FEBRUARY
YEAR: 2024
LATITUDE: 46 25 N
LONGITUDE: 105 53 W
[TEMPERATURE DATA] [PRECIPITATION DATA] SYMBOLS USED IN COLUMN 16
AVERAGE MONTHLY: 30.4 TOTAL FOR MONTH: 0.22 1 = FOG OR MIST
DPTR FM NORMAL: 6.8 DPTR FM NORMAL: -0.04 2 = FOG REDUCING VISIBILITY
HIGHEST: 59 ON 29 GRTST 24HR 0.18 ON 7- 8 TO 1/4 MILE OR LESS
LOWEST: -1 ON 16 3 = THUNDER
SNOW, ICE PELLETS, HAIL 4 = ICE PELLETS
TOTAL MONTH: M 5 = HAIL
GRTST 24HR M ON M 6 = FREEZING RAIN OR DRIZZLE
GRTST DEPTH: M ON M 7 = DUSTSTORM OR SANDSTORM:
VSBY 1/2 MILE OR LESS
8 = SMOKE OR HAZE
[NO. OF DAYS WITH] [WEATHER - DAYS WITH] 9 = BLOWING SNOW
X = TORNADO
MAX 32 OR BELOW: 9 0.01 INCH OR MORE: 4
MAX 90 OR ABOVE: 0 0.10 INCH OR MORE: 1
MIN 32 OR BELOW: 26 0.50 INCH OR MORE: 0
MIN 0 OR BELOW: 1 1.00 INCH OR MORE: 0
[HDD (BASE 65) ]
TOTAL THIS MO. 995 CLEAR (SCALE 0-3) 12
DPTR FM NORMAL -164 PTCLDY (SCALE 4-7) 10
TOTAL FM JUL 1 5085 CLOUDY (SCALE 8-10) 7
DPTR FM NORMAL -636
[CDD (BASE 65) ]
TOTAL THIS MO. 0
DPTR FM NORMAL 0 [PRESSURE DATA]
TOTAL FM JAN 1 0 HIGHEST SLP 30.65 ON 16
DPTR FM NORMAL 0 LOWEST SLP 29.31 ON 26
[REMARKS]
#FINAL-02-24#