000
CXUS54 KSHV 030505
CF6MLU
PRELIMINARY LOCAL CLIMATOLOGICAL DATA (WS FORM: F-6)
STATION: MONROE
MONTH: SEPTEMBER
YEAR: 2021
LATITUDE: 32 30 N
LONGITUDE: 92 2 W
TEMPERATURE IN F: :PCPN: SNOW: WIND :SUNSHINE: SKY :PK WND
================================================================================
1 2 3 4 5 6A 6B 7 8 9 10 11 12 13 14 15 16 17 18
12Z AVG MX 2MIN
DY MAX MIN AVG DEP HDD CDD WTR SNW DPTH SPD SPD DIR MIN PSBL S-S WX SPD DR
================================================================================
1 98 74 86 5 0 21 T 0.0 0 5.0 23 330 M M 1 3 33 320
2 95 72 84 3 0 19 0.00 0.0 0 4.3 10 40 M M 1 1 13 40
3 92 73 83 3 0 18 0.00 0.0 0 2.7 8 180 M M 2 8 11 180
4 94 71 83 3 0 18 0.00 0.0 0 1.5 8 180 M M 3 18 10 150
5 95 74 85 5 0 20 0.27 0.0 0 5.4 29 210 M M 3 13 39 200
6 88 66 77 -3 0 12 0.00 0.0 0 7.2 17 50 M M 0 21 60
7 91 63 77 -3 0 12 0.00 0.0 0 2.2 10 360 M M 0 13 10
8 93 62 78 -1 0 13 0.00 0.0 0 3.5 16 40 M M 2 12 19 50
9 90 63 77 -2 0 12 0.00 0.0 0 4.3 14 30 M M 0 19 60
10 89 58 74 -5 0 9 0.00 0.0 0 2.3 13 50 M M 0 8 16 50
11 88 60 74 -5 0 9 0.00 0.0 0 1.8 9 70 M M 0 1 13 80
12 91 60 76 -2 0 11 0.00 0.0 0 3.3 9 140 M M 2 1 15 120
13 88 73 81 3 0 16 T 0.0 0 2.1 9 170 M M 3 8 11 180
14 79 70 75 -3 0 10 0.10 0.0 0 3.3 12 140 M M 7 18 160
15 81 71 76 -2 0 11 0.00 0.0 0 9.2 16 70 M M 7 22 50
16 82 71 77 0 0 12 T 0.0 0 8.2 14 60 M M 10 18 60
17 84 74 79 2 0 14 0.53 0.0 0 3.5 12 110 M M 9 13 14 220
18 91 75 83 6 0 18 0.11 0.0 0 2.7 8 50 M M 6 13 13 60
19 89 71 80 4 0 15 0.62 0.0 0 2.8 15 230 M M 6 13 17 230
20 90 70 80 4 0 15 0.00 0.0 0 1.4 7 230 M M 4 128 10 330
21 91 66 79 3 0 14 0.07 0.0 0 7.0 24 350 M M 6 13 31 340
22 80 57 69 -6 0 4 T 0.0 0 8.4 23 20 M M 1 29 360
23 82 56 69 -6 0 4 0.00 0.0 0 1.8 13 340 M M 0 17 330
24 83 51 67 -8 0 2 0.00 0.0 0 1.0 12 80 M M 0 1 14 80
25 85 54 70 -4 0 5 0.00 0.0 0 2.0 10 300 M M 0 128 12 30
26 87 56 72 -2 0 7 0.00 0.0 0 1.3 8 150 M M 0 1 12 190
27 90 58 74 0 0 9 0.00 0.0 0 1.8 9 230 M M 2 1 14 110
28 84 70 77 4 0 12 0.00 0.0 0 3.1 9 240 M M 6 1 12 190
29 85 66 76 3 0 11 0.02 0.0 0 3.1 12 150 M M 6 1 22 100
30 86 71 79 7 0 14 0.00 0.0 0 3.4 9 150 M M 7 1 13 170
================================================================================
SM 2641 1976 0 367 1.72 0.0 109.6 M 94
================================================================================
AV 88.0 65.9 3.7 FASTST M M 3 MAX(MPH)
MISC ----> 29 210 39 200
================================================================================
NOTES:
# LAST OF SEVERAL OCCURRENCES
COLUMN 17 PEAK WIND IN M.P.H.
PRELIMINARY LOCAL CLIMATOLOGICAL DATA (WS FORM: F-6) , PAGE 2
STATION: MONROE
MONTH: SEPTEMBER
YEAR: 2021
LATITUDE: 32 30 N
LONGITUDE: 92 2 W
[TEMPERATURE DATA] [PRECIPITATION DATA] SYMBOLS USED IN COLUMN 16
AVERAGE MONTHLY: 77.0 TOTAL FOR MONTH: 1.72 1 = FOG OR MIST
DPTR FM NORMAL: -0.2 DPTR FM NORMAL: -1.83 2 = FOG REDUCING VISIBILITY
HIGHEST: 98 ON 1 GRTST 24HR 0.64 ON 17-18 TO 1/4 MILE OR LESS
LOWEST: 51 ON 24 3 = THUNDER
SNOW, ICE PELLETS, HAIL 4 = ICE PELLETS
TOTAL MONTH: 0.0 INCH 5 = HAIL
GRTST 24HR 0.0 6 = FREEZING RAIN OR DRIZZLE
GRTST DEPTH: 0 7 = DUSTSTORM OR SANDSTORM:
VSBY 1/2 MILE OR LESS
8 = SMOKE OR HAZE
[NO. OF DAYS WITH] [WEATHER - DAYS WITH] 9 = BLOWING SNOW
X = TORNADO
MAX 32 OR BELOW: 0 0.01 INCH OR MORE: 7
MAX 90 OR ABOVE: 13 0.10 INCH OR MORE: 5
MIN 32 OR BELOW: 0 0.50 INCH OR MORE: 2
MIN 0 OR BELOW: 0 1.00 INCH OR MORE: 0
[HDD (BASE 65) ]
TOTAL THIS MO. 0 CLEAR (SCALE 0-3) 18
DPTR FM NORMAL -3 PTCLDY (SCALE 4-7) 10
TOTAL FM JUL 1 0 CLOUDY (SCALE 8-10) 2
DPTR FM NORMAL 0
[CDD (BASE 65) ]
TOTAL THIS MO. 367
DPTR FM NORMAL 1 [PRESSURE DATA]
TOTAL FM JAN 1 2393 HIGHEST SLP 30.22 ON 22
DPTR FM NORMAL 49 LOWEST SLP 29.76 ON 1
[REMARKS]
#FINAL-09-21#