000
CXUS53 KMPX 010910
CF6MPX
PRELIMINARY LOCAL CLIMATOLOGICAL DATA (WS FORM: F-6)
STATION: CHANHASSEN MN
MONTH: MAY
YEAR: 2021
LATITUDE: 44 50 N
LONGITUDE: 93 34 W
TEMPERATURE IN F: :PCPN: SNOW: WIND :SUNSHINE: SKY :PK WND
================================================================================
1 2 3 4 5 6A 6B 7 8 9 10 11 12 13 14 15 16 17 18
12Z AVG MX 2MIN
DY MAX MIN AVG DEP HDD CDD WTR SNW DPTH SPD SPD DIR MIN PSBL S-S WX SPD DR
================================================================================
1 86 54 70 18 0 5 0.00 0.0 0 M M M M M M M M
2 66 49 58 6 7 0 0.01 0.0 0 M M M M M M M M
3 66 46 56 4 9 0 0.00 0.0 0 M M M M M M M M
4 58 38 48 -5 17 0 0.00 0.0 0 M M M M M M M M
5 53 33 43 -10 22 0 0.08 0.0 0 M M M M M M M M
6 61 38 50 -4 15 0 0.01 0.0 0 M M M M M M M M
7 55 36 46 -8 19 0 0.00 0.0 0 M M M M M M M M
8 56 31 44 -10 21 0 0.00 0.0 0 M M M M M M M M
9 61 34 48 -7 17 0 0.00 0.0 0 M M M M M M M M
10 53 34 44 -11 21 0 T 0.0 0 M M M M M M M M
11 60 30 45 -11 20 0 0.00 0.0 0 M M M M M M M M
12 68 34 51 -5 14 0 0.00 0.0 0 M M M M M M M M
13 70 37 54 -2 11 0 0.00 0.0 0 M M M M M M M M
14 65 51 58 1 7 0 0.01 0.0 0 M M M M M M M M
15 73 45 59 2 6 0 0.00 0.0 0 M M M M M M M M
16 74 48 61 4 4 0 0.00 0.0 0 M M M M M M M M
17 78 45 62 4 3 0 0.00 0.0 0 M M M M M M M M
18 72 53 63 5 2 0 0.03 0.0 0 M M M M M M M M
19 74 60 67 9 0 2 0.88 0.0 0 M M M M M M M M
20 73 64 69 10 0 4 0.05 0.0 0 M M M M M M M M
21 79 62 71 12 0 6 0.73 0.0 0 M M M M M M M M
22 83 66 75 15 0 10 0.00 0.0 0 M M M M M M M M
23 79 63 71 11 0 6 0.00 0.0 0 M M M M M M M M
24 86 65 76 16 0 11 0.05 0.0 0 M M M M M M M M
25 84 61 73 12 0 8 0.29 0.0 0 M M M M M M M M
26 63 51 57 -4 8 0 T 0.0 0 M M M M M M M M
27 53 39 46 -15 19 0 1.06 0.0 0 M M M M M M M M
28 60 37 49 -13 16 0 0.02 0.0 0 M M M M M M M M
29 64 37 51 -11 14 0 T 0.0 0 M M M M M M M M
30 62 52 57 -5 8 0 T 0.0 0 M M M M M M M M
31 76 51 64 1 1 0 0.00 0.0 0 M M M M M M M M
================================================================================
SM 2111 1444 281 52 3.22 0.0 M M M
================================================================================
AV 68.1 46.6 M FASTST M M M MAX(MPH)
MISC ----> M M M M
================================================================================
NOTES:
# LAST OF SEVERAL OCCURRENCES
COLUMN 17 PEAK WIND IN M.P.H.
PRELIMINARY LOCAL CLIMATOLOGICAL DATA (WS FORM: F-6) , PAGE 2
STATION: CHANHASSEN MN
MONTH: MAY
YEAR: 2021
LATITUDE: 44 50 N
LONGITUDE: 93 34 W
[TEMPERATURE DATA] [PRECIPITATION DATA] SYMBOLS USED IN COLUMN 16
AVERAGE MONTHLY: 57.3 TOTAL FOR MONTH: 3.22 1 = FOG OR MIST
DPTR FM NORMAL: 0.0 DPTR FM NORMAL: -1.14 2 = FOG REDUCING VISIBILITY
HIGHEST: 86 ON 24, 1 GRTST 24HR 1.06 ON 27-27 TO 1/4 MILE OR LESS
LOWEST: 30 ON 11 3 = THUNDER
SNOW, ICE PELLETS, HAIL 4 = ICE PELLETS
TOTAL MONTH: 0.0 INCH 5 = HAIL
GRTST 24HR 0.0 6 = FREEZING RAIN OR DRIZZLE
GRTST DEPTH: 0 7 = DUSTSTORM OR SANDSTORM:
VSBY 1/2 MILE OR LESS
8 = SMOKE OR HAZE
[NO. OF DAYS WITH] [WEATHER - DAYS WITH] 9 = BLOWING SNOW
X = TORNADO
MAX 32 OR BELOW: 0 0.01 INCH OR MORE: 12
MAX 90 OR ABOVE: 0 0.10 INCH OR MORE: 4
MIN 32 OR BELOW: 2 0.50 INCH OR MORE: 3
MIN 0 OR BELOW: 0 1.00 INCH OR MORE: 1
[HDD (BASE 65) ]
TOTAL THIS MO. 281 CLEAR (SCALE 0-3) 0
DPTR FM NORMAL 14 PTCLDY (SCALE 4-7) 0
TOTAL FM JUL 1 7660 CLOUDY (SCALE 8-10) 31
DPTR FM NORMAL -273
[CDD (BASE 65) ]
TOTAL THIS MO. 52
DPTR FM NORMAL 24 [PRESSURE DATA]
TOTAL FM JAN 1 53 HIGHEST SLP M ON M
DPTR FM NORMAL 23 LOWEST SLP M ON M
[REMARKS]
#FINAL-05-21#