000
CXUS53 KMQT 011625
CF6MQT
PRELIMINARY LOCAL CLIMATOLOGICAL DATA (WS FORM: F-6)
STATION: MARQUETTE MI
MONTH: OCTOBER
YEAR: 2021
LATITUDE: 46 31 N
LONGITUDE: 87 33 W
TEMPERATURE IN F: :PCPN: SNOW: WIND :SUNSHINE: SKY :PK WND
================================================================================
1 2 3 4 5 6A 6B 7 8 9 10 11 12 13 14 15 16 17 18
12Z AVG MX 2MIN
DY MAX MIN AVG DEP HDD CDD WTR SNW DPTH SPD SPD DIR MIN PSBL S-S WX SPD DR
================================================================================
1 82 54 68 18 0 3 0.00 0.0 0 M M M M M M 16 225
2 74 56 65 15 0 0 0.06 0.0 0 M M M M M M 123 10 45
3 62 58 60 11 5 0 0.09 0.0 0 M M M M M M 12 10 45
4 59 48 54 5 11 0 0.14 0.0 0 M M M M M M 12 10 360
5 66 42 54 6 11 0 0.00 0.0 0 M M M M M M 12 11 45
6 72 44 58 10 7 0 0.00 0.0 0 M M M M M M 13 135
7 71 43 57 10 8 0 0.06 0.0 0 M M M M M M 1 12 180
8 68 58 63 16 2 0 0.06 0.0 0 M M M M M M 12 10 135
9 70 59 65 19 0 0 T 0.0 0 M M M M M M 14 225
10 70 59 65 19 0 0 0.01 0.0 0 M M M M M M 1 32 180
11 71 56 64 18 1 0 0.01 0.0 0 M M M M M M 23 270
12 58 55 57 12 8 0 0.47 0.0 0 M M M M M M 1 19 360
13 63 55 59 14 6 0 0.10 0.0 0 M M M M M M 14 180
14 66 47 57 13 8 0 T 0.0 0 M M M M M M 23 225
15 58 37 48 4 17 0 0.00 0.0 0 M M M M M M 19 225
16 50 40 45 2 20 0 T 0.0 0 M M M M M M 29 270
17 58 37 48 5 17 0 0.00 0.0 0 M M M M M M 27 360
18 67 32 50 8 15 0 0.00 0.0 0 M M M M M M 12 225
19 73 47 60 18 5 0 0.00 0.0 0 M M M M M M 23 225
20 55 43 49 7 16 0 0.29 0.0 0 M M M M M M 18 360
21 43 34 39 -2 26 0 0.40 T 0 M M M M M M 22 360
22 45 31 38 -3 27 0 T T 0 M M M M M M 14 315
23 47 31 39 -1 26 0 T 0.0 0 M M M M M M 19 315
24 44 31 38 -2 27 0 0.05 T 0 M M M M M M 21 90
25 44 38 41 1 24 0 0.06 0.0 0 M M M M M M 21 45
26 42 33 38 -1 27 0 0.01 0.0 0 M M M M M M 15 45
27 54 28 41 2 24 0 T 0.0 0 M M M M M M 19 135
28 52 43 48 10 17 0 0.06 0.0 0 M M M M M M 1 16 180
29 50 44 47 9 18 0 0.01 0.0 0 M M M M M M 22 360
30 53 36 45 7 20 0 0.00 0.0 0 M M M M M M 16 45
31 46 33 40 3 25 0 0.03 T 0 M M M M M M 4 27 315
================================================================================
SM 1833 1352 418 3 1.91 T M M M
================================================================================
AV 59.1 43.6 M FASTST M M M MAX(MPH)
MISC ----> M M 32 180
================================================================================
NOTES:
# LAST OF SEVERAL OCCURRENCES
COLUMN 17 PEAK WIND IN M.P.H.
PRELIMINARY LOCAL CLIMATOLOGICAL DATA (WS FORM: F-6) , PAGE 2
STATION: MARQUETTE MI
MONTH: OCTOBER
YEAR: 2021
LATITUDE: 46 31 N
LONGITUDE: 87 33 W
[TEMPERATURE DATA] [PRECIPITATION DATA] SYMBOLS USED IN COLUMN 16
AVERAGE MONTHLY: 51.4 TOTAL FOR MONTH: 1.91 1 = FOG OR MIST
DPTR FM NORMAL: 7.9 DPTR FM NORMAL: -2.13 2 = FOG REDUCING VISIBILITY
HIGHEST: 82 ON 1 GRTST 24HR 0.47 ON 12-12 TO 1/4 MILE OR LESS
LOWEST: 28 ON 27 3 = THUNDER
SNOW, ICE PELLETS, HAIL 4 = ICE PELLETS
TOTAL MONTH: T 5 = HAIL
GRTST 24HR T ON 22-22 6 = FREEZING RAIN OR DRIZZLE
GRTST DEPTH: 0 7 = DUSTSTORM OR SANDSTORM:
VSBY 1/2 MILE OR LESS
8 = SMOKE OR HAZE
[NO. OF DAYS WITH] [WEATHER - DAYS WITH] 9 = BLOWING SNOW
X = TORNADO
MAX 32 OR BELOW: 0 0.01 INCH OR MORE: 17
MAX 90 OR ABOVE: 0 0.10 INCH OR MORE: 5
MIN 32 OR BELOW: 5 0.50 INCH OR MORE: 0
MIN 0 OR BELOW: 0 1.00 INCH OR MORE: 0
[HDD (BASE 65) ]
TOTAL THIS MO. 418 CLEAR (SCALE 0-3) 0
DPTR FM NORMAL -251 PTCLDY (SCALE 4-7) 0
TOTAL FM JUL 1 756 CLOUDY (SCALE 8-10) 31
DPTR FM NORMAL -385
[CDD (BASE 65) ]
TOTAL THIS MO. 3
DPTR FM NORMAL 2 [PRESSURE DATA]
TOTAL FM JAN 1 350 HIGHEST SLP M ON M
DPTR FM NORMAL 113 LOWEST SLP M ON M
[REMARKS]
#FINAL-10-21#