000
CXUS52 KMHX 010600
CF6MRH
PRELIMINARY LOCAL CLIMATOLOGICAL DATA (WS FORM: F-6)
STATION: BEAUFORT/SMITH FIELD NC
MONTH: JUNE
YEAR: 2023
LATITUDE: 34 43 N
LONGITUDE: 76 39 W
TEMPERATURE IN F: :PCPN: SNOW: WIND :SUNSHINE: SKY :PK WND
================================================================================
1 2 3 4 5 6A 6B 7 8 9 10 11 12 13 14 15 16 17 18
12Z AVG MX 2MIN
DY MAX MIN AVG DEP HDD CDD WTR SNW DPTH SPD SPD DIR MIN PSBL S-S WX SPD DR
================================================================================
1 80 66 73 -1 0 8 0.00 0.0 0 11.4 20 20 M M 7 24 20
2 80 68 74 0 0 9 0.00 0.0 0 10.8 20 10 M M 8 25 360
3 82 66 74 0 0 9 0.00 0.0 0 10.2 20 50 M M 6 1 26 30
4 69 56 63 -12 2 0 0.00 0.0 0 13.3 22 40 M M 6 32 50
5 75 54 65 -10 0 0 0.00 0.0 0 8.8 14 240 M M 1 19 210
6 78 63 71 -4 0 6 0.00 0.0 0 12.7 24 220 M M 1 3 31 220
7 81 65 73 -3 0 8 0.01 0.0 0 6.0 15 10 M M 3 8 22 10
8 75 63 69 -7 0 4 0.22 0.0 0 7.4 17 220 M M 4 1 20 210
9 79 57 68 -8 0 3 0.00 0.0 M 3.6 13 140 M M 2 18 16 150
10 81 58 70 -6 0 5 0.00 0.0 M 7.0 17 200 M M 0 1 21 210
11 82 67 75 -1 0 10 0.00 0.0 0 8.3 17 170 M M 1 22 180
12 82 73 78 1 0 13 0.00 0.0 0 14.9 24 210 M M 7 30 200
13 81 70 76 -1 0 11 0.00 0.0 0 9.5 18 220 M M 1 22 210
14 81 73 77 0 0 12 0.00 0.0 M 15.4 29 220 M M 1 35 210
15 80 72 76 -1 0 11 0.00 0.0 0 13.4 22 220 M M 1 30 220
16 80 71 76 -2 0 11 0.00 0.0 M 12.0 22 220 M M 2 27 210
17 82 66 74 -4 0 9 0.00 0.0 0 9.5 17 340 M M 2 1 24 360
18 83 66 75 -3 0 10 0.00 0.0 0 6.6 16 170 M M 0 20 190
19 M 69 M M M M 0.00 0.0 0 6.9 16 120 M M 0 23 120
20 83 71 77 -1 0 12 0.13 0.0 0 5.8 17 150 M M 5 1 23 160
21 82 70 76 -3 0 11 0.57 0.0 0 8.2 16 190 M M 5 13 20 180
22 80 71 76 -3 0 11 0.37 0.0 0 10.5 32 200 M M 6 138 41 210
23 81 72 77 -2 0 12 0.81 0.0 0 12.5 35 220 M M 5 13 45 220
24 83 72 78 -1 0 13 0.06 0.0 0 12.1 22 330 M M 5 1 27 330
25 84 75 80 1 0 15 0.00 0.0 0 11.4 21 210 M M 2 23 200
26 85 76 81 1 0 16 0.00 0.0 0 15.1 25 220 M M 2 32 220
27 83 67 75 -5 0 10 0.94 0.0 0 11.3 36 310 M M 5 13 46 310
28 87 72 80 0 0 15 0.00 0.0 0 4.4 14 190 M M 2 19 200
29 86 71 79 -1 0 14 T 0.0 0 4.9 14 60 M M 2 1 20 70
30 87 71 79 -1 0 14 0.00 0.0 0 4.6 13 110 M M 1 18 17 130
================================================================================
SM 2352 2031 2 282 3.11 0.0 288.5 M 93
================================================================================
AV 81.1 67.7 9.6 FASTST M M 3 MAX(MPH)
MISC ----> 36 310 46 310
================================================================================
NOTES:
# LAST OF SEVERAL OCCURRENCES
COLUMN 17 PEAK WIND IN M.P.H.
PRELIMINARY LOCAL CLIMATOLOGICAL DATA (WS FORM: F-6) , PAGE 2
STATION: BEAUFORT/SMITH FIELD NC
MONTH: JUNE
YEAR: 2023
LATITUDE: 34 43 N
LONGITUDE: 76 39 W
[TEMPERATURE DATA] [PRECIPITATION DATA] SYMBOLS USED IN COLUMN 16
AVERAGE MONTHLY: 74.4 TOTAL FOR MONTH: 3.11 1 = FOG OR MIST
DPTR FM NORMAL: -2.9 DPTR FM NORMAL: -0.95 2 = FOG REDUCING VISIBILITY
HIGHEST: 87 ON 30,28 GRTST 24HR 0.94 ON 27-27 TO 1/4 MILE OR LESS
LOWEST: 54 ON 5 3 = THUNDER
SNOW, ICE PELLETS, HAIL 4 = ICE PELLETS
TOTAL MONTH: 0.0 INCH 5 = HAIL
GRTST 24HR 0.0 6 = FREEZING RAIN OR DRIZZLE
GRTST DEPTH: 0 7 = DUSTSTORM OR SANDSTORM:
VSBY 1/2 MILE OR LESS
8 = SMOKE OR HAZE
[NO. OF DAYS WITH] [WEATHER - DAYS WITH] 9 = BLOWING SNOW
X = TORNADO
MAX 32 OR BELOW: 0 0.01 INCH OR MORE: 8
MAX 90 OR ABOVE: 0 0.10 INCH OR MORE: 6
MIN 32 OR BELOW: 0 0.50 INCH OR MORE: 3
MIN 0 OR BELOW: 0 1.00 INCH OR MORE: 0
[HDD (BASE 65) ]
TOTAL THIS MO. 2 CLEAR (SCALE 0-3) 18
DPTR FM NORMAL 2 PTCLDY (SCALE 4-7) 12
TOTAL FM JUL 1 1799 CLOUDY (SCALE 8-10) 0
DPTR FM NORMAL -578
[CDD (BASE 65) ]
TOTAL THIS MO. 282
DPTR FM NORMAL -89 [PRESSURE DATA]
TOTAL FM JAN 1 488 HIGHEST SLP M ON M
DPTR FM NORMAL -116 LOWEST SLP 29.64 ON 8
[REMARKS]
#FINAL-06-23#