000
CXUS56 KMTR 011100
CF6MRY
PRELIMINARY LOCAL CLIMATOLOGICAL DATA (WS FORM: F-6)
STATION: MONTEREY AIRPORT
MONTH: FEBRUARY
YEAR: 2022
LATITUDE: 36 34 N
LONGITUDE: 121 51 W
TEMPERATURE IN F: :PCPN: SNOW: WIND :SUNSHINE: SKY :PK WND
================================================================================
1 2 3 4 5 6A 6B 7 8 9 10 11 12 13 14 15 16 17 18
12Z AVG MX 2MIN
DY MAX MIN AVG DEP HDD CDD WTR SNW DPTH SPD SPD DIR MIN PSBL S-S WX SPD DR
================================================================================
1 62 39 51 -2 14 0 0.00 M M 5.7 13 340 M M 0 1 18 320
2 66 40 53 0 12 0 0.00 M M 5.8 14 50 M M 0 24 30
3 65 41 53 0 12 0 0.00 M M 4.7 10 290 M M 0 13 300
4 68 40 54 1 11 0 0.00 M M 5.0 10 330 M M 0 13 340
5 68 42 55 2 10 0 0.00 M M 4.0 10 100 M M 0 13 300
6 70 39 55 2 10 0 0.00 M M 4.2 12 280 M M 0 14 290
7 66 41 54 1 11 0 0.00 M M 3.8 9 340 M M 0 13 350
8 73 43 58 5 7 0 0.00 M M 4.5 13 110 M M 0 16 110
9 83 45 64 10 1 0 0.00 M M 4.6 10 110 M M 0 16 50
10 83 47 65 11 0 0 0.00 M M 4.7 14 110 M M 0 16 110
11 84 50 67 13 0 2 0.00 M M 3.3 13 110 M M 0 17 110
12 81 51 66 12 0 1 0.00 M M 2.9 8 130 M M 0 11 290
13 72 49 61 7 4 0 0.00 M M 2.8 8 340 M M 3 128 10 120
14 55 50 53 -1 12 0 0.02 M M 5.9 16 280 M M 10 18 25 280
15 58 45 52 -2 13 0 0.00 M M 10.6 21 300 M M 3 32 290
16 61 42 52 -2 13 0 0.00 M M 4.9 13 300 M M 1 17 300
17 70 44 57 3 8 0 0.00 M M 6.2 17 250 M M 0 26 240
18 66 42 54 0 11 0 0.00 M M 4.4 9 120 M M 0 12 120
19 69 44 57 3 8 0 0.00 M M 4.4 12 250 M M 0 12 16 250
20 57 47 52 -2 13 0 0.00 M M 6.4 16 260 M M 10 12 23 310
21 57 47 52 -2 13 0 0.01 M M 10.9 23 290 M M 4 32 280
22 55 45 50 -4 15 0 0.14 M M 9.5 18 310 M M 7 1 29 270
23 55 35 45 -9 20 0 0.00 M M 6.0 14 290 M M 1 23 270
24 58 37 48 -6 17 0 0.00 M M 6.8 14 310 M M 0 21 330
25 58 36 47 -7 18 0 0.00 M M 5.9 13 310 M M 0 17 300
26 63 41 52 -2 13 0 0.00 M M 4.7 10 120 M M 1 12 130
27 72 42 57 3 8 0 0.00 M M 4.8 13 330 M M 0 18 320
28 72 45 59 5 6 0 0.00 M M 3.6 12 340 M M 0 15 350
================================================================================
SM 1867 1209 280 3 0.17 M 151.0 M 40
================================================================================
AV 66.7 43.2 5.4 FASTST M M 1 MAX(MPH)
MISC ----> 23 290 # 32 290
================================================================================
NOTES:
# LAST OF SEVERAL OCCURRENCES
COLUMN 17 PEAK WIND IN M.P.H.
PRELIMINARY LOCAL CLIMATOLOGICAL DATA (WS FORM: F-6) , PAGE 2
STATION: MONTEREY AIRPORT
MONTH: FEBRUARY
YEAR: 2022
LATITUDE: 36 34 N
LONGITUDE: 121 51 W
[TEMPERATURE DATA] [PRECIPITATION DATA] SYMBOLS USED IN COLUMN 16
AVERAGE MONTHLY: 54.9 TOTAL FOR MONTH: 0.17 1 = FOG OR MIST
DPTR FM NORMAL: 1.3 DPTR FM NORMAL: -2.86 2 = FOG REDUCING VISIBILITY
HIGHEST: 84 ON 11 GRTST 24HR 0.15 ON 21-22 TO 1/4 MILE OR LESS
LOWEST: 35 ON 23 3 = THUNDER
SNOW, ICE PELLETS, HAIL 4 = ICE PELLETS
TOTAL MONTH: M 5 = HAIL
GRTST 24HR M ON M 6 = FREEZING RAIN OR DRIZZLE
GRTST DEPTH: M ON M 7 = DUSTSTORM OR SANDSTORM:
VSBY 1/2 MILE OR LESS
8 = SMOKE OR HAZE
[NO. OF DAYS WITH] [WEATHER - DAYS WITH] 9 = BLOWING SNOW
X = TORNADO
MAX 32 OR BELOW: 0 0.01 INCH OR MORE: 3
MAX 90 OR ABOVE: 0 0.10 INCH OR MORE: 1
MIN 32 OR BELOW: 0 0.50 INCH OR MORE: 0
MIN 0 OR BELOW: 0 1.00 INCH OR MORE: 0
[HDD (BASE 65) ]
TOTAL THIS MO. 280 CLEAR (SCALE 0-3) 24
DPTR FM NORMAL -38 PTCLDY (SCALE 4-7) 2
TOTAL FM JUL 1 1355 CLOUDY (SCALE 8-10) 2
DPTR FM NORMAL -510
[CDD (BASE 65) ]
TOTAL THIS MO. 3
DPTR FM NORMAL 3 [PRESSURE DATA]
TOTAL FM JAN 1 3 HIGHEST SLP 30.46 ON 4
DPTR FM NORMAL 3 LOWEST SLP 29.94 ON 15
[REMARKS]
#FINAL-02-22#