529
CXUS56 KMTR 011857
CF6MRY
PRELIMINARY LOCAL CLIMATOLOGICAL DATA (WS FORM: F-6)
STATION: MONTEREY AIRPORT
MONTH: DECEMBER
YEAR: 2020
LATITUDE: 36 34 N
LONGITUDE: 121 51 W
TEMPERATURE IN F: :PCPN: SNOW: WIND :SUNSHINE: SKY :PK WND
================================================================================
1 2 3 4 5 6A 6B 7 8 9 10 11 12 13 14 15 16 17 18
12Z AVG MX 2MIN
DY MAX MIN AVG DEP HDD CDD WTR SNW DPTH SPD SPD DIR MIN PSBL S-S WX SPD DR
================================================================================
1 60 39 50 -2 15 0 0.00 M M 3.6 8 130 M M 2 128 10 290
2 63 41 52 0 13 0 0.00 M M 4.6 13 140 M M 0 14 140
3 63 40 52 0 13 0 0.00 M M 2.8 9 120 M M 0 18 10 120
4 69 41 55 3 10 0 0.00 M M 3.5 12 120 M M 0 8 14 120
5 65 40 53 1 12 0 0.00 M M 4.5 18 270 M M 0 22 270
6 57 41 49 -3 16 0 0.00 M M 4.7 10 120 M M 1 1 13 320
7 73 43 58 6 7 0 0.00 M M 6.6 15 130 M M 0 22 60
8 82 47 65 13 0 0 0.00 M M 5.5 13 130 M M 0 15 70
9 67 42 55 3 10 0 0.00 M M 3.0 13 120 M M 0 8 14 120
10 58 42 50 -2 15 0 0.00 M M 5.5 14 310 M M 3 8 17 310
11 56 48 52 0 13 0 0.01 M M 5.2 12 240 M M 7 18 18 220
12 58 46 52 0 13 0 T M M 5.4 17 260 M M 9 12 23 250
13 60 47 54 3 11 0 0.28 M M 6.9 14 270 M M 8 18 20 210
14 55 43 49 -2 16 0 0.00 M M 4.0 10 320 M M 0 13 300
15 58 41 50 -1 15 0 0.00 M M 4.3 10 120 M M 1 8 12 300
16 64 40 52 1 13 0 0.00 M M 2.9 9 290 M M 1 8 11 310
17 57 43 50 -1 15 0 0.25 M M 9.6 22 300 M M 6 18 30 310
18 61 40 51 0 14 0 0.00 M M 5.4 12 120 M M 0 13 120
19 61 37 49 -2 16 0 0.00 M M 4.1 13 130 M M 0 14 130
20 69 37 53 2 12 0 0.00 M M 4.3 10 70 M M 0 14 50
21 60 34 47 -4 18 0 0.00 M M 4.3 8 210 M M 0 11 270
22 61 43 52 1 13 0 0.00 M M 5.6 12 120 M M 2 18 60
23 62 38 50 -1 15 0 0.00 M M 5.9 14 130 M M 0 16 120
24 64 44 54 3 11 0 0.00 M M 4.1 10 130 M M 2 11 130
25 65 45 55 4 10 0 0.05 M M 5.9 16 180 M M 6 21 170
26 58 46 52 1 13 0 T M M 5.5 10 300 M M 3 14 310
27 59 43 51 0 14 0 0.09 M M 5.1 18 240 M M 3 1 26 230
28 57 44 51 0 14 0 0.06 M M 4.5 10 310 M M 5 14 350
29 61 39 50 -1 15 0 0.00 M M 5.4 12 310 M M 0 17 310
30 54 35 45 -6 20 0 0.01 M M 4.3 13 300 M M 2 1 15 310
31 56 44 50 -1 15 0 0.02 M M 5.4 18 280 M M 2 1 23 290
================================================================================
SM 1913 1293 407 0 0.77 M 152.4 M 63
================================================================================
AV 61.7 41.7 4.9 FASTST M M 2 MAX(MPH)
MISC ----> 22 300 30 310
================================================================================
NOTES:
# LAST OF SEVERAL OCCURRENCES
COLUMN 17 PEAK WIND IN M.P.H.
PRELIMINARY LOCAL CLIMATOLOGICAL DATA (WS FORM: F-6) , PAGE 2
STATION: MONTEREY AIRPORT
MONTH: DECEMBER
YEAR: 2020
LATITUDE: 36 34 N
LONGITUDE: 121 51 W
[TEMPERATURE DATA] [PRECIPITATION DATA] SYMBOLS USED IN COLUMN 16
AVERAGE MONTHLY: 51.7 TOTAL FOR MONTH: 0.77 1 = FOG OR MIST
DPTR FM NORMAL: 0.3 DPTR FM NORMAL: -1.57 2 = FOG REDUCING VISIBILITY
HIGHEST: 82 ON 8 GRTST 24HR 0.28 ON 13-13 TO 1/4 MILE OR LESS
LOWEST: 34 ON 21 3 = THUNDER
SNOW, ICE PELLETS, HAIL 4 = ICE PELLETS
TOTAL MONTH: M 5 = HAIL
GRTST 24HR M ON M 6 = FREEZING RAIN OR DRIZZLE
GRTST DEPTH: M ON M 7 = DUSTSTORM OR SANDSTORM:
VSBY 1/2 MILE OR LESS
8 = SMOKE OR HAZE
[NO. OF DAYS WITH] [WEATHER - DAYS WITH] 9 = BLOWING SNOW
X = TORNADO
MAX 32 OR BELOW: 0 0.01 INCH OR MORE: 8
MAX 90 OR ABOVE: 0 0.10 INCH OR MORE: 2
MIN 32 OR BELOW: 0 0.50 INCH OR MORE: 0
MIN 0 OR BELOW: 0 1.00 INCH OR MORE: 0
[HDD (BASE 65) ]
TOTAL THIS MO. 407 CLEAR (SCALE 0-3) 25
DPTR FM NORMAL -15 PTCLDY (SCALE 4-7) 4
TOTAL FM JUL 1 858 CLOUDY (SCALE 8-10) 2
DPTR FM NORMAL -462
[CDD (BASE 65) ]
TOTAL THIS MO. 0
DPTR FM NORMAL 0 [PRESSURE DATA]
TOTAL FM JAN 1 168 HIGHEST SLP 30.44 ON 30
DPTR FM NORMAL 130 LOWEST SLP 29.70 ON 28
[REMARKS]
#FINAL-12-20#