759
CXUS53 KMPX 010710
CF6MSP
PRELIMINARY LOCAL CLIMATOLOGICAL DATA (WS FORM: F-6)
STATION: TWIN CITIES MN
MONTH: MAY
YEAR: 2020
LATITUDE: 44 52 N
LONGITUDE: 93 13 W
TEMPERATURE IN F: :PCPN: SNOW: WIND :SUNSHINE: SKY :PK WND
================================================================================
1 2 3 4 5 6A 6B 7 8 9 10 11 12 13 14 15 16 17 18
12Z AVG MX 2MIN
DY MAX MIN AVG DEP HDD CDD WTR SNW DPTH SPD SPD DIR MIN PSBL S-S WX SPD DR
================================================================================
1 78 53 66 12 0 1 T 0.0 0 12.9 26 160 M M 7 41 150
2 75 54 65 10 0 0 0.00 0.0 0 14.0 28 310 M M 2 8 46 330
3 67 46 57 2 8 0 0.00 0.0 0 11.6 24 310 M M 0 36 310
4 60 40 50 -6 15 0 0.00 0.0 0 9.2 18 110 M M 7 29 120
5 59 47 53 -3 12 0 0.00 0.0 0 7.2 20 120 M M 10 30 130
6 66 48 57 1 8 0 0.00 0.0 0 10.8 20 300 M M 7 35 300
7 60 44 52 -4 13 0 0.00 0.0 0 11.5 23 360 M M 4 8 33 350
8 49 35 42 -15 23 0 0.00 0.0 0 11.1 22 10 M M 1 8 31 10
9 60 34 47 -10 18 0 0.15 0.0 0 7.0 20 30 M M 7 1 31 150
10 48 38 43 -14 22 0 T 0.0 0 11.5 21 330 M M 10 8 28 10
11 55 39 47 -11 18 0 0.00 0.0 0 8.7 20 310 M M 3 26 330
12 58 34 46 -12 19 0 0.00 0.0 0 4.7 12 130 M M 1 18 350
13 63 48 56 -2 9 0 0.04 0.0 0 12.6 29 170 M M 10 1 36 170
14 73 52 63 4 2 0 0.04 0.0 0 7.0 16 320 M M 8 18 23 340
15 71 45 58 -1 7 0 0.00 0.0 0 6.7 16 330 M M 2 23 330
16 63 52 58 -1 7 0 0.46 0.0 0 10.8 18 30 M M 8 1 30 30
17 53 49 51 -9 14 0 2.47 0.0 0 17.0 25 20 M M 10 1 41 60
18 66 50 58 -2 7 0 T 0.0 0 16.1 26 60 M M 9 41 70
19 71 54 63 3 2 0 0.00 0.0 0 10.9 20 90 M M 8 32 110
20 77 59 68 8 0 3 0.00 0.0 0 11.7 22 120 M M 5 32 130
21 66 57 62 1 3 0 0.00 0.0 0 9.0 20 120 M M 8 30 140
22 66 58 62 1 3 0 0.00 0.0 0 7.0 15 180 M M 10 21 170
23 71 60 66 5 0 1 0.24 0.0 0 5.9 20 200 M M 8 1 29 180
24 78 58 68 6 0 3 T 0.0 0 6.4 26 110 M M 8 1 39 120
25 78 65 72 10 0 7 0.16 0.0 0 4.4 12 150 M M 8 1 16 140
26 81 66 74 12 0 9 0.87 0.0 0 8.5 15 330 M M 9 13 22 190
27 78 63 71 9 0 6 0.42 0.0 0 4.5 12 150 M M 8 1 20 20
28 79 60 70 7 0 5 0.00 0.0 0 12.4 25 330 M M 6 8 39 340
29 66 54 60 -3 5 0 0.00 0.0 0 10.4 18 330 M M 6 8 26 330
30 68 49 59 -4 6 0 0.00 0.0 0 6.4 16 310 M M 1 8 23 20
31 77 47 62 -2 3 0 0.00 0.0 0 6.4 15 180 M M 3 20 180
================================================================================
SM 2080 1558 224 35 4.85 0.0 294.3 M 194
================================================================================
AV 67.1 50.3 9.5 FASTST M M 6 MAX(MPH)
MISC ----> 29 170 46 330
================================================================================
NOTES:
# LAST OF SEVERAL OCCURRENCES
COLUMN 17 PEAK WIND IN M.P.H.
PRELIMINARY LOCAL CLIMATOLOGICAL DATA (WS FORM: F-6) , PAGE 2
STATION: TWIN CITIES MN
MONTH: MAY
YEAR: 2020
LATITUDE: 44 52 N
LONGITUDE: 93 13 W
[TEMPERATURE DATA] [PRECIPITATION DATA] SYMBOLS USED IN COLUMN 16
AVERAGE MONTHLY: 58.7 TOTAL FOR MONTH: 4.85 1 = FOG OR MIST
DPTR FM NORMAL: -0.4 DPTR FM NORMAL: 1.49 2 = FOG REDUCING VISIBILITY
HIGHEST: 81 ON 26 GRTST 24HR 2.92 ON 16-17 TO 1/4 MILE OR LESS
LOWEST: 34 ON 12, 9 3 = THUNDER
SNOW, ICE PELLETS, HAIL 4 = ICE PELLETS
TOTAL MONTH: 0.0 INCH 5 = HAIL
GRTST 24HR 0.0 6 = FREEZING RAIN OR DRIZZLE
GRTST DEPTH: 0 7 = DUSTSTORM OR SANDSTORM:
VSBY 1/2 MILE OR LESS
8 = SMOKE OR HAZE
[NO. OF DAYS WITH] [WEATHER - DAYS WITH] 9 = BLOWING SNOW
X = TORNADO
MAX 32 OR BELOW: 0 0.01 INCH OR MORE: 9
MAX 90 OR ABOVE: 0 0.10 INCH OR MORE: 7
MIN 32 OR BELOW: 0 0.50 INCH OR MORE: 2
MIN 0 OR BELOW: 0 1.00 INCH OR MORE: 1
[HDD (BASE 65) ]
TOTAL THIS MO. 224 CLEAR (SCALE 0-3) 7
DPTR FM NORMAL 6 PTCLDY (SCALE 4-7) 12
TOTAL FM JUL 1 7239 CLOUDY (SCALE 8-10) 12
DPTR FM NORMAL -297
[CDD (BASE 65) ]
TOTAL THIS MO. 35
DPTR FM NORMAL -2 [PRESSURE DATA]
TOTAL FM JAN 1 35 HIGHEST SLP M ON M
DPTR FM NORMAL -7 LOWEST SLP 29.59 ON 1
[REMARKS]
#FINAL-05-20#