000
CXUS52 KKEY 071942 CCB
CF6MTH
PRELIMINARY LOCAL CLIMATOLOGICAL DATA (WS FORM: F-6)...CORRECTED
STATION: MARATHON
MONTH: MARCH
YEAR: 2021
LATITUDE: 24 43 N
LONGITUDE: 81 5 W
TEMPERATURE IN F: :PCPN: SNOW: WIND :SUNSHINE: SKY :PK WND
================================================================================
1 2 3 4 5 6A 6B 7 8 9 10 11 12 13 14 15 16 17 18
12Z AVG MX 2MIN
DY MAX MIN AVG DEP HDD CDD WTR SNW DPTH SPD SPD DIR MIN PSBL S-S WX SPD DR
================================================================================
1 84 75 80 7 0 15 0.00 0.0 0 8.4 17 120 M M 1 27 110
2 84 71 78 5 0 13 0.00 0.0 0 5.2 10 160 M M 1 17 140
3 85 71 78 5 0 13 0.00 0.0 0 10.1 20 270 M M 3 27 290
4 73 66 70 -3 0 5 0.00 0.0 0 11.5 20 290 M M 7 8 32 300
5 76 66 71 -2 0 6 0.00 0.0 0 8.6 15 40 M M 1 25 360
6 82 69 76 3 0 11 0.21 0.0 0 9.4 16 160 M M 4 1 27 170
7 75 64 70 -3 0 5 0.13 0.0 0 13.4 25 30 M M 3 1 38 20
8 75 61 68 -5 0 3 T 0.0 0 17.8 24 60 M M 2 42 40
9 76 68 72 -1 0 7 T 0.0 0 18.3 25 60 M M 7 36 60
10 80 68 74 1 0 9 T 0.0 0 14.9 22 70 M M 4 31 70
11 81 71 76 3 0 11 T 0.0 0 13.1 23 60 M M 5 32 70
12 80 70 75 2 0 10 T 0.0 0 13.6 20 60 M M 4 29 80
13 82 71 77 3 0 12 T 0.0 0 11.7 16 80 M M 2 23 90
14 83 72 78 4 0 13 0.00 0.0 0 7.9 14 120 M M 4 20 120
15 84 73 79 5 0 14 0.00 0.0 0 7.7 13 90 M M 2 21 110
16 83 74 79 5 0 14 0.00 0.0 0 11.3 16 130 M M 2 26 120
17 84 74 79 5 0 14 0.00 0.0 0 9.8 15 130 M M 3 26 130
18 85 75 80 6 0 15 0.00 0.0 0 7.4 17 160 M M 1 29 160
19 84 69 77 3 0 12 T 0.0 0 9.3 17 330 M M 2 28 330
20 74 64 69 -5 0 4 0.00 0.0 0 11.8 16 290 M M 4 26 290
21 73 64 69 -6 0 4 0.00 0.0 0 10.6 16 320 M M 1 26 310
22 75 62 69 -6 0 4 0.00 0.0 0 8.1 14 280 M M 5 21 300
23 76 60 68 -7 0 3 0.00 0.0 0 3.3 8 130 M M 1 13 120
24 84 71 78 3 0 13 0.00 0.0 0 7.9 14 80 M M 0 21 90
25 86 75 81 6 0 16 0.00 0.0 0 9.4 13 110 M M 1 22 110
26 86 76 81 6 0 16 0.00 0.0 0 9.7 14 130 M M 0 22 150
27 86 75 81 6 0 16 0.00 0.0 0 10.3 16 120 M M 0 24 120
28 86 76 81 6 0 16 0.00 0.0 0 8.9 16 120 M M 1 26 110
29 86 75 81 5 0 16 0.00 0.0 0 7.0 13 90 M M 2 21 80
30 87 77 82 6 0 17 0.05 0.0 0 9.5 16 120 M M 2 26 100
31 87 77 82 6 0 17 0.00 0.0 0 9.5 15 120 M M 2 25 140
================================================================================
SM 2522 2180 0 344 0.39 0.0 315.4 M 77
================================================================================
AV 81.4 70.3 10.2 FASTST M M 2 MAX(MPH)
MISC ----> # 25 30 42 40
================================================================================
NOTES:
# LAST OF SEVERAL OCCURRENCES
COLUMN 17 PEAK WIND IN M.P.H.
PRELIMINARY LOCAL CLIMATOLOGICAL DATA (WS FORM: F-6) , PAGE 2
STATION: MARATHON
MONTH: MARCH
YEAR: 2021
LATITUDE: 24 43 N
LONGITUDE: 81 5 W
[TEMPERATURE DATA] [PRECIPITATION DATA] SYMBOLS USED IN COLUMN 16
AVERAGE MONTHLY: 75.8 TOTAL FOR MONTH: 0.39 1 = FOG OR MIST
DPTR FM NORMAL: 1.8 DPTR FM NORMAL: -2.00 2 = FOG REDUCING VISIBILITY
HIGHEST: 87 ON 31,30 GRTST 24HR 0.34 ON 6- 7 TO 1/4 MILE OR LESS
LOWEST: 60 ON 23 3 = THUNDER
SNOW, ICE PELLETS, HAIL 4 = ICE PELLETS
TOTAL MONTH: 0.0 INCH 5 = HAIL
GRTST 24HR 0.0 6 = FREEZING RAIN OR DRIZZLE
GRTST DEPTH: 0 7 = DUSTSTORM OR SANDSTORM:
VSBY 1/2 MILE OR LESS
8 = SMOKE OR HAZE
[NO. OF DAYS WITH] [WEATHER - DAYS WITH] 9 = BLOWING SNOW
X = TORNADO
MAX 32 OR BELOW: 0 0.01 INCH OR MORE: 3
MAX 90 OR ABOVE: 0 0.10 INCH OR MORE: 2
MIN 32 OR BELOW: 0 0.50 INCH OR MORE: 0
MIN 0 OR BELOW: 0 1.00 INCH OR MORE: 0
[HDD (BASE 65) ]
TOTAL THIS MO. 0 CLEAR (SCALE 0-3) 22
DPTR FM NORMAL -6 PTCLDY (SCALE 4-7) 9
TOTAL FM JUL 1 36 CLOUDY (SCALE 8-10) 0
DPTR FM NORMAL -45
[CDD (BASE 65) ]
TOTAL THIS MO. 344
DPTR FM NORMAL 61 [PRESSURE DATA]
TOTAL FM JAN 1 756 HIGHEST SLP 30.37 ON 9
DPTR FM NORMAL 91 LOWEST SLP 29.85 ON 6
[REMARKS]
#FINAL-03-21#
CORRECTED CLOUD COVER DAYS TABLE.
CORRECTED HEATING DEGREE DAYS TABLE.
ROSS/WLC