000
CXUS55 KGJT 010910
CF6MTJ
PRELIMINARY LOCAL CLIMATOLOGICAL DATA (WS FORM: F-6)
STATION: MONTROSE CO
MONTH: APRIL
YEAR: 2021
LATITUDE: 38 30 N
LONGITUDE: 107 53 W
TEMPERATURE IN F: :PCPN: SNOW: WIND :SUNSHINE: SKY :PK WND
================================================================================
1 2 3 4 5 6A 6B 7 8 9 10 11 12 13 14 15 16 17 18
12Z AVG MX 2MIN
DY MAX MIN AVG DEP HDD CDD WTR SNW DPTH SPD SPD DIR MIN PSBL S-S WX SPD DR
================================================================================
1 67 23 45 0 20 0 0.00 M M 6.2 13 150 M M 0 15 130
2 73 39 56 10 9 0 0.00 M M 7.3 17 80 M M 0 24 90
3 75 36 56 10 9 0 0.00 M M 7.3 15 140 M M 0 8 18 150
4 78 40 59 13 6 0 0.00 M M 8.7 24 260 M M 0 31 260
5 75 43 59 13 6 0 0.00 M M 11.3 23 220 M M 0 8 33 250
6 56 32 44 -2 21 0 0.00 M M 12.7 30 310 M M 1 41 320
7 61 29 45 -2 20 0 0.00 M M 6.3 15 140 M M 1 18 280
8 70 37 54 7 11 0 0.00 M M 8.2 29 290 M M 1 37 290
9 60 30 45 -2 20 0 0.00 M M 10.7 23 300 M M 0 29 310
10 69 27 48 1 17 0 0.00 M M 7.1 17 310 M M 0 23 290
11 71 35 53 5 12 0 0.00 M M 9.4 20 280 M M 0 29 270
12 66 32 49 1 16 0 0.00 M M 8.2 16 350 M M 0 23 360
13 61 40 51 3 14 0 0.00 M M 6.4 23 300 M M 6 29 310
14 72 41 57 9 8 0 0.00 M M 13.5 35 230 M M 1 50 240
15 53 36 45 -4 20 0 0.10 M M 9.0 33 300 M M 5 1 42 310
16 50 34 42 -7 23 0 0.00 M M 7.1 22 300 M M 7 28 300
17 53 31 42 -7 23 0 0.00 M M 7.0 24 100 M M 5 35 100
18 58 26 42 -8 23 0 0.00 M M 6.5 13 150 M M 0 17 340
19 66 32 49 -1 16 0 T M M 12.7 33 310 M M 3 48 270
20 53 27 40 -10 25 0 0.00 M M 6.1 20 300 M M 1 24 300
21 67 34 51 1 14 0 0.00 M M 6.2 24 280 M M 2 37 250
22 60 37 49 -2 16 0 0.02 M M 6.9 22 180 M M 6 30 360
23 58 35 47 -4 18 0 T M M 7.2 21 210 M M 3 32 270
24 71 32 52 1 13 0 0.00 M M 10.4 29 230 M M 0 40 200
25 75 52 64 12 1 0 0.00 M M 14.4 35 210 M M 0 48 210
26 69 55 62 10 3 0 0.00 M M 15.6 30 230 M M 1 46 80
27 56 37 47 -5 18 0 0.01 M M 12.0 30 160 M M 7 40 160
28 66 31 49 -3 16 0 0.00 M M 6.4 15 10 M M 2 8 22 300
29 75 35 55 2 10 0 0.00 M M 8.0 15 330 M M 0 21 300
30 80 41 61 8 4 0 0.00 M M 7.5 14 130 M M 0 20 340
================================================================================
SM 1964 1059 432 0 0.13 M 266.3 M 52
================================================================================
AV 65.5 35.3 8.9 FASTST M M 2 MAX(MPH)
MISC ----> # 35 230 50 240
================================================================================
NOTES:
# LAST OF SEVERAL OCCURRENCES
COLUMN 17 PEAK WIND IN M.P.H.
PRELIMINARY LOCAL CLIMATOLOGICAL DATA (WS FORM: F-6) , PAGE 2
STATION: MONTROSE CO
MONTH: APRIL
YEAR: 2021
LATITUDE: 38 30 N
LONGITUDE: 107 53 W
[TEMPERATURE DATA] [PRECIPITATION DATA] SYMBOLS USED IN COLUMN 16
AVERAGE MONTHLY: 50.4 TOTAL FOR MONTH: 0.13 1 = FOG OR MIST
DPTR FM NORMAL: 1.4 DPTR FM NORMAL: -0.84 2 = FOG REDUCING VISIBILITY
HIGHEST: 80 ON 30 GRTST 24HR 0.10 ON 15-15 TO 1/4 MILE OR LESS
LOWEST: 23 ON 1 3 = THUNDER
SNOW, ICE PELLETS, HAIL 4 = ICE PELLETS
TOTAL MONTH: M 5 = HAIL
GRTST 24HR M ON M 6 = FREEZING RAIN OR DRIZZLE
GRTST DEPTH: M ON M 7 = DUSTSTORM OR SANDSTORM:
VSBY 1/2 MILE OR LESS
8 = SMOKE OR HAZE
[NO. OF DAYS WITH] [WEATHER - DAYS WITH] 9 = BLOWING SNOW
X = TORNADO
MAX 32 OR BELOW: 0 0.01 INCH OR MORE: 3
MAX 90 OR ABOVE: 0 0.10 INCH OR MORE: 1
MIN 32 OR BELOW: 12 0.50 INCH OR MORE: 0
MIN 0 OR BELOW: 0 1.00 INCH OR MORE: 0
[HDD (BASE 65) ]
TOTAL THIS MO. 432 CLEAR (SCALE 0-3) 23
DPTR FM NORMAL -50 PTCLDY (SCALE 4-7) 7
TOTAL FM JUL 1 5710 CLOUDY (SCALE 8-10) 0
DPTR FM NORMAL -228
[CDD (BASE 65) ]
TOTAL THIS MO. 0
DPTR FM NORMAL 0 [PRESSURE DATA]
TOTAL FM JAN 1 0 HIGHEST SLP M ON M
DPTR FM NORMAL 0 LOWEST SLP 29.45 ON 5
[REMARKS]
#FINAL-04-21#