000
CXUS53 KILX 011000
CF6MTO
PRELIMINARY LOCAL CLIMATOLOGICAL DATA (WS FORM: F-6)
STATION: MATTOON IL AIRPORT
MONTH: NOVEMBER
YEAR: 2022
LATITUDE: 39 28 N
LONGITUDE: 88 17 W
TEMPERATURE IN F: :PCPN: SNOW: WIND :SUNSHINE: SKY :PK WND
================================================================================
1 2 3 4 5 6A 6B 7 8 9 10 11 12 13 14 15 16 17 18
12Z AVG MX 2MIN
DY MAX MIN AVG DEP HDD CDD WTR SNW DPTH SPD SPD DIR MIN PSBL S-S WX SPD DR
================================================================================
1 69 47 58 9 7 0 0.00 M M 4.8 10 210 M M 4 12 14 160
2 72 50 61 13 4 0 0.00 M M 8.0 15 150 M M 0 20 160
3 73 50 62 14 3 0 0.00 M M 10.1 18 140 M M 0 31 190
4 77 60 69 21 0 4 0.00 M M 15.0 24 160 M M 4 8 42 170
5 70 46 58 11 7 0 0.38 M M 14.8 33 150 M M 4 13 60 150
6 66 45 56 9 9 0 0.00 M M 8.8 18 190 M M 0 32 230
7 59 40 50 4 15 0 0.00 M M 10.7 24 20 M M 0 37 20
8 64 37 51 5 14 0 0.00 M M 9.6 18 100 M M 3 24 110
9 76 50 63 18 2 0 0.00 M M 8.9 15 160 M M 0 19 160
10 71 57 64 19 1 0 0.00 M M 9.9 21 160 M M 0 33 160
11 58 28 43 -2 22 0 0.00 M M 15.7 24 320 M M 4 34 350
12 33 27 30 -14 35 0 0.10 M M 13.3 22 290 M M 10 12 28 270
13 37 24 31 -13 34 0 0.00 M M 5.7 15 290 M M 4 20 280
14 42 22 32 -11 33 0 0.00 M M 5.4 13 130 M M 1 18 130
15 37 33 35 -8 30 0 0.04 M M 7.2 16 280 M M 10 18 23 280
16 37 29 33 -10 32 0 0.01 M M 12.8 25 270 M M 10 1 38 270
17 38 27 33 -9 32 0 T M M 9.7 23 280 M M 8 36 270
18 31 21 26 -16 39 0 0.00 M M 12.4 25 270 M M 8 40 270
19 35 17 26 -16 39 0 T M M 12.8 29 280 M M 3 43 270
20 36 11 24 -17 41 0 0.00 M M 8.1 15 180 M M 0 21 160
21 51 26 39 -2 26 0 0.00 M M 10.2 18 200 M M 0 31 250
22 57 32 45 5 20 0 0.00 M M 8.2 17 200 M M 0 26 240
23 60 30 45 5 20 0 0.00 M M 7.6 12 160 M M 0 16 170
24 49 40 45 5 20 0 0.03 M M 6.8 10 180 M M 8 18 15 160
25 48 28 38 -1 27 0 0.00 M M 6.8 16 320 M M 6 128 21 320
26 52 25 39 0 26 0 0.06 M M 6.5 15 130 M M 2 18 21 190
27 55 41 48 9 17 0 0.56 M M 11.9 24 290 M M 10 18 34 290
28 45 40 43 5 22 0 0.00 M M 5.3 13 170 M M 9 1 18 160
29 61 34 48 10 17 0 0.18 M M 16.7 31 300 M M 5 1 55 160
30 35 24 30 -8 35 0 0.00 M M 17.0 32 290 M M 2 42 300
================================================================================
SM 1594 1041 629 4 1.36 M 300.7 M 115
================================================================================
AV 53.1 34.7 10.0 FASTST M M 4 MAX(MPH)
MISC ----> 33 150 60 150
================================================================================
NOTES:
# LAST OF SEVERAL OCCURRENCES
COLUMN 17 PEAK WIND IN M.P.H.
PRELIMINARY LOCAL CLIMATOLOGICAL DATA (WS FORM: F-6) , PAGE 2
STATION: MATTOON IL AIRPORT
MONTH: NOVEMBER
YEAR: 2022
LATITUDE: 39 28 N
LONGITUDE: 88 17 W
[TEMPERATURE DATA] [PRECIPITATION DATA] SYMBOLS USED IN COLUMN 16
AVERAGE MONTHLY: 43.9 TOTAL FOR MONTH: 1.36 1 = FOG OR MIST
DPTR FM NORMAL: 1.0 DPTR FM NORMAL: -1.67 2 = FOG REDUCING VISIBILITY
HIGHEST: 77 ON 4 GRTST 24HR 0.62 ON 26-27 TO 1/4 MILE OR LESS
LOWEST: 11 ON 20 3 = THUNDER
SNOW, ICE PELLETS, HAIL 4 = ICE PELLETS
TOTAL MONTH: M 5 = HAIL
GRTST 24HR M ON M 6 = FREEZING RAIN OR DRIZZLE
GRTST DEPTH: M ON M 7 = DUSTSTORM OR SANDSTORM:
VSBY 1/2 MILE OR LESS
8 = SMOKE OR HAZE
[NO. OF DAYS WITH] [WEATHER - DAYS WITH] 9 = BLOWING SNOW
X = TORNADO
MAX 32 OR BELOW: 1 0.01 INCH OR MORE: 8
MAX 90 OR ABOVE: 0 0.10 INCH OR MORE: 4
MIN 32 OR BELOW: 15 0.50 INCH OR MORE: 1
MIN 0 OR BELOW: 0 1.00 INCH OR MORE: 0
[HDD (BASE 65) ]
TOTAL THIS MO. 629 CLEAR (SCALE 0-3) 15
DPTR FM NORMAL -33 PTCLDY (SCALE 4-7) 10
TOTAL FM JUL 1 1031 CLOUDY (SCALE 8-10) 5
DPTR FM NORMAL -12
[CDD (BASE 65) ]
TOTAL THIS MO. 4
DPTR FM NORMAL 3 [PRESSURE DATA]
TOTAL FM JAN 1 1255 HIGHEST SLP 30.55 ON 8
DPTR FM NORMAL 138 LOWEST SLP 29.31 ON 27
[REMARKS]
#FINAL-11-22#