000
CXUS53 KGRB 310910
CF6MTW
PRELIMINARY LOCAL CLIMATOLOGICAL DATA (WS FORM: F-6)
STATION: MANITOWOC AWOS
MONTH: DECEMBER
YEAR: 2023
LATITUDE: 44 7 N
LONGITUDE: 87 40 W
TEMPERATURE IN F: :PCPN: SNOW: WIND :SUNSHINE: SKY :PK WND
================================================================================
1 2 3 4 5 6A 6B 7 8 9 10 11 12 13 14 15 16 17 18
12Z AVG MX 2MIN
DY MAX MIN AVG DEP HDD CDD WTR SNW DPTH SPD SPD DIR MIN PSBL S-S WX SPD DR
================================================================================
1 39 25 32 M 33 0 M M M 7.2 10 10 M M 5 17 20
2 40 27 34 M 31 0 T M M 7.0 13 100 M M 7 M M
3 38 29 34 M 31 0 0.34 M M 7.2 14 330 M M 10 1 20 350
4 36 23 30 M 35 0 M M M 5.5 9 290 M M 7 M M
5 36 31 34 M 31 0 M M M 5.2 12 290 M M 9 M M
6 38 31 35 M 30 0 T M M 10.1 16 190 M M 8 24 190
7 45 34 40 M 25 0 M M M 7.0 12 230 M M 2 M M
8 56 39 48 M 17 0 M M M 7.6 12 200 M M 0 1 M M
9 44 34 39 M 26 0 0.32 M M 8.6 17 260 M M 10 1 25 260
10 35 28 32 M 33 0 T M M 11.0 20 310 M M 10 1 23 310
11 33 23 28 M 37 0 M M M 7.2 14 230 M M 7 22 230
12 34 25 30 M 35 0 M M M 14.1 21 290 M M 1 31 290
13 38 21 30 M 35 0 M M M 5.5 12 270 M M 5 M M
14 50 20 35 M 30 0 M M M 9.1 13 240 M M 0 21 250
15 51 37 44 M 21 0 M M M 4.3 9 240 M M 2 M M
16 44 39 42 M 23 0 0.07 M M 8.8 16 160 M M 9 1 M M
17 42 35 39 M 26 0 T M M 8.7 15 270 M M 10 1 22 270
18 35 22 29 M 36 0 T M M 17.5 25 310 M M 10 1 43 310
19 34 15 25 M 40 0 M M M 7.3 13 180 M M 2 17 230
20 39 25 32 M 33 0 M M M 2.5 8 80 M M 1 M M
21 40 25 33 M 32 0 M M M 7.2 14 120 M M 5 21 130
22 42 39 41 M 24 0 T M M 6.6 10 150 M M 10 1 M M
23 45 36 41 M 24 0 M M M 2.2 7 130 M M 10 12 M M
24 46 40 43 M 22 0 T M M 8.5 15 140 M M 10 12 20 150
25 52 44 48 M 17 0 0.10 M M 10.2 17 100 M M 9 1 23 110
26 48 35 42 M 23 0 0.34 M M 8.7 20 90 M M 10 1 28 90
27 41 26 34 M 31 0 0.03 M M 4.7 12 330 M M 2 1 M M
28 39 34 37 M 28 0 0.48 M M 11.1 14 360 M M 10 1 22 360
29 41 25 33 M 32 0 T M M 6.9 12 340 M M 5 1 M M
30 40 21 31 M 34 0 M M M 4.2 13 270 M M 4 1 17 290
================================================================================
SM 1241 888 875 0 1.68 M 231.8 M 190
================================================================================
AV 41.4 29.6 7.7 FASTST M M 6 MAX(MPH)
MISC ----> 25 310 43 310
================================================================================
NOTES:
# LAST OF SEVERAL OCCURRENCES
COLUMN 17 PEAK WIND IN M.P.H.
PRELIMINARY LOCAL CLIMATOLOGICAL DATA (WS FORM: F-6) , PAGE 2
STATION: MANITOWOC AWOS
MONTH: DECEMBER
YEAR: 2023
LATITUDE: 44 7 N
LONGITUDE: 87 40 W
[TEMPERATURE DATA] [PRECIPITATION DATA] SYMBOLS USED IN COLUMN 16
AVERAGE MONTHLY: 35.5 TOTAL FOR MONTH: 1.68 1 = FOG OR MIST
DPTR FM NORMAL: 0.0 DPTR FM NORMAL: 1.68 2 = FOG REDUCING VISIBILITY
HIGHEST: 56 ON 8 GRTST 24HR 0.51 ON 27-28 TO 1/4 MILE OR LESS
LOWEST: 15 ON 19 3 = THUNDER
SNOW, ICE PELLETS, HAIL 4 = ICE PELLETS
TOTAL MONTH: M 5 = HAIL
GRTST 24HR M ON M 6 = FREEZING RAIN OR DRIZZLE
GRTST DEPTH: M ON M 7 = DUSTSTORM OR SANDSTORM:
VSBY 1/2 MILE OR LESS
8 = SMOKE OR HAZE
[NO. OF DAYS WITH] [WEATHER - DAYS WITH] 9 = BLOWING SNOW
X = TORNADO
MAX 32 OR BELOW: 0 0.01 INCH OR MORE: 7
MAX 90 OR ABOVE: 0 0.10 INCH OR MORE: 5
MIN 32 OR BELOW: 18 0.50 INCH OR MORE: 0
MIN 0 OR BELOW: 0 1.00 INCH OR MORE: 0
[HDD (BASE 65) ]
TOTAL THIS MO. 875 CLEAR (SCALE 0-3) 8
DPTR FM NORMAL M PTCLDY (SCALE 4-7) 9
TOTAL FM JUL 1 2293 CLOUDY (SCALE 8-10) 13
DPTR FM NORMAL M
[CDD (BASE 65) ]
TOTAL THIS MO. 0
DPTR FM NORMAL M [PRESSURE DATA]
TOTAL FM JAN 1 424 HIGHEST SLP M ON M
DPTR FM NORMAL 424 LOWEST SLP M ON M
[REMARKS]